000
CXHW52 PHFO 011613
CLMOGG


CLIMATE REPORT
NATIONAL WEATHER SERVICE HONOLULU HI
612 AM HST WED OCT 1 2014

...................................

...THE KAHULUI HI CLIMATE SUMMARY FOR THE MONTH OF SEPTEMBER 2014...

CLIMATE NORMAL PERIOD 1981 TO 2010
CLIMATE RECORD PERIOD 1946 TO 2014

WEATHER         OBSERVED          NORMAL  DEPART  LAST YEAR`S
                 VALUE   DATE(S)  VALUE   FROM    VALUE  DATE(S)
                                          NORMAL
................................................................
TEMPERATURE (F)
RECORD
 HIGH              96   09/14/1997
                        09/19/1995
 LOW               19   09/05/2012
HIGHEST            95   09/20        88       7       92  09/08
LOWEST             66   09/12        70      -4       64  09/06
                        09/11                             09/05
                        09/09
AVG. MAXIMUM     90.4              88.0     2.4     89.0
AVG. MINIMUM     70.9              70.4     0.5     71.3
MEAN             80.6              79.2     1.4     80.1
DAYS MAX >= 90     18               4.5    13.5        9
DAYS MAX <= 32      0               0.0     0.0        0
DAYS MIN <= 32      0               0.0     0.0        0
DAYS MIN <= 0       0               0.0     0.0        0

PRECIPITATION (INCHES)
RECORD
 MAXIMUM         1.43   1987
 MINIMUM         0.00   2005
TOTALS           0.71              0.38    0.33     0.25
DAILY AVG.       0.02              0.01    0.01     0.01
DAYS >= .01         7               4.5     2.5        7
DAYS >= .10         1               1.0     0.0        0
DAYS >= .50         1               0.2     0.8        0
DAYS >= 1.00        0               0.0     0.0        0
GREATEST
 24 HR. TOTAL    0.62   09/15 TO 09/15              0.11
                        09/14 TO 09/15
                        09/15 TO 09/15

SNOWFALL (INCHES)
RECORDS
 TOTAL             MM   5
TOTALS            0.0               0.0     0.0      0.0
SINCE 7/1         0.0               0.0     0.0      0.0
SNOWDEPTH AVG.      0                MM      MM        0
DAYS >= 1.0         0               0.0     0.0        0
GREATEST
 SNOW DEPTH         0   MM                             0  MM
 24 HR TOTAL      0.0   09/30 TO 09/30               0.0

DEGREE_DAYS
HEATING TOTAL       0                 0       0        0
 SINCE 7/1          0                 0       0        0
COOLING TOTAL     477               426      51      461
 SINCE 1/1       3365              2968     397     3248
.................................................................

WIND (MPH)
AVERAGE WIND SPEED              10.2
HIGHEST WIND SPEED/DIRECTION    30/040    DATE  09/23
HIGHEST GUST SPEED/DIRECTION    38/040    DATE  09/23

SKY COVER
POSSIBLE SUNSHINE (PERCENT)   MM
AVERAGE SKY COVER           0.30
NUMBER OF DAYS FAIR           19
NUMBER OF DAYS PC             11
NUMBER OF DAYS CLOUDY          0

AVERAGE RH (PERCENT)     69

WEATHER CONDITIONS. NUMBER OF DAYS WITH
THUNDERSTORM              0     MIXED PRECIP               0
HEAVY RAIN                1     RAIN                       1
LIGHT RAIN                7     FREEZING RAIN              0
LT FREEZING RAIN          0     HAIL                       0
HEAVY SNOW                0     SNOW                       0
LIGHT SNOW                0     SLEET                      0
FOG                       8     FOG W/VIS <= 1/4 MILE      0
HAZE                      5

-  INDICATES NEGATIVE NUMBERS.
R  INDICATES RECORD WAS SET OR TIED.
MM INDICATES DATA IS MISSING.
T  INDICATES TRACE AMOUNT.

$$
