000
CXAK59 PAOM 040824
CLMOME

CLIMATE REPORT
NATIONAL WEATHER SERVICE NOME, AK
1224 AM AKDT THU AUG 4 2016

...................................

...THE NOME WSO AP CLIMATE SUMMARY FOR THE MONTH OF JULY 2016...

CLIMATE NORMAL PERIOD 1981 TO 2010
CLIMATE RECORD PERIOD 1906 TO 2016

WEATHER         OBSERVED          NORMAL  DEPART  LAST YEAR`S
                 VALUE   DATE(S)  VALUE   FROM    VALUE  DATE(S)
                                          NORMAL
................................................................
TEMPERATURE (F)
RECORD
 HIGH              86   7/31/1977
 LOW               28   7/11/1934
HIGHEST            77   7/01         74       3      71  7/04
LOWEST             36   7/31         36       0      42  7/27
AVG. MAXIMUM       57.0              58.2    -1.2    60.6
AVG. MINIMUM       46.6              46.2     0.4    49.2
MEAN               51.8              52.2    -0.4    54.9
DAYS MAX >= 90      0                 0.0     0.0     0
DAYS MAX <= 32      0                 0.0     0.0     0
DAYS MAX >= 80      0                 0.2    -0.2     0
DAYS MAX >= 70      2                 3.1    -1.1     2
DAYS MIN <= 32      0                 0.1    -0.1     0
DAYS MIN <= 0       0                 0.0     0.0     0

PRECIPITATION (INCHES)
RECORD
 MAXIMUM            8.43   1920
 MINIMUM            0.25   1964
TOTALS              3.82              2.11    1.71    1.44
DAILY AVG.          0.12              0.08    0.04    0.05
DAYS >= .01        15                12.2     2.8    12
DAYS >= .10         9                 5.9     3.1     5
DAYS >= .50         1                 1.1    -0.1     1
DAYS >= 1.0         1                 0.1     0.9     0
GREATEST
 24 HR TOTAL        1.43   7/29                       0.66  7/17

SNOWFALL (INCHES)
RECORDS
 TOTAL              0.0   1906
 24 HR TOTAL        0.0   7-31-2016
 SNOW DEPTH         0     7-16-2009
TOTALS              0.0               0.0     0.0     0.0
SINCE 7/1           0.0               0.0     0.0     0.0
SNOWDEPTH AVG.      0                 0       0       0
DAYS >= TRACE       0                 0.0     0.0     0
DAYS >= 1.0         0                 0.0     0.0     0
DAYS >= 6.0         0                 0.0     0.0     0
GREATEST
 SNOW DEPTH         0   MM                            0  MM
 24 HR TOTAL      0.0   MM                          0.0  MM

DEGREE_DAYS
HEATING TOTAL     403               400       3     307
 SINCE 7/1        403               400       3     307
COOLING TOTAL       0                 0       0       0
 SINCE 1/1          0                 0       0       5
................................................................

WIND (MPH)
AVERAGE WIND SPEED                9.0
HIGHEST WIND SPEED/DIRECTION     30/260    DATE    07/3
HIGHEST GUST SPEED/DIRECTION     35/250    DATE    07/3

SKY COVER
POSSIBLE SUNSHINE (PERCENT)   MM
AVERAGE SKY COVER             MM
NUMBER OF DAYS FAIR           MM
NUMBER OF DAYS PC             MM
NUMBER OF DAYS CLOUDY         MM

AVERAGE RH (PERCENT)     MM

WEATHER CONDITIONS. NUMBER OF DAYS WITH
THUNDERSTORM              0     ICE PELLETS                 0
RAIN                     18     GLAZE                       0
DRIZZLE                   1     HAIL                        0
SNOW                      0     HAZE                        0
FOG                      18     FOG W/VIS <= 1/4 MILE       1
BLOWING SNOW              0


-  INDICATES NEGATIVE NUMBERS.
R  INDICATES RECORD WAS SET OR TIED.
MM INDICATES DATA IS MISSING.
T  INDICATES TRACE AMOUNT.

&&


$$

CKC AUG 16
