000
CXUS56 KOTX 011557
CLMOMK


CLIMATE REPORT
NATIONAL WEATHER SERVICE SPOKANE, WA
748 AM PST WED FEB 1 2017

...................................

...THE OMAK WA AIRPORT CLIMATE SUMMARY FOR THE MONTH OF JANUARY 2017...

CLIMATE NORMAL PERIOD 1981 TO 2010
CLIMATE RECORD PERIOD 9999 TO 9999

WEATHER         OBSERVED          NORMAL  DEPART  LAST YEAR`S
                 VALUE   DATE(S)  VALUE   FROM    VALUE  DATE(S)
                                          NORMAL
................................................................
TEMPERATURE (F)
RECORD
 HIGH              61   01/13/2014
 LOW              -22   01/25/1949
HIGHEST            37   01/23        MM      MM       41  01/22
                        01/20
LOWEST             -8   01/07        MM      MM       -6  01/01
AVG. MAXIMUM     26.4              33.0    -6.6     31.7
AVG. MINIMUM     17.6              20.6    -3.0     25.1
MEAN             22.0              26.8    -4.8     28.4
DAYS MAX >= 90      0               0.0     0.0        0
DAYS MAX <= 32     19              11.6     7.4       12
DAYS MIN <= 32     28              28.9    -0.9       30
DAYS MIN <= 0       4               1.3     2.7        2

PRECIPITATION (INCHES)
RECORD
 MAXIMUM         3.31   1959
 MINIMUM         0.02   2008
TOTALS           2.03              1.89    0.14     2.28
DAILY AVG.       0.07              0.06    0.01     0.07
DAYS >= .01         7                MM      MM       17
DAYS >= .10         6                MM      MM        9
DAYS >= .50         1                MM      MM        0
DAYS >= 1.00        0                MM      MM        0
GREATEST
 24 HR. TOTAL    0.89   01/18 TO 01/19           01/12 TO 01/13

DEGREE_DAYS
HEATING TOTAL    1326              1184     142     1127
 SINCE 7/1       3857              3933     -76     3579
COOLING TOTAL       0                 0       0        0
 SINCE 1/1          0                 0       0        0
....................................................

WIND (MPH)
AVERAGE WIND SPEED              6.7
HIGHEST WIND SPEED/DIRECTION    33/010    DATE  01/10
HIGHEST GUST SPEED/DIRECTION    41/010    DATE  01/10

SKY COVER
POSSIBLE SUNSHINE (PERCENT)   MM
AVERAGE SKY COVER           0.70
NUMBER OF DAYS FAIR            7
NUMBER OF DAYS PC              3
NUMBER OF DAYS CLOUDY         21

AVERAGE RH (PERCENT)     74

WEATHER CONDITIONS. NUMBER OF DAYS WITH
THUNDERSTORM              0     MIXED PRECIP               0
HEAVY RAIN                0     RAIN                       1
LIGHT RAIN                4     FREEZING RAIN              0
LT FREEZING RAIN          3     HAIL                       0
HEAVY SNOW                0     SNOW                       4
LIGHT SNOW               11     SLEET                      0
FOG                      13     FOG W/VIS <= 1/4 MILE      5
HAZE                      7

-  INDICATES NEGATIVE NUMBERS.
R  INDICATES RECORD WAS SET OR TIED.
MM INDICATES DATA IS MISSING.
T  INDICATES TRACE AMOUNT.

$$
