000
CXUS51 KAKQ 011336
CLMORF


CLIMATE REPORT
NATIONAL WEATHER SERVICE WAKEFIELD, VA
935 AM EDT MON SEP 1 2014

...................................

...THE NORFOLK VA CLIMATE SUMMARY FOR THE MONTH OF AUGUST 2014...

CLIMATE NORMAL PERIOD 1981 TO 2010
CLIMATE RECORD PERIOD 1871 TO 2014

WEATHER         OBSERVED          NORMAL  DEPART  LAST YEAR`S
                 VALUE   DATE(S)  VALUE   FROM    VALUE  DATE(S)
                                          NORMAL
................................................................
TEMPERATURE (F)
RECORD
 HIGH             105   08/07/1918
 LOW               24   08/27/2011
HIGHEST            93   08/31        85       8       93  08/09
LOWEST             67   08/15        69      -2       58  08/26
                        08/09
AVG. MAXIMUM     82.7              85.1    -2.4     83.3
AVG. MINIMUM     71.2              70.7     0.5     70.0
MEAN             77.0              77.9    -0.9     76.6
DAYS MAX >= 90      1               7.0    -6.0        4
DAYS MAX <= 32      0               0.0     0.0        0
DAYS MIN <= 32      0               0.0     0.0        0
DAYS MIN <= 0       0               0.0     0.0        0

PRECIPITATION (INCHES)
RECORD
 MAXIMUM        15.61   1942
 MINIMUM         0.64   1930
TOTALS           3.01              5.52   -2.51     5.04
DAILY AVG.       0.10              0.18   -0.08     0.16
DAYS >= .01         9              10.1    -1.1       13
DAYS >= .10         6               6.9    -0.9       10
DAYS >= .50         3               3.5    -0.5        5
DAYS >= 1.00        0               1.7    -1.7        1
GREATEST
 24 HR. TOTAL    1.28   08/01 TO 08/02

SNOWFALL (INCHES)
RECORDS
 TOTAL            0.0   5
                        0
                        -26215
TOTALS            0.0
SINCE 7/1         0.0               0.0     0.0      0.0
SNOWDEPTH AVG.      0                MM      MM        0
DAYS >= 1.0         0               0.0     0.0        0
GREATEST
 SNOW DEPTH         0   MM                             0  MM
 24 HR TOTAL      0.0   08/31 TO 08/31           08/31 TO 08/31
                                                          08/31 TO 08/31
                                                          08/31 TO 08/31

DEGREE_DAYS
HEATING TOTAL       0
 SINCE 7/1          0                 0       0        0
COOLING TOTAL     381               400     -19      367
 SINCE 1/1       1373              1335      38     1449
..................................................

WIND (MPH)
AVERAGE WIND SPEED              7.0
HIGHEST WIND SPEED/DIRECTION    25/030    DATE  08/24
HIGHEST GUST SPEED/DIRECTION    31/030    DATE  08/24

SKY COVER
POSSIBLE SUNSHINE (PERCENT)   MM
AVERAGE SKY COVER           0.30

AVERAGE RH (PERCENT)     72

WEATHER CONDITIONS. NUMBER OF DAYS WITH
THUNDERSTORM              0     MIXED PRECIP               0
HEAVY RAIN                6     RAIN                       5
LIGHT RAIN               13     FREEZING RAIN              0
LT FREEZING RAIN          0     HAIL                       0
HEAVY SNOW                0     SNOW                       0
LIGHT SNOW                0     SLEET                      0
FOG                      10     FOG W/VIS <= 1/4 MILE      0
HAZE                      3

-  INDICATES NEGATIVE NUMBERS.
R  INDICATES RECORD WAS SET OR TIED.
MM INDICATES DATA IS MISSING.
T  INDICATES TRACE AMOUNT.

$$
