000
CXUS51 KAKQ 011207
CLMORF


CLIMATE REPORT
NATIONAL WEATHER SERVICE WAKEFIELD, VA
806 AM EDT WED OCT 1 2014

...................................

...THE NORFOLK VA CLIMATE SUMMARY FOR THE MONTH OF SEPTEMBER 2014...

CLIMATE NORMAL PERIOD 1981 TO 2010
CLIMATE RECORD PERIOD 1871 TO 2014

WEATHER         OBSERVED          NORMAL  DEPART  LAST YEAR`S
                 VALUE   DATE(S)  VALUE   FROM    VALUE  DATE(S)
                                          NORMAL
................................................................
TEMPERATURE (F)
RECORD
 HIGH             100   MM
 LOW               40   MM
HIGHEST            99   09/02        80      19       MM  MM
LOWEST             59   09/28        64      -5       MM  MM
AVG. MAXIMUM     79.5              79.3     0.2       MM
AVG. MINIMUM     68.1              65.3     2.8       MM
MEAN             73.8              72.3     1.5       MM
DAYS MAX >= 90      4               1.7     2.3       MM
DAYS MAX <= 32      0               0.0     0.0       MM
DAYS MIN <= 32      0               0.0     0.0       MM
DAYS MIN <= 0       0               0.0     0.0       MM

PRECIPITATION (INCHES)
RECORD
 MAXIMUM        13.80   1979
 MINIMUM         0.17   1884
TOTALS           9.17              4.76    4.41       MM
DAILY AVG.       0.31              0.16    0.15       MM
DAYS >= .01        13               8.8     4.2       MM
DAYS >= .10         6               5.7     0.3       MM
DAYS >= .50         4               2.5     1.5       MM
DAYS >= 1.00        4               1.3     2.7       MM
GREATEST
 24 HR. TOTAL    4.75   09/08 TO 09/09

SNOWFALL (INCHES)
RECORDS
 TOTAL            0.0   5
                        0
                        -26215
TOTALS            0.0
SINCE 7/1         0.0               0.0     0.0       MM
SNOWDEPTH AVG.      0                MM      MM       MM
DAYS >= 1.0         0               0.0     0.0       MM
GREATEST
 SNOW DEPTH         0   MM                            MM  MM
 24 HR TOTAL      0.0   09/30 TO 09/30                MM

DEGREE_DAYS
HEATING TOTAL       0
 SINCE 7/1          0                11     -11       MM
COOLING TOTAL     271               230      41       MM
 SINCE 1/1       1644              1565      79       MM
.................................................................

WIND (MPH)
AVERAGE WIND SPEED              9.1
HIGHEST WIND SPEED/DIRECTION    29/060    DATE  09/08
HIGHEST GUST SPEED/DIRECTION    41/060    DATE  09/08

SKY COVER
POSSIBLE SUNSHINE (PERCENT)   MM
AVERAGE SKY COVER           0.50

AVERAGE RH (PERCENT)     73

WEATHER CONDITIONS. NUMBER OF DAYS WITH
THUNDERSTORM              0     MIXED PRECIP               0
HEAVY RAIN                6     RAIN                       6
LIGHT RAIN               14     FREEZING RAIN              0
LT FREEZING RAIN          0     HAIL                       0
HEAVY SNOW                0     SNOW                       0
LIGHT SNOW                0     SLEET                      0
FOG                      11     FOG W/VIS <= 1/4 MILE      0
HAZE                      4

-  INDICATES NEGATIVE NUMBERS.
R  INDICATES RECORD WAS SET OR TIED.
MM INDICATES DATA IS MISSING.
T  INDICATES TRACE AMOUNT.

$$
