000
CXUS51 KAKQ 010634
CLMORF
CLIMATE REPORT
NATIONAL WEATHER SERVICE WAKEFIELD VA
134 AM EST FRI MAR 01 2024
...................................
...THE NORFOLK VA CLIMATE SUMMARY FOR THE MONTH OF FEBRUARY 2024...
CLIMATE NORMAL PERIOD: 1991 TO 2020
CLIMATE RECORD PERIOD: 1871 TO 2024
WEATHER OBSERVED NORMAL DEPART LAST YEAR`S
VALUE DATE(S) VALUE FROM VALUE DATE(S)
NORMAL
................................................................
TEMPERATURE (F)
RECORD
HIGH 82 02/12/2017
02/24/2012
02/27/1997
LOW 2 02/08/1899
HIGHEST 75 02/10 74 1 81 02/23
LOWEST 28 02/18 22 6 22 02/04
AVG. MAXIMUM 54.2 53.4 0.8 59.7
AVG. MINIMUM 37.3 35.1 2.2 42.0
MEAN 45.8 44.2 1.6 50.8
DAYS MAX >= 90 0 0.0 0.0 0
DAYS MAX <= 32 0 0.8 -0.8 0
DAYS MIN <= 32 6 10.2 -4.2 5
DAYS MIN <= 0 0 0.0 0.0 0
PRECIPITATION (INCHES)
RECORD
MAXIMUM 8.66 1945
MINIMUM 0.26 1918
TOTALS 2.94 2.90 0.04 2.51
DAILY AVG. 0.10 NAN NAN 0.09
DAYS >= .01 8 9.2 -1.2 8
DAYS >= .10 6 5.9 0.1 5
DAYS >= .50 1 1.9 -0.9 2
DAYS >= 1.00 1 0.5 0.5 0
GREATEST
24 HR. TOTAL 1.59 02/10 TO 02/11
SNOWFALL (INCHES)
RECORDS
TOTAL 24.4 1989
TOTALS 0.0
SINCE 7/1 T 5.8 -5.8 MM
SNOWDEPTH AVG. 0 0
DAYS >= 1.0 0 0.4 -0.4 0
GREATEST
SNOW DEPTH 0 0 MM
24 HR TOTAL MM MM
DEGREE DAYS
HEATING TOTAL 551
SINCE 7/1 2136 2397 -261 MM
COOLING TOTAL 0 1 -1 10
SINCE 1/1 9 2 7 MM
................................................................
WIND (MPH)
AVERAGE WIND SPEED 9.8
HIGHEST WIND SPEED/DIRECTION 36/220 DATE 02/28
HIGHEST GUST SPEED/DIRECTION 52/210 DATE 02/28
SKY COVER
POSSIBLE SUNSHINE (PERCENT) MM
AVERAGE SKY COVER 0.26
AVERAGE RH (PERCENT) 68
WEATHER CONDITIONS. NUMBER OF DAYS WITH
THUNDERSTORM 1 MIXED PRECIP 0
HEAVY RAIN 3 RAIN 5
LIGHT RAIN 11 FREEZING RAIN 0
LT FREEZING RAIN 0 HAIL 0
HEAVY SNOW 0 SNOW 0
LIGHT SNOW 0 SLEET 0
FOG 11 FOG W/VIS <= 1/4 MILE 2
HAZE 1
- INDICATES NEGATIVE NUMBERS.
R INDICATES RECORD WAS SET OR TIED.
MM INDICATES DATA IS MISSING.
T INDICATES TRACE AMOUNT.
$$