000
CXUS53 KILX 011441
CLMPIA


CLIMATE REPORT
NATIONAL WEATHER SERVICE LINCOLN IL
929 AM CDT TUE APR 1 2014

...................................

...THE PEORIA IL CLIMATE SUMMARY FOR THE MONTH OF MARCH 2014...

CLIMATE NORMAL PERIOD 1981 TO 2010
CLIMATE RECORD PERIOD 1883 TO 2014

WEATHER         OBSERVED          NORMAL  DEPART  LAST YEAR`S
                 VALUE   DATE(S)  VALUE   FROM    VALUE
                                          NORMAL
.............................................................
TEMPERATURE (F)
RECORD
 HIGH              87   03/21/1907
 LOW              -11   03/08/1943
HIGHEST            67   03/31        48      19       61
LOWEST             -6   03/03        30     -36       10
AVG. MAXIMUM     44.4              50.3    -5.9     41.8
AVG. MINIMUM     24.7              31.0    -6.3     26.3
MEAN             34.6              40.6    -6.0     34.0
DAYS MAX >= 90      0               0.0     0.0        0
DAYS MAX <= 32      6               2.0     4.0        4
DAYS MIN <= 32     24              17.0     7.0       26
DAYS MIN <= 0       1               0.0     1.0        0

PRECIPITATION (INCHES)
RECORD
 MAXIMUM         7.49   2009
 MINIMUM         0.24   1885
TOTALS           1.94              2.80   -0.86     2.63
DAILY AVG.       0.06              0.09   -0.03     0.08
DAYS >= .01        11              10.4     0.6       11
DAYS >= .10         7               5.9     1.1        4
DAYS >= .50         0               1.7    -1.7        2
DAYS >= 1.00        0               0.5    -0.5        1
GREATEST
 24 HR. TOTAL    0.49   03/27 TO 03/27              1.09

SNOWFALL (INCHES)
RECORDS
 TOTAL           18.2   1926
TOTALS            7.1               2.7     4.4     10.8
SINCE 7/1        57.3              24.0    33.3     22.7
DAYS >= 1.0         4               0.9     3.1        2
GREATEST
 SNOW DEPTH         5   03/06                          6
                        03/04
                        03/03
 24 HR TOTAL      2.2   MM                           7.0

DEGREE_DAYS
HEATING TOTAL     934               756     178      952
 SINCE 7/1       6113              5272     841     5245
COOLING TOTAL       0                 1      -1        0
 SINCE 1/1          0                 1      -1        0
..............................................................

WIND (MPH)
AVERAGE WIND SPEED              9.4
HIGHEST WIND SPEED/DIRECTION    32/180    DATE  03/31
HIGHEST GUST SPEED/DIRECTION    46/160    DATE  03/31

SKY COVER
POSSIBLE SUNSHINE (PERCENT)   MM
AVERAGE SKY COVER           0.40
NUMBER OF DAYS FAIR           19
NUMBER OF DAYS PC              5
NUMBER OF DAYS CLOUDY          7

AVERAGE RH (PERCENT)     64

WEATHER CONDITIONS. NUMBER OF DAYS WITH
THUNDERSTORM              0     MIXED PRECIP               0
HEAVY RAIN                0     RAIN                       3
LIGHT RAIN                7     FREEZING RAIN              0
LT FREEZING RAIN          1     HAIL                       0
HEAVY SNOW                1     SNOW                       3
LIGHT SNOW                9     SLEET                      0
FOG                      15     FOG W/VIS <= 1/4 MILE      1
HAZE                     17

-  INDICATES NEGATIVE NUMBERS.
R  INDICATES RECORD WAS SET OR TIED.
MM INDICATES DATA IS MISSING.
T  INDICATES TRACE AMOUNT.

&&

RECORD LOW TEMPERATURE OF -6 DEGREES WAS SET ON MARCH 3RD

$$

JRP
