000
CXUS51 KPBZ 041910
CLMPIT


CLIMATE REPORT
NATIONAL WEATHER SERVICE PITTSBURGH PA
309 PM EDT MON APR 4 2016

...................................

...THE PITTSBURGH CLIMATE SUMMARY FOR THE MONTH OF MARCH 2016...

CLIMATE NORMAL PERIOD 1981 TO 2010
CLIMATE RECORD PERIOD 1871 TO 2016

WEATHER         OBSERVED          NORMAL  DEPART  LAST YEAR`S
                 VALUE   DATE(S)  VALUE   FROM    VALUE  DATE(S)
                                          NORMAL
................................................................
TEMPERATURE (F)
RECORD
 HIGH              84   03/25/1929
 LOW               -5   03/06/2015
HIGHEST            76                        MM       69  03/25
LOWEST             18                        MM       -5  03/06
AVG. MAXIMUM     58.1              49.2     8.9     46.1
AVG. MINIMUM     38.0              30.0     8.0     25.5
MEAN             48.0              39.6     8.4     35.8
DAYS MAX >= 90      0               0.0     0.0        0
DAYS MAX <= 32      0               2.6    -2.6        3
DAYS MIN <= 32     13              18.4    -5.4       22
DAYS MIN <= 0       0               0.0     0.0        1

PRECIPITATION (INCHES)
RECORD
 MAXIMUM         6.10   1967
 MINIMUM         0.37   1910
TOTALS           2.83              2.95   -0.12
DAILY AVG.       0.09              0.10   -0.01     0.13
DAYS >= .01        12              14.0    -2.0       13
DAYS >= .10         6               7.6    -1.6       10
DAYS >= .50         2               1.6     0.4        5
DAYS >= 1.00        0               0.3    -0.3        0
GREATEST
 24 HR. TOTAL    0.74   03/13 TO 03/14           03/03 TO 03/03
                                                          03/03 TO 03/03
                                                          03/03 TO 03/03

SNOWFALL (INCHES)
RECORDS
 TOTAL           34.1   1993
 24 HR TOTAL     23.6   MM
TOTALS            2.1               7.6    -5.5      9.0
SINCE 7/1        26.5              40.4   -13.9     47.2
SNOWDEPTH AVG.      0                MM      MM        2
DAYS >= TRACE       7
DAYS >= 1.0         1               2.3    -1.3        3
GREATEST
 24 HR TOTAL      1.0   03/04 TO 03/04               3.7

DEGREE_DAYS
HEATING TOTAL     520               788    -268      898
 SINCE 7/1       4086              5045    -959     5566
COOLING TOTAL       2                 1       1        0
 SINCE 1/1          2                 1       1        0
....................................................

WIND (MPH)
AVERAGE WIND SPEED              8.3
HIGHEST WIND SPEED/DIRECTION    35/300    DATE  03/18
HIGHEST GUST SPEED/DIRECTION    46/230    DATE  03/24

AVERAGE RH (PERCENT)     58

WEATHER CONDITIONS. NUMBER OF DAYS WITH
THUNDERSTORM              0     MIXED PRECIP               0
HEAVY RAIN                2     RAIN                       2
LIGHT RAIN               13     FREEZING RAIN              0
LT FREEZING RAIN          0     HAIL                       0
HEAVY SNOW                0     SNOW                       0
LIGHT SNOW                7     SLEET                      0
FOG                      16     FOG W/VIS <= 1/4 MILE      0
HAZE                      2

-  INDICATES NEGATIVE NUMBERS.
R  INDICATES RECORD WAS SET OR TIED.
MM INDICATES DATA IS MISSING.
T  INDICATES TRACE AMOUNT.

$$
