000
CXUS51 KRLX 011020
CLMPKB


CLIMATE REPORT
NATIONAL WEATHER SERVICE CHARLESTON WV
519 AM EST THU FEB 1 2018

...................................

...THE PARKERSBURG WV CLIMATE SUMMARY FOR THE MONTH OF JANUARY 2018...

CLIMATE NORMAL PERIOD 1981 TO 2010
CLIMATE RECORD PERIOD 1889 TO 2018

WEATHER         OBSERVED          NORMAL  DEPART  LAST YEAR`S
                 VALUE   DATE(S)  VALUE   FROM    VALUE  DATE(S)
                                          NORMAL
................................................................
TEMPERATURE (F)
RECORD
 HIGH              78   01/25/1950
 LOW              -24   01/19/1994
HIGHEST            67   01/11                         67
LOWEST             -8   01/03                          3
AVG. MAXIMUM     38.7              39.8    -1.1     45.5
AVG. MINIMUM     18.5              23.4    -4.9     30.9
MEAN             28.6              31.6    -3.0     38.2
DAYS MAX >= 90      0               0.0     0.0        0
DAYS MAX <= 32     13               8.3     4.7        6
DAYS MIN <= 32     25              23.4     1.6       14
DAYS MIN <= 0       6               1.0     5.0        0

PRECIPITATION (INCHES)
RECORD
 MAXIMUM         8.99   1937
 MINIMUM         0.68   1981
TOTALS           3.44              2.95    0.49     4.56
DAILY AVG.       0.11              0.10    0.01     0.15
DAYS >= .01         9              14.4    -5.4       19
DAYS >= .10         7               6.7     0.3        9
DAYS >= .50         2               1.9     0.1
DAYS >= 1.00        1               0.2     0.8        0
GREATEST
 24 HR. TOTAL    1.52   01/12 TO 01/12           01/22 TO 01/23
                                                          01/23 TO 01/23
                                                          01/23 TO 01/23
 STORM TOTAL       MM                                 MM
 (MM/DD(HH))            MM                    01/23(00) TO 01/23(00)
                                                 01/23(00) TO 01/23(00)3
                                                 01/23(00) TO 01/23(00)3

SNOWFALL (INCHES)
TOTALS             MM

DEGREE_DAYS
HEATING TOTAL    1121              1035      86      823
 SINCE 7/1       3014              2945      69     2437
COOLING TOTAL       0                 0       0        0
 SINCE 1/1          0                 0       0        0
....................................................

WIND (MPH)
AVERAGE WIND SPEED              6.4
HIGHEST WIND SPEED/DIRECTION    32/280    DATE  01/23
HIGHEST GUST SPEED/DIRECTION    53/290    DATE  01/23

SKY COVER
POSSIBLE SUNSHINE (PERCENT)   MM
AVERAGE SKY COVER           0.60
NUMBER OF DAYS FAIR            8
NUMBER OF DAYS PC             14
NUMBER OF DAYS CLOUDY          9

AVERAGE RH (PERCENT)     68

WEATHER CONDITIONS. NUMBER OF DAYS WITH
THUNDERSTORM              0     MIXED PRECIP               0
HEAVY RAIN                2     RAIN                       3
LIGHT RAIN                8     FREEZING RAIN              1
LT FREEZING RAIN          1     HAIL                       0
HEAVY SNOW                1     SNOW                       4
LIGHT SNOW               12     SLEET                      1
FOG                      25     FOG W/VIS <= 1/4 MILE      1
HAZE                     15

-  INDICATES NEGATIVE NUMBERS.
R  INDICATES RECORD WAS SET OR TIED.
MM INDICATES DATA IS MISSING.
T  INDICATES TRACE AMOUNT.

$$
