000
CXUS51 KRLX 011803
CLMPKB


CLIMATE REPORT
NATIONAL WEATHER SERVICE CHARLESTON WV
100 PM EST SUN MAR 1 2015

...................................

...THE PARKERSBURG CLIMATE SUMMARY FOR THE MONTH OF FEBRUARY 2015...

CLIMATE NORMAL PERIOD 1981 TO 2010
CLIMATE RECORD PERIOD 1889 TO 2015

WEATHER         OBSERVED          NORMAL  DEPART  LAST YEAR`S
                 VALUE   DATE(S)  VALUE   FROM    VALUE  DATE(S)
                                          NORMAL
................................................................
TEMPERATURE (F)
RECORD
 HIGH              77   02/26/2000
                        02/25/2000
                        02/11/1932
 LOW              -27   02/10/1899
HIGHEST            63   02/08        MM      MM       64  02/21
                                                          02/20
LOWEST             -9   02/20        MM      MM       -3  02/11
AVG. MAXIMUM     33.2              44.0   -10.8     39.9
AVG. MINIMUM     12.1              25.6   -13.5     19.2
MEAN             22.7              34.8   -12.1     29.6
DAYS MAX >= 90      0               0.0     0.0        0
DAYS MAX <= 32     12               4.3     7.7        7
DAYS MIN <= 32     27              21.0     6.0       17
DAYS MIN <= 0       5               0.3     4.7        2

PRECIPITATION (INCHES)
RECORD
 MAXIMUM         7.42   1887
 MINIMUM         0.51   2006
TOTALS           1.66              2.70   -1.04       MM
DAILY AVG.       0.06              0.10   -0.04       MM
DAYS >= .01         9              11.4    -2.4       10
DAYS >= .10         4               6.2    -2.2        6
DAYS >= .50         1               1.4    -0.4
DAYS >= 1.00        0               0.3    -0.3        0
GREATEST
 24 HR. TOTAL    0.74   02/21 TO 02/21           02/20 TO 02/21
                                                          02/21 TO 02/21
                                                          02/21 TO 02/21
 STORM TOTAL       MM                                 MM
 (MM/DD(HH))            MM                    02/21(00) TO 02/21(00)
                                                 02/21(00) TO 02/21(00)1
                                                 02/21(00) TO 02/21(00)1

SNOWFALL (INCHES)
TOTALS             MM

DEGREE_DAYS
HEATING TOTAL      MM                MM      MM       MM
 SINCE 7/1         MM                MM      MM       MM
COOLING TOTAL       0                 0       0        0
 SINCE 1/1          0                 0       0        0
..................................................

WIND (MPH)
AVERAGE WIND SPEED              7.0
HIGHEST WIND SPEED/DIRECTION    31/300    DATE  02/14
HIGHEST GUST SPEED/DIRECTION    49/300    DATE  02/14

SKY COVER
POSSIBLE SUNSHINE (PERCENT)   MM
AVERAGE SKY COVER           0.60
NUMBER OF DAYS FAIR            8
NUMBER OF DAYS PC             11
NUMBER OF DAYS CLOUDY          9

AVERAGE RH (PERCENT)     62

WEATHER CONDITIONS. NUMBER OF DAYS WITH
THUNDERSTORM              0     MIXED PRECIP               0
HEAVY RAIN                0     RAIN                       2
LIGHT RAIN                4     FREEZING RAIN              0
LT FREEZING RAIN          0     HAIL                       0
HEAVY SNOW                2     SNOW                       4
LIGHT SNOW               14     SLEET                      0
FOG                      15     FOG W/VIS <= 1/4 MILE      3
HAZE                     18

-  INDICATES NEGATIVE NUMBERS.
R  INDICATES RECORD WAS SET OR TIED.
MM INDICATES DATA IS MISSING.
T  INDICATES TRACE AMOUNT.

$$
