000
CXUS51 KRLX 041457
CLMPKB


CLIMATE REPORT
NATIONAL WEATHER SERVICE CHARLESTON WV
1057 AM EDT WED MAY 4 2016

...................................

...THE PARKERSBURG CLIMATE SUMMARY FOR THE MONTH OF APRIL 2016...

CLIMATE NORMAL PERIOD 1981 TO 2010
CLIMATE RECORD PERIOD 1889 TO 2016

WEATHER         OBSERVED          NORMAL  DEPART  LAST YEAR`S
                 VALUE   DATE(S)  VALUE   FROM    VALUE  DATE(S)
                                          NORMAL
................................................................
TEMPERATURE (F)
RECORD
 HIGH              94   MM
 LOW               21   04/10/2016
HIGHEST            84   04/18        64      20       83  04/13
LOWEST             21R  04/10        MM      MM       27  04/01
AVG. MAXIMUM     66.8              66.1     0.7     66.5
AVG. MINIMUM     41.4              42.1    -0.7     43.4
MEAN             54.1              54.1     0.0     54.9
DAYS MAX >= 90      0               0.0     0.0        0
DAYS MAX <= 32      0               0.0     0.0        0
DAYS MIN <= 32      7               4.6     2.4        2
DAYS MIN <= 0       0               0.0     0.0        0

PRECIPITATION (INCHES)
RECORD
 MAXIMUM         8.14   2011
 MINIMUM         0.77   1900
TOTALS           4.40              3.27    1.13     6.78
DAILY AVG.       0.15              0.11    0.04     0.23
DAYS >= .01        15              13.1     1.9       16
DAYS >= .10        10               7.6     2.4       14
DAYS >= .50         2               2.0     0.0
DAYS >= 1.00        1               0.4     0.6        0
GREATEST
 24 HR. TOTAL    1.71   04/26 TO 04/26           04/08 TO 04/09
                        04/26 TO 04/27                    04/09 TO 04/09
                                                          04/09 TO 04/09
 STORM TOTAL       MM                                 MM
 (MM/DD(HH))            MM                    04/09(00) TO 04/09(00)
                                                 04/09(00) TO 04/09(00)9
                                                 04/09(00) TO 04/09(00)9

SNOWFALL (INCHES)
TOTALS             MM

DEGREE_DAYS
HEATING TOTAL     332               345     -13      308
 SINCE 7/1       3982              4806    -824     5267
COOLING TOTAL      12                18      -6       12
 SINCE 1/1         20                21      -1       12
..........................................................

WIND (MPH)
AVERAGE WIND SPEED              6.6
HIGHEST WIND SPEED/DIRECTION    36/280    DATE  04/02
HIGHEST GUST SPEED/DIRECTION    50/240    DATE  04/02

SKY COVER
POSSIBLE SUNSHINE (PERCENT)   MM
AVERAGE SKY COVER           0.40
NUMBER OF DAYS FAIR           14
NUMBER OF DAYS PC             10
NUMBER OF DAYS CLOUDY          6

AVERAGE RH (PERCENT)     59

WEATHER CONDITIONS. NUMBER OF DAYS WITH
THUNDERSTORM              0     MIXED PRECIP               0
HEAVY RAIN                5     RAIN                       7
LIGHT RAIN               16     FREEZING RAIN              0
LT FREEZING RAIN          0     HAIL                       1
HEAVY SNOW                0     SNOW                       1
LIGHT SNOW                3     SLEET                      0
FOG                      13     FOG W/VIS <= 1/4 MILE      2
HAZE                      8

-  INDICATES NEGATIVE NUMBERS.
R  INDICATES RECORD WAS SET OR TIED.
MM INDICATES DATA IS MISSING.
T  INDICATES TRACE AMOUNT.

$$
