000
CXUS54 KMOB 011107
CLMPNS


CLIMATE REPORT
NATIONAL WEATHER SERVICE MOBILE AL
602 AM CDT SAT JUL 1 2017

...................................

...THE PENSACOLA CLIMATE SUMMARY FOR THE MONTH OF JUNE 2017...

CLIMATE NORMAL PERIOD 1981 TO 2010
CLIMATE RECORD PERIOD 1879 TO 2017

WEATHER         OBSERVED          NORMAL  DEPART  LAST YEAR`S
                 VALUE   DATE(S)  VALUE   FROM    VALUE  DATE(S)
                                          NORMAL
................................................................
TEMPERATURE (F)
RECORD
 HIGH             102   06/04/2011
                        06/23/2009
                        88/07/2252
 LOW               55   06/11/1913
                        06/01/1889
HIGHEST            91   06/30        MM      MM       95  06/17
                        06/26                             06/13
                        06/25                             06/08
LOWEST             69   06/09        MM      MM       70  06/21
AVG. MAXIMUM     86.6              88.5    -1.9     90.0
AVG. MINIMUM     74.3              72.5     1.8     74.2
MEAN             80.4              80.5    -0.1     82.1
DAYS MAX >= 90      6              10.3    -4.3       15
DAYS MAX <= 32      0               0.0     0.0        0
DAYS MIN <= 32      0               0.0     0.0        0
DAYS MIN <= 0       0               0.0     0.0        0

PRECIPITATION (INCHES)
RECORD
 MAXIMUM        18.23   2012
 MINIMUM         0.58   2006
TOTALS          20.73R             6.60   14.13     7.65
DAILY AVG.       0.69              0.22    0.47     0.26
DAYS >= .01        22              11.1    10.9       13
DAYS >= .10        19               8.1    10.9       10
DAYS >= .50         9               3.8     5.2        3
DAYS >= 1.00        5               1.9     3.1        2
GREATEST
 24 HR. TOTAL    4.91   06/21 TO 06/21

DEGREE_DAYS
COOLING TOTAL     470               465       5      521
 SINCE 1/1       1266               913     353     1117
.................................................................

WIND (MPH)
AVERAGE WIND SPEED              7.7
HIGHEST WIND SPEED/DIRECTION    33/160    DATE  06/22
HIGHEST GUST SPEED/DIRECTION    43/270    DATE  06/17

SKY COVER
POSSIBLE SUNSHINE (PERCENT)   MM
AVERAGE SKY COVER           0.50
NUMBER OF DAYS FAIR            9
NUMBER OF DAYS PC             13
NUMBER OF DAYS CLOUDY          8

AVERAGE RH (PERCENT)     75

WEATHER CONDITIONS. NUMBER OF DAYS WITH
THUNDERSTORM             17     MIXED PRECIP               0
HEAVY RAIN               16     RAIN                      18
LIGHT RAIN               23     FREEZING RAIN              0
LT FREEZING RAIN          0     HAIL                       0
HEAVY SNOW                0     SNOW                       0
LIGHT SNOW                0     SLEET                      0
FOG                      17     FOG W/VIS <= 1/4 MILE      0
HAZE                      5

-  INDICATES NEGATIVE NUMBERS.
R  INDICATES RECORD WAS SET OR TIED.
MM INDICATES DATA IS MISSING.
T  INDICATES TRACE AMOUNT.

$$
