000
CXUS46 KLOX 011548
CLMPRB


CLIMATE REPORT
NATIONAL WEATHER SERVICE LOS ANGELES/OXNARD CA
848 AM PDT MON JUN 1 2015

...................................

...THE PASO ROBLES AIRPORT CA CLIMATE SUMMARY FOR THE MONTH OF MAY 2015...

CLIMATE NORMAL PERIOD 1981 TO 2010
CLIMATE RECORD PERIOD 1948 TO 2015

WEATHER         OBSERVED          NORMAL  DEPART  LAST YEAR`S
                 VALUE   DATE(S)  VALUE   FROM    VALUE
                                          NORMAL
.............................................................
TEMPERATURE (F)
HIGHEST            95   05/29
LOWEST             40   05/16
                        05/02
AVG. MAXIMUM     76.5              80.7    -4.2
AVG. MINIMUM     47.5              46.0     1.5
MEAN             62.0              63.3    -1.3
DAYS MAX >= 90      4
DAYS MAX <= 32      0
DAYS MIN <= 32      0
DAYS MIN <= 0       0

PRECIPITATION (INCHES)
TOTALS           0.15              0.26   -0.11
DAILY AVG.       0.00
DAYS >= .01         1
DAYS >= .10         1
DAYS >= .50         0
DAYS >= 1.00        0
GREATEST
 24 HR. TOTAL    0.15   05/07 TO 05/07
                        05/06 TO 05/07
                        05/07 TO 05/07
 STORM TOTAL       MM
 (MM/DD(HH))

DEGREE_DAYS
HEATING TOTAL     115               110       5       31
 SINCE 7/1       1803              2822   -1019     2106
COOLING TOTAL      31                59     -28      135
 SINCE 1/1         71                68       3      153
..............................................................

WIND (MPH)
AVERAGE WIND SPEED              8.7
HIGHEST WIND SPEED/DIRECTION    26/200    DATE  05/31
HIGHEST GUST SPEED/DIRECTION    35/260    DATE  05/11

SKY COVER
POSSIBLE SUNSHINE (PERCENT)   MM
AVERAGE SKY COVER           0.30
NUMBER OF DAYS FAIR           17
NUMBER OF DAYS PC             12
NUMBER OF DAYS CLOUDY          2

AVERAGE RH (PERCENT)     60

WEATHER CONDITIONS. NUMBER OF DAYS WITH
THUNDERSTORM              0     MIXED PRECIP               0
HEAVY RAIN                0     RAIN                       0
LIGHT RAIN                1     FREEZING RAIN              0
LT FREEZING RAIN          0     HAIL                       0
HEAVY SNOW                0     SNOW                       0
LIGHT SNOW                0     SLEET                      0
FOG                       5     FOG W/VIS <= 1/4 MILE      1
HAZE                      0

-  INDICATES NEGATIVE NUMBERS.
R  INDICATES RECORD WAS SET OR TIED.
MM INDICATES DATA IS MISSING.
T  INDICATES TRACE AMOUNT.

$$
