000
CXUS51 KALY 010915
CLMPSF


CLIMATE REPORT
NATIONAL WEATHER SERVICE ALBANY NY
513 AM EDT WED OCT 1 2014

...................................

...THE PITTSFIELD MA CLIMATE SUMMARY FOR THE MONTH OF SEPTEMBER 2014...

CLIMATE NORMAL PERIOD 1981 TO 2010
CLIMATE RECORD PERIOD 9999 TO 9999

WEATHER         OBSERVED          NORMAL  DEPART  LAST YEAR`S
                 VALUE   DATE(S)  VALUE   FROM    VALUE  DATE(S)
                                          NORMAL
................................................................
TEMPERATURE (F)
HIGHEST            85   09/06                         90  09/11
LOWEST             36R  09/19                         35  09/17
AVG. MAXIMUM     70.4              69.1     1.3     69.0
AVG. MINIMUM     47.6              47.9    -0.3     45.9
MEAN             59.0              58.5     0.5     57.4
DAYS MAX >= 90      0               0.2    -0.2        1
DAYS MAX <= 32      0               0.0     0.0        0
DAYS MIN <= 32      0               0.7    -0.7        0
DAYS MIN <= 0       0               0.0     0.0        0

PRECIPITATION (INCHES)
TOTALS           1.41              3.96   -2.55     3.69
DAILY AVG.       0.05              0.13   -0.08     0.12
DAYS >= .01         6                                 10
DAYS >= .10         3                                  7
DAYS >= .50         1                                  4
DAYS >= 1.00        0                                  1
GREATEST
 24 HR. TOTAL    0.77   09/02 TO 09/02
                        09/02 TO 09/03

DEGREE_DAYS
HEATING TOTAL     204               214     -10      253
 SINCE 7/1        277               292     -15      309
COOLING TOTAL      34                19      15       33
 SINCE 1/1        233               289     -56      433

FREEZE DATES
EARLIEST                        10/04
LATEST                          05/07
.................................................................

WIND (MPH)
AVERAGE WIND SPEED              4.9
HIGHEST WIND SPEED/DIRECTION    26/280    DATE  09/22
HIGHEST GUST SPEED/DIRECTION    36/290    DATE  09/22

SKY COVER
AVERAGE SKY COVER           0.40

AVERAGE RH (PERCENT)     77

WEATHER CONDITIONS. NUMBER OF DAYS WITH
THUNDERSTORM              1     MIXED PRECIP               0
HEAVY RAIN                1     RAIN                       4
LIGHT RAIN                7     FREEZING RAIN              0
LT FREEZING RAIN          0     HAIL                       0
HEAVY SNOW                0     SNOW                       0
LIGHT SNOW                0     SLEET                      0
FOG                      23     FOG W/VIS <= 1/4 MILE     10
HAZE                      0

-  INDICATES NEGATIVE NUMBERS.
R  INDICATES RECORD WAS SET OR TIED.
MM INDICATES DATA IS MISSING.
T  INDICATES TRACE AMOUNT.

$$
