000
CXUS55 KPUB 011625
CLMPUB


CLIMATE REPORT
NATIONAL WEATHER SERVICE PUEBLO
1020 AM MDT SAT AUG 1 2015

...................................

...THE PUEBLO CO CLIMATE SUMMARY FOR THE MONTH OF JULY 2015...

CLIMATE NORMAL PERIOD 1981 TO 2010
CLIMATE RECORD PERIOD 1888 TO 2015

WEATHER         OBSERVED          NORMAL  DEPART  LAST YEAR`S
                 VALUE   DATE(S)  VALUE   FROM    VALUE  DATE(S)
                                          NORMAL
................................................................
TEMPERATURE (F)
RECORD
 HIGH             109   07/13/2003
 LOW               41   07/04/1903
HIGHEST           101   07/23        92       9      101  07/07
                        07/24
                        07/26
LOWEST             56   07/08        57      -1       57  07/19
                                                          07/18
                                                          07/17
AVG. MAXIMUM     93.0              92.9     0.1     89.2
AVG. MINIMUM     62.3              58.7     3.6     60.9
MEAN             77.7              75.8     1.9     75.1
DAYS MAX >= 90     24              21.2     2.8
DAYS MAX <= 32      0               0.0     0.0
DAYS MIN <= 32      0               0.0     0.0
DAYS MIN <= 0       0               0.0     0.0

PRECIPITATION (INCHES)
RECORD
 MAXIMUM         6.72   1895
 MINIMUM         0.09   1987
TOTALS           0.64              2.06   -1.42     3.28
DAILY AVG.       0.02              0.07   -0.05
DAYS >= .01         7               9.1    -2.1
DAYS >= .10         3               4.6    -1.6
DAYS >= .50         0               1.2    -1.2
DAYS >= 1.00        0               0.5    -0.5
GREATEST
 24 HR. TOTAL    0.16   07/01

SNOWFALL (INCHES)
RECORDS
 TOTAL              T   2013
                        2011
                        2009
TOTALS            0.0               0.0     0.0      0.0
SINCE 7/1         0.0               0.0     0.0      0.0
SNOWDEPTH AVG.      0
DAYS >= 1.0         0               0.0     0.0
GREATEST
 SNOW DEPTH         0                                  0
 24 HR TOTAL      0.0                                0.0

DEGREE_DAYS
HEATING TOTAL       0                 1      -1        1
 SINCE 7/1          0                 1      -1        1
COOLING TOTAL     400               336      64      321
 SINCE 1/1        647               545     102      613
.................................................................

WIND (MPH)
AVERAGE WIND SPEED              8.0
HIGHEST WIND SPEED/DIRECTION    37/340    DATE  07/01
HIGHEST GUST SPEED/DIRECTION    46/340    DATE  07/01

SKY COVER
POSSIBLE SUNSHINE (PERCENT)   MM
AVERAGE SKY COVER           0.20
NUMBER OF DAYS FAIR           27
NUMBER OF DAYS PC              2
NUMBER OF DAYS CLOUDY          2

AVERAGE RH (PERCENT)     48

WEATHER CONDITIONS. NUMBER OF DAYS WITH
THUNDERSTORM              7     MIXED PRECIP               0
HEAVY RAIN                3     RAIN                       3
LIGHT RAIN               18     FREEZING RAIN              0
LT FREEZING RAIN          0     HAIL                       0
HEAVY SNOW                0     SNOW                       0
LIGHT SNOW                0     SLEET                      0
FOG                       5     FOG W/VIS <= 1/4 MILE      0
HAZE                      2

-  INDICATES NEGATIVE NUMBERS.
R  INDICATES RECORD WAS SET OR TIED.
MM INDICATES DATA IS MISSING.
T  INDICATES TRACE AMOUNT.

$$
