000
CXUS53 KLOT 011328
CLMPWK


CLIMATE REPORT
NATIONAL WEATHER SERVICE CHICAGO IL
810 AM CDT SAT JUL 1 2017

...................................

...THE CHICAGO EXECUTIVE CLIMATE SUMMARY FOR THE MONTH OF JUNE 2017...

CLIMATE NORMAL PERIOD 1981 TO 2010
CLIMATE RECORD PERIOD 1996 TO 2017

WEATHER         OBSERVED          NORMAL  DEPART  LAST YEAR`S
                 VALUE   DATE(S)  VALUE   FROM    VALUE
                                          NORMAL
.............................................................
TEMPERATURE (F)
RECORD
 HIGH              99   06/28/2012
 LOW               40   06/02/2003
HIGHEST            95   06/12        MM      MM       93
LOWEST             48   06/01        MM      MM       50
AVG. MAXIMUM     81.6              79.0     2.6     80.8
AVG. MINIMUM     59.5              57.8     1.7     60.3
MEAN             70.5              68.4     2.1     70.6

PRECIPITATION (INCHES)
RECORD
 MAXIMUM         7.73   2014
 MINIMUM         0.28   2005
TOTALS           5.88              3.71    2.17     4.18

DEGREE_DAYS
HEATING TOTAL      14                52     -38       18
 SINCE 7/1       5529              6410    -881     5566
COOLING TOTAL     185               154      31      186
 SINCE 1/1        209               196      13      255
..............................................................

WIND (MPH)
AVERAGE WIND SPEED              7.9
HIGHEST WIND SPEED/DIRECTION    35/320    DATE  06/19
HIGHEST GUST SPEED/DIRECTION    46/300    DATE  06/19

AVERAGE RH (PERCENT)     66


-  INDICATES NEGATIVE NUMBERS.
R  INDICATES RECORD WAS SET OR TIED.
MM INDICATES DATA IS MISSING.
T  INDICATES TRACE AMOUNT.

$$
