000
CXUS51 KAKQ 011959
CLMRIC


CLIMATE REPORT
NATIONAL WEATHER SERVICE WAKEFIELD, VA
356 PM EDT SAT AUG 1 2015

...................................

...THE RICHMOND VA CLIMATE SUMMARY FOR THE MONTH OF JULY 2015...

CLIMATE NORMAL PERIOD 1981 TO 2010
CLIMATE RECORD PERIOD 1871 TO 2015

WEATHER         OBSERVED          NORMAL  DEPART  LAST YEAR`S
                 VALUE   DATE(S)  VALUE   FROM    VALUE  DATE(S)
                                          NORMAL
................................................................
TEMPERATURE (F)
RECORD
 HIGH             105   07/25/2010
                        07/24/2010
                        07/06/1977
 LOW               51   07/02/1965
                        07/15/1940
HIGHEST            95   07/09        88       7      100  07/08
LOWEST             63   07/25        68      -5       60  07/06
AVG. MAXIMUM     88.0              89.7    -1.7     89.8
AVG. MINIMUM     70.5              68.9     1.6     69.3
MEAN             79.2              79.3    -0.1     79.5
DAYS MAX >= 90     10              15.9    -5.9       14
DAYS MAX <= 32      0               0.0     0.0        0
DAYS MIN <= 32      0               0.0     0.0        0
DAYS MIN <= 0       0               0.0     0.0        0

PRECIPITATION (INCHES)
RECORD
 MAXIMUM        18.87   1945
 MINIMUM         0.51   1983
TOTALS           5.89              4.51    1.38     2.63
DAILY AVG.       0.19              0.15    0.04     0.08
DAYS >= .01        14              11.4     2.6        8
DAYS >= .10        11               7.3     3.7        4
DAYS >= .50         5               3.0     2.0        1
DAYS >= 1.00        1               1.3    -0.3        1
GREATEST
 24 HR. TOTAL    1.45   07/03 TO 07/04

DEGREE_DAYS
HEATING TOTAL       0
 SINCE 7/1          0                 0       0        0
COOLING TOTAL     449               443       6      459
 SINCE 1/1       1112               919     193     1022
.................................................................

WIND (MPH)
AVERAGE WIND SPEED              6.0
HIGHEST WIND SPEED/DIRECTION    44/350    DATE  07/19
HIGHEST GUST SPEED/DIRECTION    53/340    DATE  07/19

SKY COVER
POSSIBLE SUNSHINE (PERCENT)   MM
AVERAGE SKY COVER           0.60

AVERAGE RH (PERCENT)     72

WEATHER CONDITIONS. NUMBER OF DAYS WITH
THUNDERSTORM              8     MIXED PRECIP               0
HEAVY RAIN                8     RAIN                       6
LIGHT RAIN               14     FREEZING RAIN              0
LT FREEZING RAIN          0     HAIL                       0
HEAVY SNOW                0     SNOW                       0
LIGHT SNOW                0     SLEET                      0
FOG                      15     FOG W/VIS <= 1/4 MILE      1
HAZE                      5

-  INDICATES NEGATIVE NUMBERS.
R  INDICATES RECORD WAS SET OR TIED.
MM INDICATES DATA IS MISSING.
T  INDICATES TRACE AMOUNT.

$$
