000
CXUS55 KREV 011621
CLMRNO

CLIMATE REPORT
NATIONAL WEATHER SERVICE RENO NV
628 AM PDT TUE AUG 1 2017

...................................

...THE RENO-TAHOE INTL AIRPORT NV CLIMATE SUMMARY FOR THE MONTH OF JULY 2017...


THE AVERAGE TEMPERATURE FOR JULY 2017 AT THE RENO-TAHOE
INTERNATIONAL AIRPORT WAS 80.5 DEGREES WHICH IS 5.6 DEGREES ABOVE
NORMAL. THIS TIES JULY 2017 WITH JULY 2013 FOR THE WARMEST MONTH
EVER RECORDED FOR THE RENO-TAHOE AIRPORT. THE HIGHEST TEMPERATURE
FOR JULY WAS 104 DEGREES WHICH OCCURRED ON THE 8TH. THE LOWEST
TEMPERATURE FOR THE MONTH WAS 53 DEGREES WHICH WAS RECORDED ON THE
20TH.

FOR JULY 2017 0.04 INCHES OF PRECIPITATION WAS RECORDED AT THE RENO-
TAHOE INTERNATIONAL AIRPORT. THIS IS 0.14 INCHES BELOW NORMAL.

THE AVERAGE WIND SPEED FOR THE MONTH WAS 6.5 MPH. THE PEAK WIND GUST
FOR THE MONTH WAS 40 MPH FROM THE SOUTH-SOUTHWEST WHICH OCCURRED ON
THE 6TH.


CLIMATE NORMAL PERIOD 1981 TO 2010
CLIMATE RECORD PERIOD 1888 TO 2017

WEATHER         OBSERVED          NORMAL  DEPART
                 VALUE   DATE(S)  VALUE   FROM
                                          NORMAL
................................................
TEMPERATURE (F)
RECORD
 HIGH             108   07/05/2007
                        07/11/2002
                        07/10/2002
 LOW               33   07/11/1974
                        07/10/1965
                        07/11/1960
HIGHEST           104   07/08       104       0
LOWEST             53   07/20        33      20
AVG. MAXIMUM     97.2              92.2     5.0
AVG. MINIMUM     63.7              57.7     6.0
MEAN             80.5              74.9     5.6
DAYS MAX >= 90     31              21.0    10.0
DAYS MAX <= 32      0               0.0     0.0
DAYS MIN <= 32      0               0.0     0.0
DAYS MIN <= 0       0               0.0     0.0

PRECIPITATION (INCHES)
RECORD
 MAXIMUM         1.75   1913
 MINIMUM         0.00   2016
                        2000
TOTALS           0.04              0.18   -0.14
DAILY AVG.       0.00              0.01   -0.01
DAYS >= .01         2               1.6     0.4
DAYS >= .10         0               0.5    -0.5
DAYS >= .50         0               0.1    -0.1
DAYS >= 1.00        0               0.0     0.0
GREATEST
 24 HR. TOTAL    0.02   07/29 TO 07/29
 STORM TOTAL       MM
 (MM/DD(HH))            MM

SNOWFALL (INCHES)
RECORDS
 TOTAL            0.0   5
                        0
 24 HR TOTAL       MM
TOTALS            0.0               0.0     0.0
 LIQUID EQUIV    0.00              0.00    0.00
SINCE 7/1         0.0               0.0     0.0
 LIQUID 7/1      0.00
DAYS >= TRACE       0               0.0     0.0
DAYS >= 1.0         0               0.0     0.0
GREATEST
 SNOW DEPTH         0   MM
 24 HR TOTAL      0.0   07/31 TO 07/31
 STORM TOTAL       MM
 (MM/DD(HH))            MM

DEGREE_DAYS
HEATING TOTAL       0                 5      -5
 SINCE 7/1          0                 5      -5
COOLING TOTAL     487               314     173
 SINCE 1/1        818               487     331

FREEZE DATES
RECORD
 EARLIEST     08/23/1973
 LATEST       06/27/1974
EARLIEST                        10/03
LATEST                          05/21
.................................................

WIND (MPH)
AVERAGE WIND SPEED              6.5
HIGHEST WIND SPEED/DIRECTION    35/210    DATE  07/06
HIGHEST GUST SPEED/DIRECTION    40/210    DATE  07/06

AVERAGE RH (PERCENT)     29

WEATHER CONDITIONS. NUMBER OF DAYS WITH
THUNDERSTORM              0     MIXED PRECIP               0
HEAVY RAIN                0     RAIN                       0
LIGHT RAIN                2     FREEZING RAIN              0
LT FREEZING RAIN          0     HAIL                       0
HEAVY SNOW                0     SNOW                       0
LIGHT SNOW                0     SLEET                      0
FOG                       0     FOG W/VIS <= 1/4 MILE      0
HAZE                      8

-  INDICATES NEGATIVE NUMBERS.
R  INDICATES RECORD WAS SET OR TIED.
MM INDICATES DATA IS MISSING.
T  INDICATES TRACE AMOUNT.

$$
