000
CXUS55 KABQ 022049
CLMROW

ABQCLMROW 000
TTAA00 KABQ 011237


CLIMATE REPORT
NATIONAL WEATHER SERVICE ALBUQUERQUE NM
150 PM MST TUE DEC 2 2014

...................................

...THE ROSWELL NM CLIMATE SUMMARY FOR THE MONTH OF NOVEMBER 2014...

CLIMATE NORMAL PERIOD 1981 TO 2010
CLIMATE RECORD PERIOD 1893 TO 2014

WEATHER         OBSERVED          NORMAL  DEPART  LAST YEAR`S
                 VALUE   DATE(S)  VALUE   FROM    VALUE  DATE(S)
                                          NORMAL
................................................................
TEMPERATURE (F)
RECORD
 HIGH              88   11/20/1996
                        11/19/1996
 LOW                4   11/29/1976
HIGHEST            83   11/10        MM      MM       80  11/09
LOWEST              8   11/17        MM      MM       24  11/27
AVG. MAXIMUM     61.7              64.3    -2.6     62.4
AVG. MINIMUM     30.2              34.3    -4.1     34.2
MEAN             46.0              49.3    -3.3     48.3
DAYS MAX >= 90      0               0.0     0.0        0
DAYS MAX <= 32      1               0.2     0.8        2
DAYS MIN <= 32     19              12.1     6.9       12
DAYS MIN <= 0       0               0.0     0.0        0

PRECIPITATION (INCHES)
RECORD
 MAXIMUM           MM   MM
 MINIMUM           MM   MM
TOTALS           0.42              0.58   -0.16     0.45
DAILY AVG.       0.01              0.02   -0.01     0.01
DAYS >= .01         4               2.8     1.2        4
DAYS >= .10         2               1.4     0.6        1
DAYS >= .50         0               0.4    -0.4        0
DAYS >= 1.00        0               0.0     0.0        0
GREATEST
 24 HR. TOTAL    0.24   11/03 TO 11/04              0.29

SNOWFALL (INCHES)
RECORDS
 TOTAL             MM   MM
TOTALS            1.8               1.3     0.5      3.5
SINCE 7/1         1.8               1.4     0.4      3.5
SNOWDEPTH AVG.      0                MM      MM        0
DAYS >= 1.0         1               0.5     0.5        1
GREATEST
 SNOW DEPTH         2   11/17                          3  11/24
 24 HR TOTAL      1.8   MM                           3.2

DEGREE_DAYS
HEATING TOTAL     563               472      91      493
 SINCE 7/1        657               646      11      665
COOLING TOTAL       0                 1      -1        0
 SINCE 1/1       1928              1789     139     2174
.................................................................

WIND (MPH)
AVERAGE WIND SPEED              7.2
HIGHEST WIND SPEED/DIRECTION    39/310    DATE  11/23
HIGHEST GUST SPEED/DIRECTION    52/290    DATE  11/23

SKY COVER
AVERAGE SKY COVER           0.10

AVERAGE RH (PERCENT)     55

WEATHER CONDITIONS. NUMBER OF DAYS WITH
THUNDERSTORM              0     MIXED PRECIP               0
HEAVY RAIN                2     RAIN                       2
LIGHT RAIN                4     FREEZING RAIN              0
LT FREEZING RAIN          0     HAIL                       0
HEAVY SNOW                1     SNOW                       1
LIGHT SNOW                2     SLEET                      0
FOG                       3     FOG W/VIS <= 1/4 MILE      1
HAZE                      0

-  INDICATES NEGATIVE NUMBERS.
R  INDICATES RECORD WAS SET OR TIED.
MM INDICATES DATA IS MISSING.
T  INDICATES TRACE AMOUNT.

$$
