000
CXUS55 KCYS 011925
CLMRWL


CLIMATE REPORT
NATIONAL WEATHER SERVICE CHEYENNE WY
124 PM MDT MON SEP 1 2014

...................................

...THE RAWLINS WY AIRPORT CLIMATE SUMMARY FOR THE MONTH OF AUGUST 2014...

CLIMATE NORMAL PERIOD 1981 TO 2010
CLIMATE RECORD PERIOD 1951 TO 2014

WEATHER         OBSERVED          NORMAL  DEPART  LAST YEAR`S
                 VALUE   DATE(S)  VALUE   FROM    VALUE
                                          NORMAL
.............................................................
TEMPERATURE (F)
RECORD
 HIGH              98   08/02/2000
 LOW               28   08/31/1962
HIGHEST            88   08/12        MM      MM       91
LOWEST             42   08/24        MM      MM       43
                        08/08
AVG. MAXIMUM     78.2              81.4    -3.2     84.8
AVG. MINIMUM     48.6              49.0    -0.4     52.1
MEAN             63.4              65.2    -1.8     68.5
DAYS MAX >= 90      0               1.7                4
DAYS MAX <= 32      0               0.0                0
DAYS MIN <= 32      0               0.1                0
DAYS MIN <= 0       0               0.0                0

PRECIPITATION (INCHES)
RECORD
 MAXIMUM         2.08   1977
 MINIMUM         0.00   1954
TOTALS           1.21              0.76    0.45     0.56
DAYS >= .01        13               6.7     6.3        6
DAYS >= .10         5               2.4     2.6        3
DAYS >= .50         0               0.2    -0.2        0
DAYS >= 1.00        0               0.0     0.0        0
GREATEST
 24 HR. TOTAL    0.26   08/30 TO 08/31

DEGREE_DAYS
HEATING TOTAL      74                58      16        8
 SINCE 7/1        100                93       7        8
COOLING TOTAL      32                64     -32      122
 SINCE 1/1        209               181      28      322
..............................................................

WIND (MPH)
AVERAGE WIND SPEED              9.8
HIGHEST WIND SPEED/DIRECTION    36/210    DATE  08/06
HIGHEST GUST SPEED/DIRECTION    45/240    DATE  08/30

SKY COVER
POSSIBLE SUNSHINE (PERCENT)   MM
AVERAGE SKY COVER           0.30
NUMBER OF DAYS FAIR           18
NUMBER OF DAYS PC             12
NUMBER OF DAYS CLOUDY          1

AVERAGE RH (PERCENT)     51

WEATHER CONDITIONS. NUMBER OF DAYS WITH
THUNDERSTORM              0     MIXED PRECIP               0
HEAVY RAIN                1     RAIN                       5
LIGHT RAIN               15     FREEZING RAIN              0
LT FREEZING RAIN          0     HAIL                       0
HEAVY SNOW                0     SNOW                       0
LIGHT SNOW                0     SLEET                      0
FOG                       6     FOG W/VIS <= 1/4 MILE      0
HAZE                      0

-  INDICATES NEGATIVE NUMBERS.
R  INDICATES RECORD WAS SET OR TIED.
MM INDICATES DATA IS MISSING.
T  INDICATES TRACE AMOUNT.

$$
