416
CXUS55 KCYS 061359
CLMRWL


CLIMATE REPORT
NATIONAL WEATHER SERVICE CHEYENNE WY
658 AM MST TUE DEC 6 2016

...................................

...THE RAWLINS WY AIRPORT CLIMATE SUMMARY FOR THE MONTH OF NOVEMBER 2016...

CLIMATE NORMAL PERIOD 1981 TO 2010
CLIMATE RECORD PERIOD 1951 TO 2016

WEATHER         OBSERVED          NORMAL  DEPART  LAST YEAR`S
                 VALUE   DATE(S)  VALUE   FROM    VALUE
                                          NORMAL
.............................................................
TEMPERATURE (F)
RECORD
 HIGH              70   11/14/1999
                        11/06/1999
 LOW              -24   11/13/2014
HIGHEST            64   11/15        MM      MM       65
LOWEST              9   11/30        MM      MM       -3
AVG. MAXIMUM     49.6              40.6     9.0     40.2
AVG. MINIMUM     23.4              19.6     3.8     20.2
MEAN             36.5              30.1     6.4     30.2
DAYS MAX >= 90      0               0.0                0
DAYS MAX <= 32      5               7.5                6
DAYS MIN <= 32     24              26.2               27
DAYS MIN <= 0       0               1.6                2

PRECIPITATION (INCHES)
RECORD
 MAXIMUM         2.04   1983
 MINIMUM         0.03   1976
TOTALS           0.50              0.55   -0.05     0.57
DAYS >= .01         5               6.9    -1.9       10
DAYS >= .10         3               2.1     0.9        2
DAYS >= .50         0               0.0     0.0        0
DAYS >= 1.00        0               0.0     0.0        0
GREATEST
 24 HR. TOTAL    0.33   11/21 TO 11/22

DEGREE_DAYS
HEATING TOTAL     850              1047    -197     1037
 SINCE 7/1       1743              2106    -363     1697
COOLING TOTAL       0                 0       0        0
 SINCE 1/1        235               186      49      214
..............................................................

WIND (MPH)
AVERAGE WIND SPEED              11.6
HIGHEST WIND SPEED/DIRECTION    36/260    DATE  11/27
HIGHEST GUST SPEED/DIRECTION    50/220    DATE  11/19

SKY COVER
POSSIBLE SUNSHINE (PERCENT)   MM
AVERAGE SKY COVER           0.20
NUMBER OF DAYS FAIR           20
NUMBER OF DAYS PC              8
NUMBER OF DAYS CLOUDY          2

AVERAGE RH (PERCENT)     55

WEATHER CONDITIONS. NUMBER OF DAYS WITH
THUNDERSTORM              0     MIXED PRECIP               0
HEAVY RAIN                0     RAIN                       0
LIGHT RAIN                3     FREEZING RAIN              0
LT FREEZING RAIN          0     HAIL                       0
HEAVY SNOW                0     SNOW                       3
LIGHT SNOW                9     SLEET                      0
FOG                       7     FOG W/VIS <= 1/4 MILE      0
HAZE                      3

-  INDICATES NEGATIVE NUMBERS.
R  INDICATES RECORD WAS SET OR TIED.
MM INDICATES DATA IS MISSING.
T  INDICATES TRACE AMOUNT.

$$
