000
CXUS52 KCHS 011226
CLMSAV

CLIMATE REPORT
NATIONAL WEATHER SERVICE CHARLESTON SC
811 AM EDT MON AUG 1 2016

...................................

...THE SAVANNAH GA CLIMATE SUMMARY FOR THE MONTH OF JULY 2016...

CLIMATE NORMAL PERIOD 1981 TO 2010
CLIMATE RECORD PERIOD 1871 TO 2016

WEATHER         OBSERVED          NORMAL  DEPART  LAST YEAR`S
                 VALUE   DATE(S)  VALUE   FROM    VALUE  DATE(S)
                                          NORMAL
................................................................
TEMPERATURE (F)
RECORD
 HIGH             105   07/20/1986
                        07/12/1879
 LOW               61   07/09/1972
                        07/23/1966
                        07/07/1964
HIGHEST           100   07/30                         99  07/11
                        07/29
LOWEST             73   07/21                         70  07/06
                        07/18                             07/05
                        07/17
AVG. MAXIMUM     96.8              92.4     4.4     93.5
AVG. MINIMUM     75.5              72.8     2.7     73.9
MEAN             86.1              82.6     3.5     83.7
DAYS MAX >= 90     31              22.6     8.4       29
DAYS MAX <= 32      0               0.0     0.0        0
DAYS MIN <= 32      0               0.0     0.0        0
DAYS MIN <= 0       0               0.0     0.0        0

PRECIPITATION (INCHES)
RECORD
 MAXIMUM        20.10   1964
 MINIMUM         0.82   1888
TOTALS           1.21              5.60   -4.39     5.36
DAYS >= .01         7              12.3    -5.3       11
DAYS >= .10         4               8.2    -4.2        5
DAYS >= .50         1               4.0    -3.0        4
DAYS >= 1.00        0               1.7    -1.7        3
GREATEST
 24 HR. TOTAL    0.79   07/24

DEGREE_DAYS
HEATING TOTAL       0                 0       0        0
 SINCE 7/1          0                 0       0
COOLING TOTAL     661               546     115      586
 SINCE 1/1       1705              1395     310
.................................................................

WIND (MPH)
AVERAGE WIND SPEED              7.4
HIGHEST WIND SPEED/DIRECTION    37/330
HIGHEST GUST SPEED/DIRECTION    47/330


WEATHER CONDITIONS. NUMBER OF DAYS WITH
THUNDERSTORM             12     MIXED PRECIP               0
HEAVY RAIN                3     RAIN                       2
LIGHT RAIN                9     FREEZING RAIN              0
LT FREEZING RAIN          0     HAIL                       0
HEAVY SNOW                0     SNOW                       0
LIGHT SNOW                0     SLEET                      0
FOG                       3     FOG W/VIS <= 1/4 MILE      0
HAZE                      1

-  INDICATES NEGATIVE NUMBERS.
R  INDICATES RECORD WAS SET OR TIED.
MM INDICATES DATA IS MISSING.
T  INDICATES TRACE AMOUNT.

&&

RECORDS ESTABLISHED THIS MONTH AT THE SAVANNAH INTERNATIONAL
AIRPORT:

*2ND ALL-TIME WARMEST MONTH ON RECORD
*2ND WARMEST JULY ON RECORD
*2ND DRIEST JULY ON RECORD
*JUL 5 - RECORD HIGH MINIMUM TEMPERATURE OF 78 DEGREES

$$
