000
CXUS52 KCHS 011342
CLMSAV

CLIMATE REPORT
NATIONAL WEATHER SERVICE CHARLESTON SC
926 AM EDT TUE SEP 1 2015

...................................

...THE SAVANNAH GA CLIMATE SUMMARY FOR THE MONTH OF AUGUST 2015...

CLIMATE NORMAL PERIOD 1981 TO 2010
CLIMATE RECORD PERIOD 1871 TO 2015

WEATHER         OBSERVED          NORMAL  DEPART  LAST YEAR`S
                 VALUE   DATE(S)  VALUE   FROM    VALUE  DATE(S)
                                          NORMAL
................................................................
TEMPERATURE (F)
RECORD
 HIGH             104   08/05/1954
 LOW               57   08/29/1986
HIGHEST            95   08/21                        100  08/23
                        08/12                             08/22
                        08/05
LOWEST             71   08/26                         65  08/28
AVG. MAXIMUM     90.0              90.6    -0.6     92.7
AVG. MINIMUM     73.5              72.4     1.1     73.6
MEAN             81.8              81.5     0.3     83.1
DAYS MAX >= 90     18              18.1    -0.1       26
DAYS MAX <= 32      0               0.0     0.0        0
DAYS MIN <= 32      0               0.0     0.0        0
DAYS MIN <= 0       0               0.0     0.0        0

PRECIPITATION (INCHES)
RECORD
 MAXIMUM        22.79   1898
 MINIMUM         1.02   1980
TOTALS           7.84              6.56    1.28     3.41
DAYS >= .01        16              13.5     2.5       10
DAYS >= .10        12               8.8     3.2        7
DAYS >= .50         8               4.4     3.6        2
DAYS >= 1.00        2               2.0     0.0        1
GREATEST
 24 HR. TOTAL    1.69   08/30 TO 08/31

DEGREE_DAYS
HEATING TOTAL       0                 0       0
 SINCE 7/1          0                 0       0
COOLING TOTAL     527               512      15
 SINCE 1/1       2154              1907     247
.................................................................

WIND (MPH)
AVERAGE WIND SPEED              5.9
HIGHEST WIND SPEED/DIRECTION    30/050
HIGHEST GUST SPEED/DIRECTION    38/080


WEATHER CONDITIONS. NUMBER OF DAYS WITH
THUNDERSTORM             10     MIXED PRECIP               0
HEAVY RAIN               10     RAIN                      10
LIGHT RAIN               17     FREEZING RAIN              0
LT FREEZING RAIN          0     HAIL                       0
HEAVY SNOW                0     SNOW                       0
LIGHT SNOW                0     SLEET                      0
FOG                      19     FOG W/VIS <= 1/4 MILE      2
HAZE                      2

-  INDICATES NEGATIVE NUMBERS.
R  INDICATES RECORD WAS SET OR TIED.
MM INDICATES DATA IS MISSING.
T  INDICATES TRACE AMOUNT.

&&

NO RECORDS WERE ESTABLISHED AT THE SAVANNAH AIRPORT DURING THE MONTH.

$$
