000
CXUS51 KAKQ 011628
CLMSBY


CLIMATE REPORT
NATIONAL WEATHER SERVICE WAKEFIELD, VA
1128 AM EST SUN MAR 1 2015

...................................

...THE SALISBURY MD CLIMATE SUMMARY FOR THE MONTH OF FEBRUARY 2015...

CLIMATE NORMAL PERIOD 1981 TO 2010
CLIMATE RECORD PERIOD 1900 TO 2015

WEATHER         OBSERVED          NORMAL  DEPART  LAST YEAR`S
                 VALUE   DATE(S)  VALUE   FROM    VALUE  DATE(S)
                                          NORMAL
................................................................
TEMPERATURE (F)
RECORD
 HIGH              80   02/25/1930
 LOW               -6   02/09/1934
HIGHEST            67   02/08        54      13       72  02/21
LOWEST             -4   02/21        27     -31       14  02/28
AVG. MAXIMUM     38.8              47.0    -8.2     47.1
AVG. MINIMUM     18.6              28.4    -9.8     28.4
MEAN             28.7              37.7    -9.0     37.8
DAYS MAX >= 90      0               0.0     0.0        0
DAYS MAX <= 32      6               1.6     4.4        1
DAYS MIN <= 32     27              19.1     7.9       19
DAYS MIN <= 0       2               0.0     2.0        0

PRECIPITATION (INCHES)
RECORD
 MAXIMUM         7.79   1920
 MINIMUM         0.24   2009
TOTALS           3.16              3.35   -0.19     3.89
DAILY AVG.       0.11              0.12   -0.01     0.14
DAYS >= .01        11               9.6     1.4       13
DAYS >= .10         8               6.5     1.5        8
DAYS >= .50         1               2.4    -1.4        2
DAYS >= 1.00        0               0.7    -0.7        1
GREATEST
 24 HR. TOTAL    1.11   02/21 TO 02/22

SNOWFALL (INCHES)
RECORDS
 TOTAL           27.1   5
                        0
                        -26215
TOTALS           10.5
SINCE 7/1        10.5               8.3     2.2     11.5
SNOWDEPTH AVG.      0                MM      MM        0
DAYS >= 1.0         3               1.0     2.0        0
GREATEST
 SNOW DEPTH         0   MM                             0  MM
 24 HR TOTAL      4.0   02/26 TO 02/26           02/26 TO 02/26
                                                          02/26 TO 02/26
                                                          02/26 TO 02/26

DEGREE_DAYS
HEATING TOTAL    1009               764     245      755
 SINCE 7/1       3213              3305     -92     3140
COOLING TOTAL       0                 0       0        0
 SINCE 1/1          0                 0       0        0
.......................................................

WIND (MPH)
AVERAGE WIND SPEED              8.8
HIGHEST WIND SPEED/DIRECTION    37/310    DATE  02/15
HIGHEST GUST SPEED/DIRECTION    54/320    DATE  02/15

SKY COVER
POSSIBLE SUNSHINE (PERCENT)   MM
AVERAGE SKY COVER           0.40

AVERAGE RH (PERCENT)     59

WEATHER CONDITIONS. NUMBER OF DAYS WITH
THUNDERSTORM              0     MIXED PRECIP               0
HEAVY RAIN                1     RAIN                       3
LIGHT RAIN                8     FREEZING RAIN              1
LT FREEZING RAIN          2     HAIL                       0
HEAVY SNOW                1     SNOW                       3
LIGHT SNOW               10     SLEET                      0
FOG                      12     FOG W/VIS <= 1/4 MILE      4
HAZE                     12

-  INDICATES NEGATIVE NUMBERS.
R  INDICATES RECORD WAS SET OR TIED.
MM INDICATES DATA IS MISSING.
T  INDICATES TRACE AMOUNT.

$$
