000
CXUS54 KSJT 021249 CCB
CLMSJT

CLIMATE REPORT
NATIONAL WEATHER SERVICE SAN ANGELO TX
649 AM CST MON MAR 2 2015

...................................

...THE SAN ANGELO CLIMATE SUMMARY FOR THE MONTH OF FEBRUARY 2015...

CLIMATE NORMAL PERIOD 1981 TO 2010
CLIMATE RECORD PERIOD 1907 TO 2015

WEATHER         OBSERVED          NORMAL  DEPART  LAST YEAR`S
                 VALUE   DATE(S)  VALUE   FROM    VALUE  DATE(S)
                                          NORMAL
................................................................
TEMPERATURE (F)
RECORD
 HIGH              97   02/22/1996
 LOW               -1   02/02/1985
HIGHEST            83   02/10                         89  02/16
LOWEST             23   02/27                         16  02/06
                        02/23
AVG. MAXIMUM     60.8              63.5    -2.7     65.0
AVG. MINIMUM     36.2              37.0    -0.8     33.9
MEAN             48.5              50.3    -1.8     49.4
DAYS MAX >= 90      0               0.3    -0.3        0
DAYS MAX <= 32      3               0.3     2.7        2
DAYS MIN <= 32     12               8.2     3.8       13
DAYS MIN <= 0       0               0.0     0.0        0

PRECIPITATION (INCHES)
RECORD
 MAXIMUM         4.54   1997
 MINIMUM         0.00   1926
                        1916
TOTALS           0.27              1.35   -1.12     0.06
DAILY AVG.       0.01              0.05   -0.04     0.00
DAYS >= .01         7               5.0     1.0        1
DAYS >= .10         0               2.7    -2.7        0
DAYS >= .50         0               0.8    -0.8        0
DAYS >= 1.00        0               0.3    -0.3        0
GREATEST
 24 HR. TOTAL    0.08   02/17



SNOWFALL (INCHES)
RECORDS
 TOTAL           13.0   1924
TOTALS            1.2               0.3     0.9      0.1
SINCE 7/1         1.2               2.1    -0.9      1.6
SNOWDEPTH AVG.      0                MM      MM        0
DAYS >= 1.0         1               0.1     0.9        0
GREATEST
 SNOW DEPTH         1   02/17                          0
 24 HR TOTAL      1.0   02/17

DEGREE_DAYS
HEATING TOTAL     456               417      39      432
 SINCE 7/1       1847              1961    -114     2120
COOLING TOTAL       2                 4      -2        3
 SINCE 1/1          2                 5      -3        3
...................................................

WIND (MPH)
AVERAGE WIND SPEED              10.5
HIGHEST WIND SPEED/DIRECTION    37/020    DATE  02/04
HIGHEST GUST SPEED/DIRECTION    44/030    DATE  02/04

SKY COVER
AVERAGE SKY COVER           0.40

AVERAGE RH (PERCENT)     64

WEATHER CONDITIONS. NUMBER OF DAYS WITH
THUNDERSTORM              0     MIXED PRECIP               0
HEAVY RAIN                0     RAIN                       0
LIGHT RAIN                5     FREEZING RAIN              1
LT FREEZING RAIN          7     HAIL                       0
HEAVY SNOW                0     SNOW                       0
LIGHT SNOW                5     SLEET                      2
FOG                       8     FOG W/VIS <= 1/4 MILE      0
HAZE                      0

-  INDICATES NEGATIVE NUMBERS.
R  INDICATES RECORD WAS SET OR TIED.
MM INDICATES DATA IS MISSING.
T  INDICATES TRACE AMOUNT.

$$
