000
CXUS54 KSJT 011456
CLMSJT


CLIMATE REPORT
NATIONAL WEATHER SERVICE SAN ANGELO TX
947 AM CDT SUN MAY 1 2016

...................................

...THE SAN ANGELO CLIMATE SUMMARY FOR THE MONTH OF APRIL 2016...

CLIMATE NORMAL PERIOD 1981 TO 2010
CLIMATE RECORD PERIOD 1907 TO 2016

WEATHER         OBSERVED          NORMAL  DEPART  LAST YEAR`S
                 VALUE   DATE(S)  VALUE   FROM    VALUE  DATE(S)
                                          NORMAL
................................................................
TEMPERATURE (F)
RECORD
 HIGH             107   04/19/1925
 LOW               25   04/09/1973
HIGHEST            89   04/25                         94  04/26
LOWEST             33   04/02                         39  04/29
AVG. MAXIMUM     78.9              80.1    -1.2     81.1
AVG. MINIMUM     52.3              51.9     0.4     54.9
MEAN             65.6              66.0    -0.4     68.0
DAYS MAX >= 90      0               4.1    -4.1        3
DAYS MAX <= 32      0               0.0     0.0        0
DAYS MIN <= 32      0               0.6    -0.6        0
DAYS MIN <= 0       0               0.0     0.0        0

PRECIPITATION (INCHES)
RECORD
 MAXIMUM         6.54   1908
 MINIMUM         0.00   1920
TOTALS           5.10              1.42    3.68     1.82
DAILY AVG.       0.17              0.05    0.12     0.06
DAYS >= .01        11               4.5     6.5        7
DAYS >= .10         7               2.3     4.7        2
DAYS >= .50         3               1.1     1.9        1
DAYS >= 1.00        3               0.4     2.6        1
GREATEST
 24 HR. TOTAL    2.68   04/16 TO 04/17                    04/17
                                                 04/16 TO 04/17


SNOWFALL (INCHES)
RECORDS
 TOTAL            2.0   1938
TOTALS            0.0                 T     0.0        T
SINCE 7/1         3.1               2.2     0.9      1.4
SNOWDEPTH AVG.      0                MM      MM        0
DAYS >= 1.0         0               0.0     0.0        0
GREATEST
 SNOW DEPTH         0   MM                             0  MM

DEGREE_DAYS
HEATING TOTAL      55                88     -33       44
 SINCE 7/1       1803              2306    -503     2177
COOLING TOTAL      82               118     -36      143
 SINCE 1/1        134               156     -22      196
........................................................

WIND (MPH)
AVERAGE WIND SPEED              9.4
HIGHEST WIND SPEED/DIRECTION    40/280    DATE  04/16
HIGHEST GUST SPEED/DIRECTION    51/270    DATE  04/16

SKY COVER
AVERAGE SKY COVER           0.30

AVERAGE RH (PERCENT)     62

WEATHER CONDITIONS. NUMBER OF DAYS WITH
THUNDERSTORM             11     MIXED PRECIP               0
HEAVY RAIN                6     RAIN                       5
LIGHT RAIN               13     FREEZING RAIN              0
LT FREEZING RAIN          0     HAIL                       0
HEAVY SNOW                0     SNOW                       0
LIGHT SNOW                0     SLEET                      0
FOG                      12     FOG W/VIS <= 1/4 MILE      0
HAZE                      2

-  INDICATES NEGATIVE NUMBERS.
R  INDICATES RECORD WAS SET OR TIED.
MM INDICATES DATA IS MISSING.
T  INDICATES TRACE AMOUNT.

$$
