000
CXUS45 KSLC 030356
CLMSLC

SLCCLMSLC 000
TTAA00 KSLC 012156


CLIMATE REPORT
NATIONAL WEATHER SERVICE SALT LAKE CITY UT
255 PM MST WED FEB 1 2017

...................................

...THE SALT LAKE CITY UT CLIMATE SUMMARY FOR THE MONTH OF JANUARY 2017...

CLIMATE NORMAL PERIOD 1981 TO 2010
CLIMATE RECORD PERIOD 1874 TO 2017

WEATHER         OBSERVED          NORMAL  DEPART  LAST YEAR`S
                 VALUE   DATE(S)  VALUE   FROM    VALUE  DATE(S)
                                          NORMAL
................................................................
TEMPERATURE (F)
RECORD
 HIGH              63   01/31/2003
 LOW              -22   01/25/1949
HIGHEST            50   01/09                         48  01/30
                        01/08                             01/29
LOWEST             -6   01/07                         -1  01/01
AVG. MAXIMUM     33.5              37.4    -3.9     36.8
AVG. MINIMUM     20.8              21.6    -0.8     23.9
MEAN             27.1              29.5    -2.4     30.4
DAYS MAX >= 90      0               0.0     0.0        0
DAYS MAX <= 32     16               8.6     7.4        7
DAYS MIN <= 32     28              27.4     0.6       30
DAYS MIN <= 0       2               0.4     1.6        1

PRECIPITATION (INCHES)
TOTALS           1.97              1.25    0.72     1.94
DAYS >= .01        16              10.1     5.9       14
DAYS >= .10         7               3.9     3.1        6
DAYS >= .50         1               0.4     0.6        1
DAYS >= 1.00        0               0.0     0.0        0

SNOWFALL (INCHES)
TOTALS           23.2              12.5    10.7     10.5
SINCE 7/1        40.0              34.7             27.8

DEGREE_DAYS
HEATING TOTAL    1167              1100      67     1065
 SINCE 7/1       3059              3394    -335     3042
COOLING TOTAL       0                 0       0        0
 SINCE 1/1          0                 0       0        0
.................................................................

WIND (MPH)
AVERAGE WIND SPEED              6.7
HIGHEST WIND SPEED/DIRECTION    35/150    DATE  01/23
HIGHEST GUST SPEED/DIRECTION    48/180    DATE  01/10


WEATHER CONDITIONS. NUMBER OF DAYS WITH
THUNDERSTORM              0     RAIN                       1
HAIL                      1     SNOW                       3
FOG                      30     FOG W/VIS <= 1/4 MILE      7
HAZE                     18

-  INDICATES NEGATIVE NUMBERS.
R  INDICATES RECORD WAS SET OR TIED.
MM INDICATES DATA IS MISSING.
T  INDICATES TRACE AMOUNT.

$$
