000
CXUS55 KCYS 082117
CLMSNY


CLIMATE REPORT
NATIONAL WEATHER SERVICE CHEYENNE WY
216 PM MST MON DEC 8 2014

...................................

...THE SIDNEY NE AIRPORT CLIMATE SUMMARY FOR THE MONTH OF NOVEMBER 2014...

CLIMATE NORMAL PERIOD 1981 TO 2010
CLIMATE RECORD PERIOD 1948 TO 2014

WEATHER         OBSERVED          NORMAL  DEPART  LAST YEAR`S
                 VALUE   DATE(S)  VALUE   FROM    VALUE
                                          NORMAL
.............................................................
TEMPERATURE (F)
RECORD
 HIGH              81   11/05/2009
                        11/08/1999
 LOW              -14   11/13/2014
HIGHEST            70   11/09        MM      MM       72
LOWEST            -14R  11/13        MM      MM        5
AVG. MAXIMUM     46.9              51.2    -4.3     52.4
AVG. MINIMUM     17.1              24.2    -7.1     21.9
MEAN             32.0              37.7    -5.7     37.1
DAYS MAX >= 90      0               0.0                0
DAYS MAX <= 32      9               2.9                2
DAYS MIN <= 32     27              24.4               28
DAYS MIN <= 0       4               0.5                0

PRECIPITATION (INCHES)
RECORD
 MAXIMUM         2.20   1979
 MINIMUM         0.00   1959
TOTALS           0.46              0.57   -0.11     0.45
DAYS >= .01         5               4.8     0.2        3
DAYS >= .10         1               1.3    -0.3        2
DAYS >= .50         0               0.1    -0.1        0
DAYS >= 1.00        0               0.1    -0.1        0
GREATEST
 24 HR. TOTAL    0.34   11/03 TO 11/03

DEGREE_DAYS
HEATING TOTAL     984               819     165      831
 SINCE 7/1       1490              1422      68     1492
COOLING TOTAL       0                 0       0        0
 SINCE 1/1        637               830    -193      918
..............................................................

WIND (MPH)
AVERAGE WIND SPEED              12.5
HIGHEST WIND SPEED/DIRECTION    40/330    DATE  11/16
HIGHEST GUST SPEED/DIRECTION    51/330    DATE  11/16

SKY COVER
POSSIBLE SUNSHINE (PERCENT)   MM
AVERAGE SKY COVER           0.30
NUMBER OF DAYS FAIR           20
NUMBER OF DAYS PC              7
NUMBER OF DAYS CLOUDY          2

AVERAGE RH (PERCENT)     60

WEATHER CONDITIONS. NUMBER OF DAYS WITH
THUNDERSTORM              0     MIXED PRECIP               0
HEAVY RAIN                0     RAIN                       0
LIGHT RAIN                2     FREEZING RAIN              0
LT FREEZING RAIN          0     HAIL                       0
HEAVY SNOW                1     SNOW                       3
LIGHT SNOW                9     SLEET                      0
FOG                       7     FOG W/VIS <= 1/4 MILE      2
HAZE                      3

-  INDICATES NEGATIVE NUMBERS.
R  INDICATES RECORD WAS SET OR TIED.
MM INDICATES DATA IS MISSING.
T  INDICATES TRACE AMOUNT.

$$
