000
CXUS54 KOUN 011434
CLMSPS

CLIMATE REPORT
NATIONAL WEATHER SERVICE NORMAN OK
749 AM CST THU JAN 1 2015

...................................

...THE WICHITA FALLS CLIMATE SUMMARY FOR THE MONTH OF DECEMBER 2014...

CLIMATE NORMAL PERIOD 1981 TO 2010
CLIMATE RECORD PERIOD 1897 TO 2014

WEATHER         OBSERVED          NORMAL  DEPART  LAST YEAR`S
                 VALUE   DATE(S)  VALUE   FROM    VALUE  DATE(S)
                                          NORMAL
................................................................
TEMPERATURE (F)
RECORD
 HIGH              88   12/04/1954
 LOW               -7   12/23/1989
HIGHEST            73   12/14        77      -4       75  12/03
LOWEST             18   12/31        16       2       12  12/10
                                                          12/07
AVG. MAXIMUM     53.5              54.7    -1.2     50.5
AVG. MINIMUM     37.8              30.8     7.0     26.4
MEAN             45.7              42.8     2.9     38.4
DAYS MAX >= 90      0               0.0     0.0        0
DAYS MAX <= 32      1               1.4    -0.4        3
DAYS MIN <= 32      8              17.4    -9.4       25
DAYS MIN <= 0       0               0.1    -0.1        0

PRECIPITATION (INCHES)
RECORD
 MAXIMUM         6.93   1991
 MINIMUM         0.00   1919
                        1916
                        1904
TOTALS           0.95              1.62   -0.67     1.29
DAILY AVG.       0.03              0.05   -0.02     0.04
DAYS >= .01         4               5.0    -1.0        5
DAYS >= .10         3               2.9     0.1        4
DAYS >= .50         1               1.2    -0.2        1
DAYS >= 1.00        0               0.4    -0.4        0
GREATEST
 24 HR. TOTAL    0.67   12/17 TO 12/17

SNOWFALL (INCHES)
TOTALS            2.0               1.0     1.0
SINCE 7/1         2.3               1.3     1.0

DEGREE_DAYS
HEATING TOTAL     590               690    -100
 SINCE 7/1       1102              1197     -95
.................................................................

WIND (MPH)
AVERAGE WIND SPEED              10.2
HIGHEST WIND SPEED/DIRECTION    33/190    DATE  12/25
HIGHEST GUST SPEED/DIRECTION    41/200    DATE  12/25


WEATHER CONDITIONS. NUMBER OF DAYS WITH
THUNDERSTORM              0     MIXED PRECIP               0
HEAVY RAIN                1     RAIN                       1
LIGHT RAIN                9     FREEZING RAIN              0
LT FREEZING RAIN          2     HAIL                       0
HEAVY SNOW                0     SNOW                       1
LIGHT SNOW                3     SLEET                      0
FOG                      19     FOG W/VIS <= 1/4 MILE      8
HAZE                      6

-  INDICATES NEGATIVE NUMBERS.
R  INDICATES RECORD WAS SET OR TIED.
MM INDICATES DATA IS MISSING.
T  INDICATES TRACE AMOUNT.

&&
.........................................................................
RECOR EVENTS/REMARKS

RECORD DAILY SNOWFALL OF 2.0 INCHES SET ON THE 27TH
JAN-DEC 2014 TOTAL PRECIPITATION 23.77 INCHES.



$$
