000
CXUS54 KOUN 011243
CLMSPS

CLIMATE REPORT
NATIONAL WEATHER SERVICE NORMAN OK
725 AM CDT TUE SEP 1 2015

...................................

...THE WICHITA FALLS CLIMATE SUMMARY FOR THE MONTH OF AUGUST 2015...

CLIMATE NORMAL PERIOD 1981 TO 2010
CLIMATE RECORD PERIOD 1897 TO 2015

WEATHER         OBSERVED          NORMAL  DEPART  LAST YEAR`S
                 VALUE   DATE(S)  VALUE   FROM    VALUE  DATE(S)
                                          NORMAL
................................................................
TEMPERATURE (F)
RECORD
 HIGH             113   08/06/1964
                        08/11/1936
 LOW               53   08/28/1992
HIGHEST           105   08/10       105       0      104  08/25
                                                          08/22
                                                          08/21
LOWEST             56   08/20        62      -6       65  08/02
                                                          08/01
AVG. MAXIMUM     96.4              96.6    -0.2     97.2
AVG. MINIMUM     71.1              71.4    -0.3     71.2
MEAN             83.8              84.0    -0.2     84.2
DAYS MAX >= 90     27              26.1     0.9       28
DAYS MAX <= 32      0               0.0     0.0        0
DAYS MIN <= 32      0               0.0     0.0        0
DAYS MIN <= 0       0               0.0     0.0        0

PRECIPITATION (INCHES)
RECORD
 MAXIMUM        11.05   1914
 MINIMUM         0.00   2000
                        1936
                        1913
TOTALS           1.49              2.50   -1.01     2.04
DAILY AVG.       0.05              0.08   -0.03     0.07
DAYS >= .01         5               6.2    -1.2        5
DAYS >= .10         3               3.9    -0.9        3
DAYS >= .50         1               1.6    -0.6        2
DAYS >= 1.00        0               0.7    -0.7        0
GREATEST
 24 HR. TOTAL    0.90   07/31 TO 08/01

DEGREE_DAYS
COOLING TOTAL     588               589      -1
 SINCE 1/1       1885              1945     -60
.................................................................

WIND (MPH)
AVERAGE WIND SPEED              10.0
HIGHEST WIND SPEED/DIRECTION    31/040    DATE  08/19
HIGHEST GUST SPEED/DIRECTION    37/120    DATE  08/25


WEATHER CONDITIONS. NUMBER OF DAYS WITH
THUNDERSTORM              0     MIXED PRECIP               0
HEAVY RAIN                3     RAIN                       4
LIGHT RAIN                9     FREEZING RAIN              0
LT FREEZING RAIN          0     HAIL                       0
HEAVY SNOW                0     SNOW                       0
LIGHT SNOW                0     SLEET                      0
FOG                       6     FOG W/VIS <= 1/4 MILE      0
HAZE                      0

-  INDICATES NEGATIVE NUMBERS.
R  INDICATES RECORD WAS SET OR TIED.
MM INDICATES DATA IS MISSING.
T  INDICATES TRACE AMOUNT.

....................................................................
RECORDS/REMARKS
RECORD LOW TEMPERATURE OF 56 DEGREES SET ON THE 20TH.
THERE WERE SEVEN DAYS WITH A MAX TEMPERATURE OF 100 DEGREES OR MORE.
JAN-AUG 2015 PRECIPITATION TOTAL IS 33.58 INCHES.

$$
