000
CXUS52 KJAX 051149
CLMSSI

CLIMATE REPORT
NATIONAL WEATHER SERVICE JACKSONVILLE FL
839 AM EST FRI DEC 1 2017

...................................

...THE ST SIMONS ISLAND CLIMATE SUMMARY FOR THE MONTH OF NOVEMBER 2017...

CLIMATE NORMAL PERIOD 1981 TO 2010
CLIMATE RECORD PERIOD 1948 TO 2017

WEATHER         OBSERVED          NORMAL  DEPART
                 VALUE   DATE(S)  VALUE   FROM
                                          NORMAL
................................................
TEMPERATURE (F)
RECORD
 HIGH              89   11/01/1961
 LOW               21   11/25/1950
HIGHEST            83   11/07        70      13
LOWEST             41   11/20        53     -12
AVG. MAXIMUM     72.1              70.4     1.7
AVG. MINIMUM     53.8              53.2     0.6
MEAN             63.0              61.8     1.2
DAYS MAX >= 90      0               0.0     0.0
DAYS MAX <= 32      0               0.0     0.0
DAYS MIN <= 32      0               0.2    -0.2
DAYS MIN <= 0       0               0.0     0.0

PRECIPITATION (INCHES)
RECORD
 MAXIMUM         7.38   1962
 MINIMUM         0.04   2016
TOTALS           1.22              2.03   -0.81
DAILY AVG.       0.04              0.07   -0.03
DAYS >= .01         5               6.2    -1.2
DAYS >= .10         2               3.4    -1.4
DAYS >= .50         1               1.3    -0.3
DAYS >= 1.00        0               0.5    -0.5
GREATEST
 24 HR. TOTAL    0.64   11/21 TO 11/21
 STORM TOTAL       MM
 (MM/DD(HH))            MM

SNOWFALL (INCHES)
RECORDS
 TOTAL             MM   MM
 24 HR TOTAL       MM
TOTALS            0.0               0.0     0.0
 LIQUID EQUIV    0.00              0.00    0.00
SINCE 7/1         0.0               0.0     0.0
 LIQUID 7/1      0.00
DAYS >= TRACE       0               0.0     0.0
DAYS >= 1.0         0               0.0     0.0
GREATEST
 SNOW DEPTH         0   MM
 24 HR TOTAL      0.0   11/30 TO 11/30
 STORM TOTAL       MM
 (MM/DD(HH))            MM

DEGREE_DAYS
HEATING TOTAL      97               150     -53
 SINCE 7/1        130               180     -50
COOLING TOTAL      44                54     -10
 SINCE 1/1       3120              2615     505

FREEZE DATES
RECORD
 EARLIEST     11/03/1954
 LATEST       03/31/1964
EARLIEST                        12/20
LATEST                          02/14
.................................................

WIND (MPH)
AVERAGE WIND SPEED              7.1
HIGHEST WIND SPEED/DIRECTION    26/020    DATE  11/11
HIGHEST GUST SPEED/DIRECTION    39/020    DATE  11/11

SKY COVER
POSSIBLE SUNSHINE (PERCENT)   MM
AVERAGE SKY COVER           0.30
NUMBER OF DAYS FAIR           20
NUMBER OF DAYS PC              5
NUMBER OF DAYS CLOUDY          5

AVERAGE RH (PERCENT)     79

WEATHER CONDITIONS. NUMBER OF DAYS WITH
THUNDERSTORM              0     MIXED PRECIP               0
HEAVY RAIN                0     RAIN                       2
LIGHT RAIN                7     FREEZING RAIN              0
LT FREEZING RAIN          0     HAIL                       0
HEAVY SNOW                0     SNOW                       0
LIGHT SNOW                0     SLEET                      0
FOG                      19     FOG W/VIS <= 1/4 MILE      4
HAZE                      1

-  INDICATES NEGATIVE NUMBERS.
R  INDICATES RECORD WAS SET OR TIED.
MM INDICATES DATA IS MISSING.
T  INDICATES TRACE AMOUNT.

$$
