000
CXUS53 KEAX 011510
CLMSTJ

CLIMATE REPORT
NATIONAL WEATHER SERVICE KANSAS CITY/PLEASANT HILL MO
1003 AM CDT SAT AUG 1 2015

...................................

...THE ST. JOSEPH MO CLIMATE SUMMARY FOR THE MONTH OF JULY 2015...

CLIMATE NORMAL PERIOD 1981 TO 2010
CLIMATE RECORD PERIOD 1892 TO 2015

WEATHER         OBSERVED          NORMAL  DEPART  LAST YEAR`S
                 VALUE   DATE(S)  VALUE   FROM    VALUE  DATE(S)
                                          NORMAL
................................................................
TEMPERATURE (F)
RECORD
 HIGH             108   07/25/1936
                        07/20/1934
                        07/19/1934
 LOW               41   07/05/1972
HIGHEST            96   07/14        97      -1       95  07/25
                                                          07/22
LOWEST             57   07/04        56       1       48  07/03
AVG. MAXIMUM     86.4              87.0    -0.6     83.7
AVG. MINIMUM     68.0              67.1     0.9     62.1
MEAN             77.2              77.1     0.1     72.9
DAYS MAX >= 90     13              13.9    -0.9        5
DAYS MAX <= 32      0               0.0     0.0        0
DAYS MIN <= 32      0               0.0     0.0        0
DAYS MIN <= 0       0               0.0     0.0        0

PRECIPITATION (INCHES)
RECORD
 MAXIMUM        12.92   1915
 MINIMUM         0.03   1983
TOTALS           5.79              5.19    0.60     4.41
DAILY AVG.       0.21              0.17    0.04     0.14
DAYS >= .01        12               8.0     4.0        5
DAYS >= .10         4               4.8    -0.8        4
DAYS >= .50         3               2.4     0.6        2
DAYS >= 1.00        3               1.1     1.9        2
GREATEST
 24 HR. TOTAL    2.00   07/06 TO 07/07

DEGREE_DAYS
HEATING TOTAL       0                 1      -1        6
 SINCE 7/1          0                 1      -1        6
COOLING TOTAL     385               374      11      259
 SINCE 1/1        767               754      13      699
.................................................................

WIND (MPH)
AVERAGE WIND SPEED              6.5
HIGHEST WIND SPEED/DIRECTION    26/020    DATE  07/28
HIGHEST GUST SPEED/DIRECTION    36/320    DATE  07/25

SKY COVER
POSSIBLE SUNSHINE (PERCENT)   MM
AVERAGE SKY COVER           0.30
NUMBER OF DAYS FAIR           23
NUMBER OF DAYS PC              6
NUMBER OF DAYS CLOUDY          2

AVERAGE RH (PERCENT)     78

WEATHER CONDITIONS. NUMBER OF DAYS WITH
THUNDERSTORM             14     MIXED PRECIP               0
HEAVY RAIN                6     RAIN                       9
LIGHT RAIN               14     FREEZING RAIN              0
LT FREEZING RAIN          0     HAIL                       0
HEAVY SNOW                0     SNOW                       0
LIGHT SNOW                0     SLEET                      0
FOG                      21     FOG W/VIS <= 1/4 MILE      3
HAZE                      3

-  INDICATES NEGATIVE NUMBERS.
R  INDICATES RECORD WAS SET OR TIED.
MM INDICATES DATA IS MISSING.
T  INDICATES TRACE AMOUNT.

$$
