000
CXUS53 KEAX 011010
CLMSTJ

CLIMATE REPORT
NATIONAL WEATHER SERVICE KANSAS CITY/PLEASANT HILL MO
505 AM CDT WED OCT 1 2014

...................................

...THE ST. JOSEPH MO CLIMATE SUMMARY FOR THE MONTH OF SEPTEMBER 2014...

CLIMATE NORMAL PERIOD 1981 TO 2010
CLIMATE RECORD PERIOD 1892 TO 2014

WEATHER         OBSERVED          NORMAL  DEPART  LAST YEAR`S
                 VALUE   DATE(S)  VALUE   FROM    VALUE  DATE(S)
                                          NORMAL
................................................................
TEMPERATURE (F)
RECORD
 HIGH             107   09/03/1947
 LOW               29   09/30/1984
HIGHEST            92   09/04        92       0       98  09/07
LOWEST             37   09/13        36       1       41  09/30
AVG. MAXIMUM     78.0              79.1    -1.1     82.9
AVG. MINIMUM     54.3              54.0     0.3     56.8
MEAN             66.2              66.6    -0.4     69.8
DAYS MAX >= 90      2               3.4    -1.4        8
DAYS MAX <= 32      0               0.0     0.0        0
DAYS MIN <= 32      0               0.3    -0.3        0
DAYS MIN <= 0       0               0.0     0.0        0

PRECIPITATION (INCHES)
RECORD
 MAXIMUM        12.24   1986
 MINIMUM         0.00   2011
TOTALS           1.71              3.42   -1.71     3.55
DAILY AVG.       0.06              0.11   -0.05     0.12
DAYS >= .01         9               7.3     1.7        9
DAYS >= .10         4               4.7    -0.7        5
DAYS >= .50         0               2.4    -2.4        2
DAYS >= 1.00        0               1.0    -1.0        1
GREATEST
 24 HR. TOTAL    1.09   08/31 TO 09/01

DEGREE_DAYS
HEATING TOTAL      78                75       3       36
 SINCE 7/1         84                80       4       38
COOLING TOTAL     119               122      -3      189
 SINCE 1/1       1168              1199     -31     1259
.................................................................

WIND (MPH)
AVERAGE WIND SPEED              6.9
HIGHEST WIND SPEED/DIRECTION    28/160    DATE  09/03
HIGHEST GUST SPEED/DIRECTION    38/190    DATE  09/09

SKY COVER
POSSIBLE SUNSHINE (PERCENT)   MM
AVERAGE SKY COVER           0.40
NUMBER OF DAYS FAIR           17
NUMBER OF DAYS PC              7
NUMBER OF DAYS CLOUDY          6

AVERAGE RH (PERCENT)     75

WEATHER CONDITIONS. NUMBER OF DAYS WITH
THUNDERSTORM              0     MIXED PRECIP               0
HEAVY RAIN                3     RAIN                       3
LIGHT RAIN               10     FREEZING RAIN              0
LT FREEZING RAIN          0     HAIL                       0
HEAVY SNOW                0     SNOW                       0
LIGHT SNOW                0     SLEET                      0
FOG                      21     FOG W/VIS <= 1/4 MILE      8
HAZE                      1

-  INDICATES NEGATIVE NUMBERS.
R  INDICATES RECORD WAS SET OR TIED.
MM INDICATES DATA IS MISSING.
T  INDICATES TRACE AMOUNT.

$$
