000
CXUS53 KEAX 010750
CLMSTJ

CLIMATE REPORT
NATIONAL WEATHER SERVICE KANSAS CITY/PLEASANT HILL MO
146 AM CST FRI DEC 1 2017

...................................

...THE ST. JOSEPH MO CLIMATE SUMMARY FOR THE SEASON, FROM
9/1/2017 TO 11/30/2017...

CLIMATE NORMAL PERIOD 1981 TO 2010
CLIMATE RECORD PERIOD 1892 TO 2017

WEATHER         OBSERVED          NORMAL  DEPART  LAST YEAR`S
                 VALUE   DATE(S)  VALUE   FROM    VALUE  DATE(S)
                                          NORMAL
................................................................
TEMPERATURE (F)
RECORD
 HIGH             107   09/03/1947
 LOW               -5   11/08/1991
HIGHEST            93   09/22        92       1       93  09/21
                        09/21                             09/20
LOWEST             14   11/22        14       0       20  11/20
AVG. MAXIMUM     69.0              66.3     2.7     72.1
AVG. MINIMUM     44.2              42.5     1.7     48.6
MEAN             56.6              54.4     2.2     60.4
DAYS MAX >= 90      6               3.8     2.2        7
DAYS MAX <= 32      0               1.7    -1.7        0
DAYS MIN <= 32     25              22.3     2.7       14
DAYS MIN <= 0       0               0.0     0.0        0

PRECIPITATION (INCHES)
RECORD
 MAXIMUM        19.63   1986
 MINIMUM         2.44   1917
TOTALS           5.61              7.78   -2.17    10.86
DAILY AVG.       0.06              0.09   -0.03     0.12
DAYS >= .01        20              20.2    -0.2       18
DAYS >= .10        11              12.7    -1.7       13
DAYS >= .50         2               5.7    -3.7        5
DAYS >= 1.00        1               2.4    -1.4        4
GREATEST
 24 HR. TOTAL    1.88   MM

DEGREE_DAYS
HEATING TOTAL     969              1106    -137      673
COOLING TOTAL     227               143      84      275
.................................................................

WIND (MPH)
AVERAGE WIND SPEED              8.3
HIGHEST WIND SPEED/DIRECTION    33/350    DATE  11/18
HIGHEST GUST SPEED/DIRECTION    44/320    DATE  10/23

SKY COVER
POSSIBLE SUNSHINE (PERCENT)   MM
AVERAGE SKY COVER           0.30
NUMBER OF DAYS FAIR           57
NUMBER OF DAYS PC             21
NUMBER OF DAYS CLOUDY         13

AVERAGE RH (PERCENT)     70

WEATHER CONDITIONS. NUMBER OF DAYS WITH
THUNDERSTORM              8     MIXED PRECIP               0
HEAVY RAIN                7     RAIN                      12
LIGHT RAIN               26     FREEZING RAIN              0
LT FREEZING RAIN          0     HAIL                       0
HEAVY SNOW                0     SNOW                       0
LIGHT SNOW                1     SLEET                      0
FOG                      48     FOG W/VIS <= 1/4 MILE     13
HAZE                     18

-  INDICATES NEGATIVE NUMBERS.
R  INDICATES RECORD WAS SET OR TIED.
MM INDICATES DATA IS MISSING.
T  INDICATES TRACE AMOUNT.

$$
