000
CXUS52 KTAE 030639 RRA
CLMTLH

CLIMATE REPORT
NATIONAL WEATHER SERVICE TALLAHASSEE FL
834 AM EDT TUE AUG 1 2017

...................................

...THE TALLAHASSEE CLIMATE SUMMARY FOR THE MONTH OF JULY 2017...

CLIMATE NORMAL PERIOD 1981 TO 2010
CLIMATE RECORD PERIOD 1896 TO 2017

WEATHER         OBSERVED          NORMAL  DEPART  LAST YEAR`S
                 VALUE   DATE(S)  VALUE   FROM    VALUE  DATE(S)
                                          NORMAL
................................................................
TEMPERATURE (F)
RECORD
 HIGH             104   07/15/1932
                        07/03/1931
 LOW               57   07/16/1967
                        07/07/1896
HIGHEST            97   07/05                         99  07/09
                        07/04
LOWEST             71   07/09                         72  07/13
AVG. MAXIMUM     92.0              92.1    -0.1     95.5
AVG. MINIMUM     73.6              72.0     1.6     74.6
MEAN             82.8              82.0     0.8     85.0
DAYS MAX >= 90     23              23.0     0.0       30
DAYS MAX <= 32      0               0.0     0.0        0
DAYS MIN <= 32      0               0.0     0.0        0
DAYS MIN <= 0       0               0.0     0.0        0

PRECIPITATION (INCHES)
RECORD
 MAXIMUM        20.12   1964
 MINIMUM         2.33   2014
TOTALS           5.16              7.17   -2.01     7.93
DAILY AVG.       0.17              0.23   -0.06     0.26
DAYS >= .01        17              16.0     1.0       18
DAYS >= .10        11              11.2    -0.2       12
DAYS >= .50         5               5.0     0.0        4
DAYS >= 1.00        1               2.1    -1.1        2
GREATEST
 24 HR. TOTAL    1.02   07/13 TO 07/13

SNOWFALL (INCHES)
RECORDS
 TOTAL             MM   MM
TOTALS            0.0
SINCE 7/1         0.0               0.0     0.0      0.0
SNOWDEPTH AVG.      0
DAYS >= 1.0         0               0.0     0.0        0
GREATEST
 SNOW DEPTH         0
 24 HR TOTAL      0.0

DEGREE_DAYS
HEATING TOTAL       0                 0       0        0
 SINCE 7/1          0                 0       0        0
COOLING TOTAL     559               529      30      628
 SINCE 1/1       1624              1432     192     1786
.................................................................

WIND (MPH)
AVERAGE WIND SPEED              4.1
HIGHEST WIND SPEED/DIRECTION    33/350    DATE  07/21
HIGHEST GUST SPEED/DIRECTION    41/350    DATE  07/21

SKY COVER
AVERAGE SKY COVER           0.50

AVERAGE RH (PERCENT)     77

WEATHER CONDITIONS. NUMBER OF DAYS WITH
THUNDERSTORM             24     MIXED PRECIP               0
HEAVY RAIN                7     RAIN                       8
LIGHT RAIN               13     FREEZING RAIN              0
LT FREEZING RAIN          0     HAIL                       0
HEAVY SNOW                0     SNOW                       0
LIGHT SNOW                0     SLEET                      0
FOG                      24     FOG W/VIS <= 1/4 MILE      2
HAZE                      1

-  INDICATES NEGATIVE NUMBERS.
R  INDICATES RECORD WAS SET OR TIED.
MM INDICATES DATA IS MISSING.
T  INDICATES TRACE AMOUNT.

$$
