000
CXUS55 KLKN 011036
CLMTPH


CLIMATE REPORT
NATIONAL WEATHER SERVICE ELKO NV
223 AM PST FRI DEC 1 2017

...................................

...THE TONOPAH AIRPORT NV CLIMATE SUMMARY FOR THE MONTH OF NOVEMBER 2017...

CLIMATE NORMAL PERIOD 1981 TO 2010
CLIMATE RECORD PERIOD 1954 TO 2017

WEATHER         OBSERVED          NORMAL  DEPART  LAST YEAR`S
                 VALUE   DATE(S)  VALUE   FROM    VALUE  DATE(S)
                                          NORMAL
................................................................
TEMPERATURE (F)
RECORD
 HIGH              77   11/03/1988
 LOW                4   11/15/1985
HIGHEST            71   11/22        69       2       72  11/08
LOWEST             16   11/18        13       3       15  11/30
AVG. MAXIMUM     60.4              53.8     6.6     58.0
AVG. MINIMUM     29.6              26.5     3.1     28.9
MEAN             45.0              40.1     4.9     43.5
DAYS MAX >= 90      0               0.0     0.0        0
DAYS MAX <= 32      0               0.4    -0.4        0
DAYS MIN <= 32     22              23.6    -1.6       18
DAYS MIN <= 0       0               0.0     0.0        0

PRECIPITATION (INCHES)
RECORD
 MAXIMUM         2.68   1981
 MINIMUM         0.00   2006
                        2005
                        1999
TOTALS           0.01              0.44   -0.43     0.20
DAILY AVG.       0.00              0.01   -0.01     0.01
DAYS >= .01         1               2.5    -1.5        3
DAYS >= .10         0               1.2    -1.2        0
DAYS >= .50         0               0.1    -0.1        0
DAYS >= 1.00        0               0.1    -0.1        0
GREATEST
 24 HR. TOTAL    0.01   11/27 TO 11/27              0.14

DEGREE_DAYS
HEATING TOTAL     594               745    -151      636
 SINCE 7/1       1076              1217    -141     1017
COOLING TOTAL       0                 0       0        0
 SINCE 1/1       1222               783     439     1022
.................................................................

WIND (MPH)
AVERAGE WIND SPEED              7.8
HIGHEST WIND SPEED/DIRECTION    46/330    DATE  11/17
HIGHEST GUST SPEED/DIRECTION    54/330    DATE  11/17

AVERAGE RH (PERCENT)     45

WEATHER CONDITIONS. NUMBER OF DAYS WITH
THUNDERSTORM              0     MIXED PRECIP               0
HEAVY RAIN                0     RAIN                       0
LIGHT RAIN                1     FREEZING RAIN              0
LT FREEZING RAIN          0     HAIL                       0
HEAVY SNOW                0     SNOW                       0
LIGHT SNOW                0     SLEET                      0
FOG                       0     FOG W/VIS <= 1/4 MILE      0
HAZE                      2

-  INDICATES NEGATIVE NUMBERS.
R  INDICATES RECORD WAS SET OR TIED.
MM INDICATES DATA IS MISSING.
T  INDICATES TRACE AMOUNT.

&&

=====================================================================

...3RD WARMEST NOVEMBER ON RECORD IN TONOPAH...

A RECORD DAILY MAXIMUM TEMP OF 68 DEGREES WAS SET ON THE 21ST.
A RECORD DAILY MAXIMUM TEMP OF 71 DEGREES WAS SET ON THE 22ND.
A RECORD DAILY MAXIMUM TEMP OF 68 DEGREES WAS SET ON THE 23RD.
A RECORD DAILY MAXIMUM TEMP OF 70 DEGREES WAS SET OH THE 24TH.
A RECORD DAILY MAXIMUM TEMP OF 69 DEGREES WAS SET ON THE 25TH.
A RECORD DAILY MAXIMUM TEMP OF 69 DEGREES WAS SET ON THE 26TH.

$$

DS
