092
CXUS55 KLKN 052127 CCA
CLMTPH

CLIMATE REPORT...CORRECTION
NATIONAL WEATHER SERVICE ELKO NV
125 PM PST MON FEB 5 2018

...................................

...THE TONOPAH AIRPORT NV CLIMATE SUMMARY FOR THE MONTH OF JANUARY
2018...

CLIMATE NORMAL PERIOD 1981 TO 2010
CLIMATE RECORD PERIOD 1954 TO 2018

WEATHER         OBSERVED          NORMAL  DEPART  LAST YEAR`S
                 VALUE   DATE(S)  VALUE   FROM    VALUE  DATE(S)
                                          NORMAL
................................................................
TEMPERATURE (F)
RECORD
 HIGH              67   01/30/2018
                        01/18/1971
                        02/19/1981
 LOW              -15   01/24/1962
                        01/23/1962
HIGHEST            67R  01/30        57      10       50  01/09
LOWEST             15   01/26         5      10        3  01/25
AVG. MAXIMUM     52.2              44.8     7.4     39.1
AVG. MINIMUM     25.9              20.3     5.6     19.7
MEAN             39.0              32.5     6.5     29.4
DAYS MAX >= 90      0               0.0     0.0        0
DAYS MAX <= 32      0               2.3    -2.3        5
DAYS MIN <= 32     27              29.7    -2.7       31
DAYS MIN <= 0       0               0.4    -0.4        0

PRECIPITATION (INCHES)
RECORD
 MAXIMUM         2.25   1995
 MINIMUM         0.00   2003
                        1994
                        1976
TOTALS           0.45              0.49   -0.04     0.36
DAILY AVG.       0.01              0.02   -0.01     0.01
DAYS >= .01         3               4.1    -1.1        7
DAYS >= .10         1               1.7    -0.7        1
DAYS >= .50         0               0.1    -0.1        0
DAYS >= 1.00        0               0.0     0.0        0
GREATEST
 24 HR. TOTAL    0.34   01/09 TO 01/09              0.14

DEGREE_DAYS
HEATING TOTAL     794              1006    -212     1093
 SINCE 7/1       2765              3251    -486     3151
COOLING TOTAL       0                 0       0        0
 SINCE 1/1          0                 0       0        0
.................................................................

WIND (MPH)
AVERAGE WIND SPEED              7.7
HIGHEST WIND SPEED/DIRECTION    36/330    DATE  01/10
HIGHEST GUST SPEED/DIRECTION    44/330    DATE  01/10

AVERAGE RH (PERCENT)     56

WEATHER CONDITIONS. NUMBER OF DAYS WITH
THUNDERSTORM              0     MIXED PRECIP               0
HEAVY RAIN                0     RAIN                       1
LIGHT RAIN                4     FREEZING RAIN              0
LT FREEZING RAIN          0     HAIL                       0
HEAVY SNOW                0     SNOW                       0
LIGHT SNOW                3     SLEET                      0
FOG                       6     FOG W/VIS <= 1/4 MILE      0
HAZE                      0

-  INDICATES NEGATIVE NUMBERS.
R  INDICATES RECORD WAS SET OR TIED.
MM INDICATES DATA IS MISSING.
T  INDICATES TRACE AMOUNT.


&&

=====================================================================

...5TH WARMEST JANUARY ON RECORD IN TONOPAH...

A RECORD DAILY PRECIP OF 0.34 INCHES WAS SET ON THE 9TH.
A RECORD DAILY MAX TEMPERATURE OF 67 DEGREES WAS SET ON THE 30TH.
THIS ALSO TIED FOR THE WARMEST JANUARY MAX TEMP FOR ANY DAY.

$$

BA/DS
