000
CXUS55 KLKN 011050
CLMTPH


CLIMATE REPORT
NATIONAL WEATHER SERVICE ELKO NV
241 AM PST WED MAR 1 2017

...................................

...THE TONOPAH AIRPORT NV CLIMATE SUMMARY FOR THE MONTH OF FEBRUARY 2017...

CLIMATE NORMAL PERIOD 1981 TO 2010
CLIMATE RECORD PERIOD 1954 TO 2017

WEATHER         OBSERVED          NORMAL  DEPART  LAST YEAR`S
                 VALUE   DATE(S)  VALUE   FROM    VALUE  DATE(S)
                                          NORMAL
................................................................
TEMPERATURE (F)
RECORD
 HIGH              75   02/25/1986
 LOW               -9   02/07/1989
HIGHEST            61   02/15        63      -2       68  02/26
                        02/09
LOWEST             17   02/24        11       6       -6  02/03
AVG. MAXIMUM     48.8              49.2    -0.4     51.8
AVG. MINIMUM     29.7              24.3     5.4     24.0
MEAN             39.3              36.8     2.5     37.9
DAYS MAX >= 90      0               0.0     0.0        0
DAYS MAX <= 32      0               0.7    -0.7        4
DAYS MIN <= 32     19              25.0    -6.0       25
DAYS MIN <= 0       0               0.1    -0.1        2

PRECIPITATION (INCHES)
RECORD
 MAXIMUM         2.68   1968
 MINIMUM         0.00   2003
                        1995
                        1977
TOTALS           0.62              0.52    0.10     0.10
DAILY AVG.       0.02              0.02    0.00     0.00
DAYS >= .01         5               4.4     0.6        1
DAYS >= .10         3               1.9     1.1        1
DAYS >= .50         0               0.0     0.0        0
DAYS >= 1.00        0               0.0     0.0        0
GREATEST
 24 HR. TOTAL    0.27   02/17 TO 02/18              0.45

DEGREE_DAYS
HEATING TOTAL     714               791     -77      781
 SINCE 7/1       3865              4042    -177     3927
COOLING TOTAL       0                 0       0        0
 SINCE 1/1          0                 0       0        0
.................................................................

WIND (MPH)
AVERAGE WIND SPEED              9.6
HIGHEST WIND SPEED/DIRECTION    35/330    DATE  02/22
HIGHEST GUST SPEED/DIRECTION    44/330    DATE  02/22

AVERAGE RH (PERCENT)     65

WEATHER CONDITIONS. NUMBER OF DAYS WITH
THUNDERSTORM              0     MIXED PRECIP               0
HEAVY RAIN                0     RAIN                       2
LIGHT RAIN                5     FREEZING RAIN              0
LT FREEZING RAIN          0     HAIL                       0
HEAVY SNOW                0     SNOW                       0
LIGHT SNOW                1     SLEET                      0
FOG                       7     FOG W/VIS <= 1/4 MILE      0
HAZE                      0

-  INDICATES NEGATIVE NUMBERS.
R  INDICATES RECORD WAS SET OR TIED.
MM INDICATES DATA IS MISSING.
T  INDICATES TRACE AMOUNT.

&&

=====================================================================

...17TH WARMEST FEBRUARY ON RECORD IN TONOPAH...

$$

DS
