000
CXUS55 KLKN 031220
CLMTPH


CLIMATE REPORT
NATIONAL WEATHER SERVICE ELKO NV
445 AM PDT FRI JUL 3 2015

...................................

...THE TONOPAH AIRPORT NV CLIMATE SUMMARY FOR THE MONTH OF JUNE 2015...

CLIMATE NORMAL PERIOD 1981 TO 2010
CLIMATE RECORD PERIOD 1954 TO 2015

WEATHER         OBSERVED          NORMAL  DEPART  LAST YEAR`S
                 VALUE   DATE(S)  VALUE   FROM    VALUE  DATE(S)
                                          NORMAL
................................................................
TEMPERATURE (F)
RECORD
 HIGH             103   06/30/2013
 LOW               27   06/01/1971
HIGHEST           101   06/20        96       5       98  06/30
LOWEST             49   06/07        39      10       41  06/18
                        06/05
AVG. MAXIMUM     89.9              84.8     5.1     87.7
AVG. MINIMUM     58.4              51.5     6.9     55.3
MEAN             74.2              68.1     6.1     71.5
DAYS MAX >= 90     19               9.4     9.6       14
DAYS MAX <= 32      0               0.0     0.0        0
DAYS MIN <= 32      0               0.1    -0.1        0
DAYS MIN <= 0       0               0.0     0.0        0

PRECIPITATION (INCHES)
RECORD
 MAXIMUM         1.67   1998
                        1969
 MINIMUM         0.00   2012
                        2010
                        2008
TOTALS           0.26              0.28   -0.02        T
DAILY AVG.       0.01              0.01    0.00        T
DAYS >= .01         4               2.3     1.7        0
DAYS >= .10         1               0.7     0.3        0
DAYS >= .50         0               0.1    -0.1        0
DAYS >= 1.00        0               0.0     0.0        0
GREATEST
 24 HR. TOTAL    0.10   06/06 TO 06/06                 T
                        06/05 TO 06/06
                        06/06 TO 06/06

DEGREE_DAYS
HEATING TOTAL       6                50     -44       15
 SINCE 7/1       4255              5461   -1206     4951
COOLING TOTAL     291               145     146      216
 SINCE 1/1        314               172     142      250
.................................................................

WIND (MPH)
AVERAGE WIND SPEED              9.8
HIGHEST WIND SPEED/DIRECTION    37/020    DATE  06/10
HIGHEST GUST SPEED/DIRECTION    44/020    DATE  06/10

AVERAGE RH (PERCENT)     23

WEATHER CONDITIONS. NUMBER OF DAYS WITH
THUNDERSTORM              0     MIXED PRECIP               0
HEAVY RAIN                1     RAIN                       1
LIGHT RAIN                4     FREEZING RAIN              0
LT FREEZING RAIN          0     HAIL                       0
HEAVY SNOW                0     SNOW                       0
LIGHT SNOW                0     SLEET                      0
FOG                       0     FOG W/VIS <= 1/4 MILE      0
HAZE                      3

-  INDICATES NEGATIVE NUMBERS.
R  INDICATES RECORD WAS SET OR TIED.
MM INDICATES DATA IS MISSING.
T  INDICATES TRACE AMOUNT.

$$

==============================================================

...WARMEST JUNE ON RECORD IN TONOPAH...
...17TH WETTEST JUNE ON RECORD IN TONOPAH...

THE AVERAGE TEMPERATURE IN TONOPAH DURING JUNE 2015 WAS 74.2
DEGREES...WHICH IS 6.1 DEGREES ABOVE THE 1981-2010
CLIMATOLOGICAL NORMAL OF 68.1 DEGREES. THIS MAKES JUNE
2015 THE WARMEST ON RECORD. THE TOTAL PRECIPITATION
WAS 0.26...WHICH IS -0.02 INCHES OR 7 PERCENT BELOW THE
1981-2010 CLIMATOLOGICAL NORMAL OF 0.28 INCH. THIS MAKES JUNE
2015 THE 53RD DRIEST ON RECORD.

A RECORD HIGH TEMPERATURE OF 100 DEGREES WAS SET ON JUNE 27.
A RECORD HIGH TEMPERATURE PF 101 DEGREES WAS SET ON JUNE 20.

$$

JRM
