000
CXUS55 KLKN 050245
CLMTPH


CLIMATE REPORT
NATIONAL WEATHER SERVICE ELKO NV
703 PM PDT SUN SEP 4 2016

...................................

...THE TONOPAH AIRPORT NV CLIMATE SUMMARY FOR THE MONTH OF AUGUST 2016...

CLIMATE NORMAL PERIOD 1981 TO 2010
CLIMATE RECORD PERIOD 1954 TO 2016

WEATHER         OBSERVED          NORMAL  DEPART  LAST YEAR`S
                 VALUE   DATE(S)  VALUE   FROM    VALUE  DATE(S)
                                          NORMAL
................................................................
TEMPERATURE (F)
RECORD
 HIGH             103   08/12/1971
 LOW               37   08/25/1963
                        08/24/1963
                        08/30/1957
HIGHEST            98   08/02        98       0       96  08/20
                                                          08/19
                                                          08/18
LOWEST             50   08/10        46       4       48  08/08
AVG. MAXIMUM     92.0              89.7     2.3     91.5
AVG. MINIMUM     57.3              55.4     1.9     58.7
MEAN             74.7              72.5     2.2     75.1
DAYS MAX >= 90     24              15.9     8.1       22
DAYS MAX <= 32      0               0.0     0.0        0
DAYS MIN <= 32      0               0.0     0.0        0
DAYS MIN <= 0       0               0.0     0.0        0

PRECIPITATION (INCHES)
RECORD
 MAXIMUM         2.74   2000
 MINIMUM         0.00   2006
                        2002
                        1985
TOTALS              T              0.51   -0.51     0.22
DAILY AVG.          T              0.02   -0.02     0.01
DAYS >= .01         0               2.9    -2.9        2
DAYS >= .10         0               1.4    -1.4        1
DAYS >= .50         0               0.2    -0.2        0
DAYS >= 1.00        0               0.0     0.0        0
GREATEST
 24 HR. TOTAL       T   08/28 TO 08/28              0.18
                        08/20 TO 08/21
                        08/21 TO 08/21

DEGREE_DAYS
HEATING TOTAL       0                 4      -4        0
 SINCE 7/1          0                 6      -6        0
COOLING TOTAL     306               238      68      322
 SINCE 1/1        963               713     250      905
.................................................................

WIND (MPH)
AVERAGE WIND SPEED              8.9
HIGHEST WIND SPEED/DIRECTION    33/350    DATE  08/26
HIGHEST GUST SPEED/DIRECTION    46/010    DATE  08/26

AVERAGE RH (PERCENT)     17

WEATHER CONDITIONS. NUMBER OF DAYS WITH
THUNDERSTORM              0     MIXED PRECIP               0
HEAVY RAIN                0     RAIN                       0
LIGHT RAIN                2     FREEZING RAIN              0
LT FREEZING RAIN          0     HAIL                       0
HEAVY SNOW                0     SNOW                       0
LIGHT SNOW                0     SLEET                      0
FOG                       0     FOG W/VIS <= 1/4 MILE      0
HAZE                      0

-  INDICATES NEGATIVE NUMBERS.
R  INDICATES RECORD WAS SET OR TIED.
MM INDICATES DATA IS MISSING.
T  INDICATES TRACE AMOUNT.


THE AVERAGE TEMPERATURE IN TONOPAH DURING AUGUST 2016 WAS 74.7
DEGREES...WHICH IS 2.2 DEGREES ABOVE THE 1981-2010
CLIMATOLOGICAL NORMAL OF 72.5 DEGREES. THIS MAKES AUGUST THE
12TH WARMEST ON RECORD. THE TOTAL PRECIPITATION WAS A TRACE
WHICH IS 0.51 INCHES BELOW NORMAL...WHICH TIES FOR THE 6TH
DRIEST AUGUST ON RECORD.

$$
