000
CXUS51 KPHI 010942
CLMTTN


CLIMATE REPORT
NATIONAL WEATHER SERVICE MOUNT HOLLY NJ
541 AM EDT MON MAY 1 2017

...................................

...THE TRENTON NJ CLIMATE SUMMARY FOR THE MONTH OF APRIL 2017...

CLIMATE NORMAL PERIOD 1981 TO 2010
CLIMATE RECORD PERIOD 1865 TO 2017

WEATHER         OBSERVED          NORMAL  DEPART  LAST YEAR`S
                 VALUE   DATE(S)  VALUE   FROM    VALUE
                                          NORMAL
.............................................................
TEMPERATURE (F)
RECORD
 HIGH              93   04/17/2002
                        04/18/1976
                        04/27/1915
 LOW               11   04/01/1923
HIGHEST            86                MM      MM       84
LOWEST             34                MM      MM       23
AVG. MAXIMUM     67.1              61.4     5.7     62.6
AVG. MINIMUM     46.9              41.0     5.9     40.5
MEAN             57.0              51.2     5.8     51.6
DAYS MAX >= 90      0               0.2    -0.2        0
DAYS MAX <= 32      0               0.1    -0.1        0
DAYS MIN <= 32      0               2.8    -2.8        5
DAYS MIN <= 0       0               0.0     0.0        0

PRECIPITATION (INCHES)
RECORD
 MAXIMUM         9.96   2007
 MINIMUM         0.10   1990
TOTALS           3.16              3.54   -0.38     1.67
DAILY AVG.       0.11              0.12   -0.01     0.06
DAYS >= .01        13                MM      MM       10
DAYS >= .10         6                MM      MM        6
DAYS >= .50         3                MM      MM        0
DAYS >= 1.00        0                MM      MM        0
GREATEST
 24 HR. TOTAL    1.00   04/06 TO 04/07              0.43

DEGREE_DAYS
HEATING TOTAL     261               422    -161      403
 SINCE 7/1       4268              4968    -700     4018
COOLING TOTAL      31                 8      23        9
 SINCE 1/1         31                 8      23       12
..............................................................

WIND (MPH)
AVERAGE WIND SPEED              7.8
HIGHEST WIND SPEED/DIRECTION    26/260    DATE  04/16
HIGHEST GUST SPEED/DIRECTION    35/270    DATE  04/16

SKY COVER
POSSIBLE SUNSHINE (PERCENT)   MM
AVERAGE SKY COVER           0.50
NUMBER OF DAYS FAIR           12
NUMBER OF DAYS PC              7
NUMBER OF DAYS CLOUDY         11

AVERAGE RH (PERCENT)     66

WEATHER CONDITIONS. NUMBER OF DAYS WITH
THUNDERSTORM              0     MIXED PRECIP               0
HEAVY RAIN                5     RAIN                       6
LIGHT RAIN               15     FREEZING RAIN              0
LT FREEZING RAIN          0     HEAVY SNOW                 0
SNOW                      0     LIGHT SNOW                 1
SLEET                     0     FOG                       15
FOG W/VIS <= 1/4 MILE     2     HAZE                       2

-  INDICATES NEGATIVE NUMBERS.
R  INDICATES RECORD WAS SET OR TIED.
MM INDICATES DATA IS MISSING.
T  INDICATES TRACE AMOUNT.

$$
