000
CXUS54 KMEG 110312
CLMTUP


CLIMATE REPORT
NATIONAL WEATHER SERVICE MEMPHIS TN
907 PM CST TUE JAN 10 2017

...................................

...THE TUPELO CLIMATE SUMMARY FOR THE YEAR OF 2016...

CLIMATE NORMAL PERIOD 1981 TO 2010
CLIMATE RECORD PERIOD 1930 TO 2017

WEATHER         OBSERVED          NORMAL  DEPART  LAST YEAR`S
                 VALUE   DATE(S)  VALUE   FROM    VALUE  DATE(S)
                                          NORMAL
................................................................
TEMPERATURE (F)
RECORD
 HIGH             109   07/29/1930
 LOW              -14   01/27/1940
HIGHEST            98   09/25                         98  08/04
                        09/24                             07/28
                        08/04
LOWEST             17   01/19                          8  01/08
                        01/11
AVG. MAXIMUM     76.2              73.4     2.8     73.5
AVG. MINIMUM     53.6              51.5     2.1     53.0
MEAN             64.9              62.5     2.4     63.3
DAYS MAX >= 90    104              65.4    38.6       65
DAYS MAX <= 32      1               2.6    -1.6        2
DAYS MIN <= 32     52              53.0    -1.0       56
DAYS MIN <= 0       0               0.1    -0.1        0

PRECIPITATION (INCHES)
RECORD
 MAXIMUM        81.05   1991
 MINIMUM        34.55   1943
TOTALS          46.27             55.01   -8.74    70.76
DAILY AVG.       0.12              0.15   -0.03     0.19
DAYS >= .01       106             110.3    -4.3      128
DAYS >= .10        73              76.7    -3.7       90
DAYS >= .50        29              36.6    -7.6       45
DAYS >= 1.00       15              16.6    -1.6       21

SNOWFALL (INCHES)
RECORDS
 TOTAL           11.6   1936
 SNOW DEPTH         8   01/23/1935
                        01/30/1936
                        01/24/1940
TOTALS              T               2.1    -2.1      7.4
SINCE 7/1           T               0.3    -0.3      0.0
SNOWDEPTH AVG.      0                MM      MM        0
DAYS >= TRACE       3               2.4     0.6        6
DAYS >= 1.0         0               0.8    -0.8        1
GREATEST
 SNOW DEPTH         0   MM                             7  02/26

DEGREE_DAYS
HEATING TOTAL    2464              2955    -491     2659
 SINCE 7/1        885              1173    -288       MM
COOLING TOTAL    2546              2045     501     2175
 SINCE 1/1       2546              2046     500     2175

FREEZE DATES
RECORD
 EARLIEST     10/03/1974
 LATEST       05/04/1976
EARLIEST                        10/28
LATEST                          04/03
.................................................................

WIND (MPH)
AVERAGE WIND SPEED              6.2
RESULTANT WIND SPEED/DIRECTION   1/097
HIGHEST WIND SPEED/DIRECTION    32/140    DATE  02/02
HIGHEST GUST SPEED/DIRECTION    44/140    DATE  02/02

SKY COVER
AVERAGE SKY COVER           0.30

AVERAGE RH (PERCENT)     64

WEATHER CONDITIONS. NUMBER OF DAYS WITH
THUNDERSTORM              0     MIXED PRECIP               0
HEAVY RAIN               38     RAIN                      52
LIGHT RAIN              105     FREEZING RAIN              0
LT FREEZING RAIN          1     HAIL                       0
HEAVY SNOW                0     SNOW                       0
LIGHT SNOW                2     SLEET                      1
FOG                     108     FOG W/VIS <= 1/4 MILE     13
HAZE                     24

-  INDICATES NEGATIVE NUMBERS.
R  INDICATES RECORD WAS SET OR TIED.
MM INDICATES DATA IS MISSING.
T  INDICATES TRACE AMOUNT.

$$
