229
CXUS54 KJAN 012031
CLMTVR


CLIMATE REPORT
NATIONAL WEATHER SERVICE JACKSON MS
330 PM CDT THU SEP 1 2016

...................................

...THE VICKSBURG CLIMATE SUMMARY FOR THE MONTH OF AUGUST 2016...

CLIMATE NORMAL PERIOD 1981 TO 2010
CLIMATE RECORD PERIOD 1948 TO 2016

WEATHER         OBSERVED          NORMAL  DEPART  LAST YEAR`S
                 VALUE   DATE(S)  VALUE   FROM    VALUE
                                          NORMAL
.............................................................
TEMPERATURE (F)
RECORD
 HIGH             106   08/31/2000
 LOW               52   08/14/2004
                        08/23/1956
HIGHEST           100   08/04        MM      MM      103
LOWEST             72   08/01        MM      MM       53
AVG. MAXIMUM     93.9              92.0     1.9     93.9
AVG. MINIMUM     74.9              69.7     5.2     69.9
MEAN             84.4              80.9     3.5     81.9
DAYS MAX >= 90     28              22.0     6.0       26
DAYS MAX <= 32      0               0.0     0.0        0
DAYS MIN <= 32      0               0.0     0.0        0
DAYS MIN <= 0       0               0.0     0.0        0

PRECIPITATION (INCHES)
RECORD
 MAXIMUM        13.06   1948
 MINIMUM         0.29   1990
TOTALS           6.87              3.65    3.22     3.21
DAILY AVG.       0.22              0.12    0.10     0.10
DAYS >= .01        18                MM      MM        4
DAYS >= .10        11                MM      MM        2
DAYS >= .50         8                MM      MM        1
DAYS >= 1.00        0                MM      MM        1
GREATEST
 24 HR. TOTAL    1.41   08/16 TO 08/17              2.77

SNOWFALL (INCHES)
TOTALS            0.0

DEGREE_DAYS
HEATING TOTAL       0                 0       0        0
 SINCE 7/1          0                 0       0        0
COOLING TOTAL     609               491     118      531
 SINCE 1/1       2247              1789     458     2054
..............................................................

WIND (MPH)
AVERAGE WIND SPEED              3.6
HIGHEST WIND SPEED/DIRECTION    36/010    DATE  08/06
HIGHEST GUST SPEED/DIRECTION    43/010    DATE  08/06

SKY COVER
POSSIBLE SUNSHINE (PERCENT)   MM
AVERAGE SKY COVER           0.30
NUMBER OF DAYS FAIR           20
NUMBER OF DAYS PC              9
NUMBER OF DAYS CLOUDY          2

AVERAGE RH (PERCENT)     75

WEATHER CONDITIONS. NUMBER OF DAYS WITH
THUNDERSTORM             16     MIXED PRECIP               0
HEAVY RAIN               11     RAIN                      15
LIGHT RAIN               24     FREEZING RAIN              0
LT FREEZING RAIN          0     HAIL                       0
HEAVY SNOW                0     SNOW                       0
LIGHT SNOW                0     SLEET                      0
FOG                      29     FOG W/VIS <= 1/4 MILE      4
HAZE                      1

-  INDICATES NEGATIVE NUMBERS.
R  INDICATES RECORD WAS SET OR TIED.
MM INDICATES DATA IS MISSING.
T  INDICATES TRACE AMOUNT.

$$
