000
CXUS54 KMRX 021657
CLMTYS


CLIMATE REPORT
NATIONAL WEATHER SERVICE MORRISTOWN TN
1257 PM EDT THU NOV 2 2017

...................................

...THE KNOXVILLE    ASOS CLIMATE SUMMARY FOR THE MONTH OF OCTOBER 2017...

CLIMATE NORMAL PERIOD 1981 TO 2010
CLIMATE RECORD PERIOD 1871 TO 2017

WEATHER         OBSERVED          NORMAL  DEPART
                 VALUE   DATE(S)  VALUE   FROM
                                          NORMAL
................................................
TEMPERATURE (F)
HIGHEST            87   10/07
LOWEST             29   10/30
AVG. MAXIMUM     74.1              71.2     2.9
AVG. MINIMUM     50.0              48.5     1.5
MEAN             62.0              59.9     2.1
DAYS MAX >= 90      0
DAYS MAX <= 32      0
DAYS MIN <= 32      1
DAYS MIN <= 0       0

PRECIPITATION (INCHES)
RECORD
 MAXIMUM         9.51   1925
 MINIMUM         0.00   2000
                        1963
TOTALS           5.36              2.51    2.85
DAYS >= .01         7
DAYS >= .10         4
DAYS >= .50         4
DAYS >= 1.00        3
GREATEST
 24 HR. TOTAL    2.16   10/08 TO 10/08

SNOWFALL (INCHES)
TOTALS              T               0.0     0.0
SINCE 7/1           T
SNOWDEPTH AVG.      0
DAYS >= TRACE       1
GREATEST
 SNOW DEPTH         0   MM

DEGREE_DAYS
HEATING TOTAL     173               196     -23
 SINCE 7/1        188               219     -31
COOLING TOTAL      89                36      53
 SINCE 1/1       1552              1523      29
.................................................



-  INDICATES NEGATIVE NUMBERS.
R  INDICATES RECORD WAS SET OR TIED.
MM INDICATES DATA IS MISSING.
T  INDICATES TRACE AMOUNT.

$$
