000
CXUS54 KMRX 011443
CLMTYS


CLIMATE REPORT
NATIONAL WEATHER SERVICE MORRISTOWN TN
1043 AM EDT THU JUN 1 2017

...................................

...THE KNOXVILLE    ASOS CLIMATE SUMMARY FOR THE MONTH OF MAY 2017...

CLIMATE NORMAL PERIOD 1981 TO 2010
CLIMATE RECORD PERIOD 1871 TO 2017

WEATHER         OBSERVED          NORMAL  DEPART
                 VALUE   DATE(S)  VALUE   FROM
                                          NORMAL
................................................
TEMPERATURE (F)
HIGHEST            91   05/20
LOWEST             42   05/07
AVG. MAXIMUM     77.8              78.1    -0.3
AVG. MINIMUM     58.3              56.2     2.1
MEAN             68.0              67.2     0.8
DAYS MAX >= 90      1
DAYS MAX <= 32      0
DAYS MIN <= 32      0
DAYS MIN <= 0       0

PRECIPITATION (INCHES)
RECORD
 MAXIMUM        10.98   1974
 MINIMUM         0.71   1941
TOTALS           4.85              4.51    0.34
DAYS >= .01        14
DAYS >= .10        10
DAYS >= .50         5
DAYS >= 1.00        0
GREATEST
 24 HR. TOTAL    0.95   05/23 TO 05/23

SNOWFALL (INCHES)
TOTALS            0.0               0.0     0.0
SINCE 7/1         2.3
SNOWDEPTH AVG.      0
DAYS >= TRACE       0
GREATEST
 SNOW DEPTH         0   MM

DEGREE_DAYS
HEATING TOTAL      52                58      -6
 SINCE 7/1       2591              3633   -1042
COOLING TOTAL     152               125      27
 SINCE 1/1        248               162      86
.................................................



-  INDICATES NEGATIVE NUMBERS.
R  INDICATES RECORD WAS SET OR TIED.
MM INDICATES DATA IS MISSING.
T  INDICATES TRACE AMOUNT.

$$
