000
CXUS56 KPQR 011458
CLMUAO


CLIMATE REPORT
NATIONAL WEATHER SERVICE PORTLAND OREGON
758 AM PDT MON SEP 1 2014

...................................

...THE AURORA STATE OR CLIMATE SUMMARY FOR THE MONTH OF AUGUST 2014...

CLIMATE NORMAL PERIOD 1981 TO 2010
CLIMATE RECORD PERIOD 9999 TO 9999

WEATHER         OBSERVED          NORMAL  DEPART  LAST YEAR`S
                 VALUE   DATE(S)  VALUE   FROM    VALUE  DATE(S)
                                          NORMAL
................................................................
TEMPERATURE (F)
HIGHEST            95                                 93  08/06
LOWEST             50                                 52  08/20
                                                          08/13
AVG. MAXIMUM     85.0              81.8     3.2     81.7
AVG. MINIMUM     58.0              54.7     3.3     57.4
MEAN             71.5              68.3     3.2     69.6
DAYS MAX >= 90      9               5.1     3.9        4
DAYS MAX <= 32      0               0.0     0.0        0
DAYS MIN <= 32      0               0.0     0.0        0
DAYS MIN <= 0       0               0.0     0.0        0

PRECIPITATION (INCHES)
RECORD
 MAXIMUM           MM   MM
 MINIMUM           MM   MM
TOTALS           0.17              0.66   -0.49     0.61
DAYS >= .01         3                MM      MM        7
DAYS >= .10         0                MM      MM        2
DAYS >= .50         0                MM      MM        0
DAYS >= 1.00        0                MM      MM        0
GREATEST
 24 HR. TOTAL    0.08   08/30 TO 08/30
                        08/29 TO 08/30
                        08/30 TO 08/30

DEGREE_DAYS
HEATING TOTAL       1                22     -21        5
 SINCE 7/1          6                47     -41       10
COOLING TOTAL     210               123      87      154
 SINCE 1/1        444               290     154      362
.................................................................

WIND (MPH)
AVERAGE WIND SPEED              4.7
RESULTANT WIND SPEED/DIRECTION   3/022
HIGHEST WIND SPEED/DIRECTION    20/020    DATE  08/09
HIGHEST GUST SPEED/DIRECTION    28/230    DATE  08/01

SKY COVER
POSSIBLE SUNSHINE (PERCENT)   MM
AVERAGE SKY COVER           0.20

AVERAGE RH (PERCENT)     61

WEATHER CONDITIONS. NUMBER OF DAYS WITH
THUNDERSTORM              0     MIXED PRECIP               0
HEAVY RAIN                0     RAIN                       1
LIGHT RAIN                3     FREEZING RAIN              0
LT FREEZING RAIN          0     HAIL                       0
HEAVY SNOW                0     SNOW                       0
LIGHT SNOW                0     SLEET                      0
FOG                       3     FOG W/VIS <= 1/4 MILE      0
HAZE                      2

-  INDICATES NEGATIVE NUMBERS.
R  INDICATES RECORD WAS SET OR TIED.
MM INDICATES DATA IS MISSING.
T  INDICATES TRACE AMOUNT.

$$
