000
CXUS53 KUNR 011614
CLMUNR


CLIMATE REPORT
NATIONAL WEATHER SERVICE RAPID CITY SD
1014 AM MDT TUE AUG 1 2017

...................................

...THE EAST RAPID CITY SD CLIMATE SUMMARY FOR THE MONTH OF JULY 2017...

CLIMATE NORMAL PERIOD 1981 TO 2010
CLIMATE RECORD PERIOD 1888 TO 2017

WEATHER         OBSERVED          NORMAL  DEPART  LAST YEAR`S
                 VALUE   DATE(S)  VALUE   FROM    VALUE  DATE(S)
                                          NORMAL
................................................................
TEMPERATURE (F)
RECORD
 HIGH             107   07/12/1954
                        07/09/1954
 LOW               40   07/01/1959
HIGHEST           102   07/05                         99  07/22
                                                          07/20
LOWEST             56   07/13                         54  07/03
                        07/01
AVG. MAXIMUM     92.1              84.3     7.8     86.2
AVG. MINIMUM     64.7              61.7     3.0     61.8
MEAN             78.4              73.0     5.4     74.0
DAYS MAX >= 90     22                                  9
DAYS MAX <= 32      0                                  0
DAYS MIN <= 32      0                                  0
DAYS MIN <= 0       0                                  0

PRECIPITATION (INCHES)
RECORD
 MAXIMUM         9.66   1905
 MINIMUM         0.13   1890
TOTALS           1.24              2.50   -1.26     2.86
DAILY AVG.       0.04              0.08   -0.04     0.09
DAYS >= .01        10                                 13
DAYS >= .10         6                                  5
DAYS >= .50         0                                  2
DAYS >= 1.00        0                                  1
GREATEST
 24 HR. TOTAL    0.28   07/12 TO 07/12              1.31
                        07/11 TO 07/11

SNOWFALL (INCHES)
RECORDS
 TOTAL            0.0   1955
TOTALS            0.0               0.0     0.0      0.0
SINCE 7/1         0.0               0.0     0.0      0.0
SNOWDEPTH AVG.      0                MM      MM        0
DAYS >= 1.0         0               0.0     0.0        0
GREATEST
 SNOW DEPTH         0   MM                             0  MM
 24 HR TOTAL      0.0   07/31 TO 07/31               0.0

DEGREE_DAYS
HEATING TOTAL       0                12     -12        1
 SINCE 7/1          0                12     -12        1
COOLING TOTAL     424               260     164      285
 SINCE 1/1        579               369     210      536
.................................................................

WIND (MPH)
AVERAGE WIND SPEED              7.9
HIGHEST WIND SPEED/DIRECTION    41/360    DATE  07/31
HIGHEST GUST SPEED/DIRECTION    55/360    DATE  07/31

AVERAGE RH (PERCENT)     45

WEATHER CONDITIONS. NUMBER OF DAYS WITH
THUNDERSTORM              0     MIXED PRECIP               0
HEAVY RAIN                0     RAIN                       3
LIGHT RAIN               13     FREEZING RAIN              0
LT FREEZING RAIN          0     HAIL                       0
HEAVY SNOW                0     SNOW                       0
LIGHT SNOW                0     SLEET                      0
FOG                       0     FOG W/VIS <= 1/4 MILE      0
HAZE                      0

-  INDICATES NEGATIVE NUMBERS.
R  INDICATES RECORD WAS SET OR TIED.
MM INDICATES DATA IS MISSING.
T  INDICATES TRACE AMOUNT.

$$
