000
CXUS55 KGJT 011120
CLMVEL


CLIMATE REPORT
NATIONAL WEATHER SERVICE GRAND JUNCTION CO
447 AM MDT FRI SEP 1 2017

...................................

...THE VERNAL UT CLIMATE SUMMARY FOR THE MONTH OF AUGUST 2017...

CLIMATE NORMAL PERIOD 1981 TO 2010
CLIMATE RECORD PERIOD 9999 TO 9999

WEATHER         OBSERVED          NORMAL  DEPART  LAST YEAR`S
                 VALUE   DATE(S)  VALUE   FROM    VALUE  DATE(S)
                                          NORMAL
................................................................
TEMPERATURE (F)
HIGHEST            96   08/29        MM      MM       97  08/02
                        08/02
LOWEST             48   08/16        MM      MM       46  08/27
                                                          08/26
AVG. MAXIMUM     89.2              85.1     4.1     87.5
AVG. MINIMUM     54.5              55.3    -0.8     52.8
MEAN             71.9              70.2     1.7     70.2
DAYS MAX >= 90     17               5.9    11.1       11
DAYS MAX <= 32      0               0.0     0.0        0
DAYS MIN <= 32      0               0.0     0.0        0
DAYS MIN <= 0       0               0.0     0.0        0

PRECIPITATION (INCHES)
TOTALS           0.64              0.76   -0.12     0.32
DAILY AVG.       0.02              0.02    0.00     0.01
DAYS >= .01         9               4.9     4.1        4
DAYS >= .10         2               2.2    -0.2        1
DAYS >= .50         0               0.3    -0.3        0
DAYS >= 1.00        0               0.0     0.0        0
GREATEST
 24 HR. TOTAL    0.20   08/04 TO 08/04              0.12

SNOWFALL (INCHES)
TOTALS             MM                MM      MM       MM
SINCE 7/1          MM               0.0      MM       MM
SNOWDEPTH AVG.     MM                MM      MM       MM
DAYS >= 1.0        MM                MM      MM       MM
GREATEST
 SNOW DEPTH        MM                                 MM  MM
 24 HR TOTAL       MM                                 MM

DEGREE_DAYS
HEATING TOTAL       0                10     -10       10
 SINCE 7/1          0                16     -16       10
COOLING TOTAL     221               171      50      179
 SINCE 1/1        799               489     310      709
.................................................................

WIND (MPH)
AVERAGE WIND SPEED              5.5
HIGHEST WIND SPEED/DIRECTION    37/320    DATE  08/09
HIGHEST GUST SPEED/DIRECTION    48/200    DATE  08/06

SKY COVER
POSSIBLE SUNSHINE (PERCENT)   MM
AVERAGE SKY COVER           0.10
NUMBER OF DAYS FAIR           30
NUMBER OF DAYS PC              1
NUMBER OF DAYS CLOUDY          0

AVERAGE RH (PERCENT)     45

WEATHER CONDITIONS. NUMBER OF DAYS WITH
THUNDERSTORM             10     MIXED PRECIP               0
HEAVY RAIN                1     RAIN                       2
LIGHT RAIN               15     FREEZING RAIN              0
LT FREEZING RAIN          0     HAIL                       0
HEAVY SNOW                0     SNOW                       0
LIGHT SNOW                0     SLEET                      0
FOG                       0     FOG W/VIS <= 1/4 MILE      0
HAZE                      2

-  INDICATES NEGATIVE NUMBERS.
R  INDICATES RECORD WAS SET OR TIED.
MM INDICATES DATA IS MISSING.
T  INDICATES TRACE AMOUNT.

$$
