000
CXUS53 KLOT 011351
CLMVPZ


CLIMATE REPORT
NATIONAL WEATHER SERVICE CHICAGO IL
835 AM CDT MON MAY 1 2017

...................................

...THE VALPARAISO CLIMATE SUMMARY FOR THE MONTH OF APRIL 2017...

CLIMATE NORMAL PERIOD 1981 TO 2010
CLIMATE RECORD PERIOD 1998 TO 2017

WEATHER         OBSERVED          NORMAL  DEPART  LAST YEAR`S
                 VALUE   DATE(S)  VALUE   FROM    VALUE
                                          NORMAL
.............................................................
TEMPERATURE (F)
RECORD
 HIGH              88   04/18/2002
                        04/18/2002
 LOW               20   04/05/2016
                        04/03/2013
                        04/10/2007
HIGHEST            82   04/26        60      22       83
                        04/15
LOWEST             32   04/08        38      -6       20
AVG. MAXIMUM     65.5              59.7     5.8     59.1
AVG. MINIMUM     43.5              38.5     5.0     37.4
MEAN             54.5              49.1     5.4     48.3

PRECIPITATION (INCHES)
RECORD
 MAXIMUM         6.22   1999
 MINIMUM         1.15   2005
TOTALS           5.40              3.53    1.87     2.68

DEGREE_DAYS
HEATING TOTAL     323               482    -159      502
 SINCE 7/1       4819              6059   -1240     5001
COOLING TOTAL      13                 5       8        6
 SINCE 1/1         13                 5       8        6
..............................................................

WIND (MPH)
AVERAGE WIND SPEED              10.2
HIGHEST WIND SPEED/DIRECTION    33/260    DATE  04/14
HIGHEST GUST SPEED/DIRECTION    47/350    DATE  04/06

AVERAGE RH (PERCENT)     68


-  INDICATES NEGATIVE NUMBERS.
R  INDICATES RECORD WAS SET OR TIED.
MM INDICATES DATA IS MISSING.
T  INDICATES TRACE AMOUNT.

$$
