000
CXUS52 KMLB 011752
CLMVRB


CLIMATE REPORT
NATIONAL WEATHER SERVICE MELBOURNE FL
1237 PM EDT TUE JUL 1 2014

...................................

...THE VERO BEACH CLIMATE SUMMARY FOR THE MONTH OF JUNE 2014...

CLIMATE NORMAL PERIOD 1981 TO 2010
CLIMATE RECORD PERIOD 1942 TO 2014

WEATHER         OBSERVED          NORMAL  DEPART  LAST YEAR`S
                 VALUE   DATE(S)  VALUE   FROM    VALUE  DATE(S)
                                          NORMAL
................................................................
TEMPERATURE (F)
MONTHLY RECORD
 HOTTEST         83.4   1998
 COLDEST         77.5   1966
DAILY RECORD
 HIGH             102   06/22/2009
 LOW               57   06/01/1984
JUNE 2014
HIGHEST            94   06/07                         95
LOWEST             65   06/05                         69
                        06/04
AVG. MAXIMUM     88.2              88.3    -0.1     89.4
AVG. MINIMUM     70.3              72.1    -1.8     73.9
MEAN             79.2              80.2    -1.0     81.6
DAYS MAX >= 90      9               8.3     0.7       13
DAYS MAX <= 32      0               0.0     0.0        0
DAYS MIN <= 32      0               0.0     0.0        0
DAYS MIN <= 0       0               0.0     0.0        0

PRECIPITATION (INCHES)
MONTHLY RECORD
 MAXIMUM        20.73   1992
 MINIMUM         0.30   1998
DAILY RECORD
 MAXIMUM         4.60   06/08/1973
JUNE 2014
TOTALS           7.70              6.67    1.03     5.49
DAYS >= .01        13              13.9    -0.9       12
DAYS >= .10        12               9.3     2.7        5
DAYS >= .50         6               4.2     1.8        3
DAYS >= 1.00        2               2.4    -0.4        2
GREATEST
 24 HR. TOTAL    2.31   06/12 TO 06/13

SNOWFALL (INCHES)
TOTALS            0.0               0.0     0.0      0.0
SINCE 7/1         0.0               0.0     0.0      0.0
DAYS >= TRACE       0                                  0

DEGREE_DAYS
HEATING TOTAL       0                 0       0        0
 SINCE 7/1        268               456    -188      398
COOLING TOTAL     434               456     -22      505
 SINCE 1/1       1360              1262      98     1412
.................................................................

WIND (MPH)
AVERAGE WIND SPEED              6.9
HIGHEST WIND SPEED/DIRECTION    52/270    DATE  06/13
HIGHEST GUST SPEED/DIRECTION    60/260    DATE  06/13

SKY COVER
POSSIBLE SUNSHINE (PERCENT)   MM
AVERAGE SKY COVER           0.20
NUMBER OF DAYS FAIR           24
NUMBER OF DAYS PC              5
NUMBER OF DAYS CLOUDY          1

AVERAGE RH (PERCENT)     78

WEATHER CONDITIONS. NUMBER OF DAYS WITH
THUNDERSTORM             17     MIXED PRECIP               0
HEAVY RAIN               12     RAIN                       6
LIGHT RAIN               13     LT FREEZING RAIN           0
HAIL                      0     LIGHT SNOW                 0
SLEET                     0     FOG                       16
FOG W/VIS <= 1/4 MILE     0     HAZE                       7

-  INDICATES NEGATIVE NUMBERS.
R  INDICATES RECORD WAS SET OR TIED.
MM INDICATES DATA IS MISSING.
T  INDICATES TRACE AMOUNT.

$$
