000
CXUS56 KPQR 011534
CLMVUO


CLIMATE REPORT
NATIONAL WEATHER SERVICE PORTLAND OREGON
834 AM PDT WED OCT 1 2014

...................................

...THE VANCOUVER WA CLIMATE SUMMARY FOR THE MONTH OF SEPTEMBER 2014...

CLIMATE NORMAL PERIOD 1981 TO 2010
CLIMATE RECORD PERIOD 1891 TO 2014

WEATHER         OBSERVED          NORMAL  DEPART  LAST YEAR`S
                 VALUE   DATE(S)  VALUE   FROM    VALUE  DATE(S)
                                          NORMAL
................................................................
TEMPERATURE (F)
RECORD
 HIGH             102   09/05/1944
 LOW               30   09/26/1908
HIGHEST            95                MM      MM       96  09/11
LOWEST             46                MM      MM       45  09/26
                                                          09/19
AVG. MAXIMUM     78.4              75.7     2.7     72.5
AVG. MINIMUM     54.0              51.6     2.4     55.9
MEAN             66.2              63.6     2.6     64.2
DAYS MAX >= 90      4               1.5     2.5        2
DAYS MAX <= 32      0               0.0     0.0        0
DAYS MIN <= 32      0               0.0     0.0        0
DAYS MIN <= 0       0               0.0     0.0        0

PRECIPITATION (INCHES)
TOTALS           1.15                               5.24
DAYS >= .01         6                                 15
DAYS >= .10         4                                 10
DAYS >= .50         0                                  3
DAYS >= 1.00        0                                  2
GREATEST
 24 HR. TOTAL    0.69   09/23 TO 09/24

DEGREE_DAYS
HEATING TOTAL      26                                 90
 SINCE 7/1         29                                103
COOLING TOTAL      69                                 74
 SINCE 1/1        521                                450
.................................................................

WIND (MPH)
AVERAGE WIND SPEED              4.3
RESULTANT WIND SPEED/DIRECTION   1/048
HIGHEST WIND SPEED/DIRECTION    28/080    DATE  09/11
HIGHEST GUST SPEED/DIRECTION    38/090    DATE  09/11

SKY COVER
POSSIBLE SUNSHINE (PERCENT)   MM
AVERAGE SKY COVER           0.30

AVERAGE RH (PERCENT)     62

WEATHER CONDITIONS. NUMBER OF DAYS WITH
THUNDERSTORM              0     MIXED PRECIP               0
HEAVY RAIN                2     RAIN                       2
LIGHT RAIN                7     FREEZING RAIN              0
LT FREEZING RAIN          0     HAIL                       0
HEAVY SNOW                0     SNOW                       0
LIGHT SNOW                0     SLEET                      0
FOG                       6     FOG W/VIS <= 1/4 MILE      0
HAZE                      0

-  INDICATES NEGATIVE NUMBERS.
R  INDICATES RECORD WAS SET OR TIED.
MM INDICATES DATA IS MISSING.
T  INDICATES TRACE AMOUNT.

$$
