000
CXUS55 KLKN 011414
CLMWMC


CLIMATE REPORT
NATIONAL WEATHER SERVICE ELKO NV
602 AM PST THU DEC 1 2016

...................................

...THE WINNEMUCCA AIRPORT NV CLIMATE SUMMARY FOR THE MONTH OF NOVEMBER 2016...

CLIMATE NORMAL PERIOD 1981 TO 2010
CLIMATE RECORD PERIOD 1877 TO 2016

WEATHER         OBSERVED          NORMAL  DEPART  LAST YEAR`S
                 VALUE   DATE(S)  VALUE   FROM    VALUE  DATE(S)
                                          NORMAL
................................................................
TEMPERATURE (F)
RECORD
 HIGH              77   11/05/1980
                        11/07/1976
                        11/05/1976
 LOW              -10   11/25/2010
HIGHEST            71   11/15        68       3       66  11/01
                        11/14
                        11/10
LOWEST             13   11/17         6       7        0  11/30
AVG. MAXIMUM     57.2              51.4     5.8     47.7
AVG. MINIMUM     26.6              22.4     4.2     21.7
MEAN             41.9              36.9     5.0     34.7
DAYS MAX >= 90      0               0.0     0.0        0
DAYS MAX <= 32      0               0.7    -0.7        1
DAYS MIN <= 32     27              25.4     1.6       27
DAYS MIN <= 0       0               0.5    -0.5        1

PRECIPITATION (INCHES)
RECORD
 MAXIMUM         3.78   1885
 MINIMUM         0.00   1929
TOTALS           0.40              0.88   -0.48     1.32
DAILY AVG.       0.01              0.03   -0.02     0.04
DAYS >= .01         6               7.8    -1.8        7
DAYS >= .10         2               2.9    -0.9        3
DAYS >= .50         0               0.3    -0.3        1
DAYS >= 1.00        0               0.0     0.0        0
GREATEST
 24 HR. TOTAL    0.18   11/21 TO 11/21              0.94

SNOWFALL (INCHES)
RECORDS
 TOTAL           19.6   1985
TOTALS            0.6               3.0    -2.4      0.3
SINCE 7/1         0.6               3.5    -2.9      0.3
SNOWDEPTH AVG.      0                                  0
DAYS >= TRACE       6               2.9     3.1        5
DAYS >= 1.0         0               1.1    -1.1        0
DAYS >= 5.0         0                                  0
GREATEST
 SNOW DEPTH         0   MM                            -1
 24 HR TOTAL      0.5   11/27 TO 11/27               0.3

DEGREE_DAYS
HEATING TOTAL     684               843    -159      900
 SINCE 7/1       1335              1568    -233     1349
COOLING TOTAL       0                 0       0        0
 SINCE 1/1        577               541      36      617
.................................................................

WIND (MPH)
AVERAGE WIND SPEED              6.2
HIGHEST WIND SPEED/DIRECTION    25/320    DATE  11/28
HIGHEST GUST SPEED/DIRECTION    35/310    DATE  11/28

AVERAGE RH (PERCENT)     64

WEATHER CONDITIONS. NUMBER OF DAYS WITH
THUNDERSTORM              0     MIXED PRECIP               0
HEAVY RAIN                0     RAIN                       1
LIGHT RAIN                7     FREEZING RAIN              0
LT FREEZING RAIN          0     HAIL                       0
HEAVY SNOW                0     SNOW                       0
LIGHT SNOW                6     SLEET                      0
FOG                       7     FOG W/VIS <= 1/4 MILE      0
HAZE                      2

-  INDICATES NEGATIVE NUMBERS.
R  INDICATES RECORD WAS SET OR TIED.
MM INDICATES DATA IS MISSING.
T  INDICATES TRACE AMOUNT.

&&

=====================================================================

...RECORD DAILY MAXIMUM OF 71 DEGREES WAS SET ON NOVEMBER 14...
...RECORD DAILY MAXIMUM OF 71 DEGREES WAS SET ON NOVEMBER 15...
$$

DS
