000
CXUS55 KLKN 052124 CCA
CLMWMC

CLIMATE REPORT...CORRECTION
NATIONAL WEATHER SERVICE ELKO NV
125 PM PST MON FEB 5 2018

...................................

...THE WINNEMUCCA AIRPORT NV CLIMATE SUMMARY FOR THE MONTH OF
JANUARY 2018...

CLIMATE NORMAL PERIOD 1981 TO 2010
CLIMATE RECORD PERIOD 1877 TO 2018

WEATHER         OBSERVED          NORMAL  DEPART  LAST YEAR`S
                 VALUE   DATE(S)  VALUE   FROM    VALUE  DATE(S)
                                          NORMAL
................................................................
TEMPERATURE (F)
RECORD
 HIGH              68   01/18/1971
 LOW              -36   01/21/1937
HIGHEST            66   01/30        57       9       47  01/10
LOWEST             10   01/21                11       -7  01/06
AVG. MAXIMUM     52.2              41.6    10.6     35.1
AVG. MINIMUM     25.4              18.7     6.7     18.6
MEAN             38.8              30.1     8.7     26.9
DAYS MAX >= 90      0               0.0     0.0        0
DAYS MAX <= 32      0               4.6    -4.6       11
DAYS MIN <= 32     25              28.0    -3.0       29
DAYS MIN <= 0       0               1.7    -1.7        2

PRECIPITATION (INCHES)
RECORD
 MAXIMUM         3.08   1881
 MINIMUM         0.04   1966
                        1961
TOTALS           0.53              0.87   -0.34     1.81
DAILY AVG.       0.02              0.03   -0.01     0.06
DAYS >= .01         8               8.2    -0.2       15
DAYS >= .10         2               2.9    -0.9        8
DAYS >= .50         0               0.2    -0.2        0
DAYS >= 1.00        0               0.0     0.0        0
GREATEST
 24 HR. TOTAL    0.26   01/06 TO 01/06              0.43

SNOWFALL (INCHES)
RECORDS
 TOTAL           33.0   1890
TOTALS            0.4               3.8    -3.4      8.3
SINCE 7/1         3.5              12.6    -9.1     15.1
SNOWDEPTH AVG.      0                                  1
DAYS >= TRACE       4               4.7    -0.7       17
DAYS >= 1.0         0               1.6    -1.6        2
GREATEST
 SNOW DEPTH         T   01/                            4
 24 HR TOTAL      0.4   01/21 TO 01/21               2.5

DEGREE_DAYS
HEATING TOTAL     804              1080    -276     1175
 SINCE 7/1       3322              3753    -431     3710
COOLING TOTAL       0                 0       0        0
 SINCE 1/1          0                 0       0        0
.................................................................

WIND (MPH)
AVERAGE WIND SPEED              6.7
HIGHEST WIND SPEED/DIRECTION    31/280    DATE  01/18
HIGHEST GUST SPEED/DIRECTION    40/280    DATE  01/18

AVERAGE RH (PERCENT)     62

WEATHER CONDITIONS. NUMBER OF DAYS WITH
THUNDERSTORM              0     MIXED PRECIP               0
HEAVY RAIN                0     RAIN                       1
LIGHT RAIN               10     FREEZING RAIN              0
LT FREEZING RAIN          0     HAIL                       0
HEAVY SNOW                0     SNOW                       0
LIGHT SNOW                4     SLEET                      0
FOG                       5     FOG W/VIS <= 1/4 MILE      1
HAZE                      1

-  INDICATES NEGATIVE NUMBERS.
R  INDICATES RECORD WAS SET OR TIED.
MM INDICATES DATA IS MISSING.
T  INDICATES TRACE AMOUNT.

&&

=====================================================================

...3RD WARMEST JANUARY ON RECORD IN WINNEMUCCA...

A RECORD DAILY MAX TEMPERATURE OF 66 DEGREES WAS SET ON THE 30TH.

$$

BA/DS
