000
CXUS55 KLKN 011332
CLMWMC


CLIMATE REPORT
NATIONAL WEATHER SERVICE ELKO NV
519 AM PST SUN FEB 1 2015

...................................

...THE WINNEMUCCA AIRPORT NV CLIMATE SUMMARY FOR THE MONTH OF JANUARY 2015...

CLIMATE NORMAL PERIOD 1981 TO 2010
CLIMATE RECORD PERIOD 1877 TO 2015

WEATHER         OBSERVED          NORMAL  DEPART  LAST YEAR`S
                 VALUE   DATE(S)  VALUE   FROM    VALUE  DATE(S)
                                          NORMAL
................................................................
TEMPERATURE (F)
RECORD
 HIGH              68   01/18/1971
 LOW              -36   01/21/1937
HIGHEST            61   01/18        57       4       58  01/29
LOWEST              2   01/01                 3        6  01/05
AVG. MAXIMUM     48.8              41.6     7.2     48.9
AVG. MINIMUM     21.1              18.7     2.4     19.0
MEAN             35.0              30.1     4.9     34.0
DAYS MAX >= 90      0               0.0     0.0        0
DAYS MAX <= 32      1               4.6    -3.6        0
DAYS MIN <= 32     30              28.0     2.0       27
DAYS MIN <= 0       0               1.7    -1.7        0

PRECIPITATION (INCHES)
RECORD
 MAXIMUM         3.08   1881
 MINIMUM         0.04   1966
                        1961
TOTALS           0.40              0.87   -0.47     0.49
DAILY AVG.       0.01              0.03   -0.02     0.02
DAYS >= .01         3               8.2    -5.2        4
DAYS >= .10         2               2.9    -0.9        2
DAYS >= .50         0               0.2    -0.2        0
DAYS >= 1.00        0               0.0     0.0        0
GREATEST
 24 HR. TOTAL    0.27   01/27 TO 01/27              0.23

SNOWFALL (INCHES)
RECORDS
 TOTAL           33.0   1890
TOTALS              T               3.8    -3.8      4.7
SINCE 7/1         2.3              12.6   -10.3     21.2
SNOWDEPTH AVG.      0                                  0
DAYS >= TRACE       1               4.7    -3.7        2
DAYS >= 1.0         0               1.6    -1.6        1
DAYS >= 5.0         0                                  0
GREATEST
 SNOW DEPTH         0   MM                             5
 24 HR TOTAL        T   01/12 TO 01/12               3.9

DEGREE_DAYS
HEATING TOTAL     926              1080    -154      956
 SINCE 7/1       3105              3753    -648     3944
COOLING TOTAL       0                 0       0        0
 SINCE 1/1          0                 0       0        0
.................................................................

WIND (MPH)
AVERAGE WIND SPEED              4.8
HIGHEST WIND SPEED/DIRECTION    21/020    DATE  01/30
HIGHEST GUST SPEED/DIRECTION    30/360    DATE  01/30

AVERAGE RH (PERCENT)     67

WEATHER CONDITIONS. NUMBER OF DAYS WITH
THUNDERSTORM              0     MIXED PRECIP               0
HEAVY RAIN                0     RAIN                       0
LIGHT RAIN                3     FREEZING RAIN              0
LT FREEZING RAIN          0     HAIL                       0
HEAVY SNOW                0     SNOW                       0
LIGHT SNOW                0     SLEET                      0
FOG                       5     FOG W/VIS <= 1/4 MILE      2
HAZE                      1

-  INDICATES NEGATIVE NUMBERS.
R  INDICATES RECORD WAS SET OR TIED.
MM INDICATES DATA IS MISSING.
T  INDICATES TRACE AMOUNT.

&&

=================================================================

...12TH WARMEST JANUARY ON RECORD IN WINNEMUCCA...
...29TH DRIEST JANUARY ON RECORD IN WINNEMUCCA...
...2ND LEAST SNOWY JANUARY ON RECORD IN WINNEMUCCA...

THE AVERAGE TEMPERATURE IN WINNEMUCCA DURING JANUARY 2015 WAS
35.0 DEGREES...WHICH IS 4.9 DEGREES ABOVE THE 1981-2010
CLIMATOLOGICAL NORMAL OF 30.1 DEGREES. THIS MAKES JANUARY 2015
THE 12TH WARMEST ON RECORD. THE TOTAL PRECIPITATION WAS 0.40
INCHES...WHICH IS 0.47 INCHES OR 54 PERCENT BELOW THE 1981-2010
CLIMATOLOGICAL NORMAL OF 0.87 INCHES. THIS MAKES JANUARY 2015 THE
29TH DRIEST ON RECORD. THE TOTAL SNOWFALL WAS A TRACE...WHICH IS
3.8 INCHES OR 100 PERCENT BELOW THE 1981-2010 CLIMATOLOGICAL
NORMAL OF 3.8 INCHES. THIS MAKES JANUARY 2015 THE 2ND LEAST SNOWY
ON RECORD.

A RECORD HIGH OF 60 DEGREES WAS SET ON JANUARY 26TH.

$$

RCM
