000
CXUS56 KPDT 011603
CLMYKM

CLIMATE REPORT
NATIONAL WEATHER SERVICE PENDLETON OREGON
846 AM PDT WED OCT 01 2014

....................................

...THE YAKIMA WA CLIMATE SUMMARY FOR THE MONTH OF SEPTEMBER 2014...

CLIMATE NORMAL PERIOD 1981 TO 2010
CLIMATE RECORD PERIOD 1909 TO 2014

WEATHER         OBSERVED          NORMAL  DEPART  LAST YEAR`S
                 VALUE   DATE(S)  VALUE   FROM    VALUE  DATE(S)
                                          NORMAL

................................................................

TEMPERATURE (F)
RECORD
 HIGH             100   9/ 3/1988
 LOW               24   9/29/1985
HIGHEST            90   9/ 7       91        -1            98   9/12
LOWEST             37   9/12       32         5            33   9/27
AVG. MAXIMUM     80.4            77.9       2.5          80.1
AVG. MINUMUM     46.8            43.5       3.3          50.2
MEAN             63.6            60.7       2.9          65.1
DAYS MAX >= 90      1               2        -1            10
DAYS MAX <= 32      0               0         0             0
DAYS MIN <= 32      0               1        -1             0
DAYS MIN <= 0       0               0         0             0


PRECIPITATION (INCHES)
RECORD
 MAXIMUM          2.07   1986
 MINIMUM          0.00   1987
TOTALS            0.46            0.36      0.10          0.30
DAILY AVG.        0.02            0.01      0.01          0.01
DAYS >=  0.01        3               3         0             8
DAYS >=  0.10        2               1         1             0
DAYS >=  0.50        0               0         0             0
DAYS >=  1.00        0               0         0             0
GREATEST
 24 HR. TOTAL     0.30   9/24



SNOWFALL (INCHES)
RECORD
 MAXIMUM           0.0   2013
 MINIMUM           0.0   2013
TOTALS             0.0             0.0       0.0           0.0
SINCE 7/1          0.0             0.0       0.0           0.0
DAYS >=  TRACE                       0         0
DAYS >=  1.0         0               0         0             0
GREATEST
 24 HR. TOTAL      0.0   9/30


DEGREE DAYS
HEATING TOTAL       70             160       -90           125
 SINCE 7/1          76             207      -131           125
COOLING TOTAL       36              31         5           135
 SINCE 1/1         863             463       400           970

.............................................................

WIND (MPH)
AVERAGE WIND SPEED                     6.4
RESULTANT WIND SPEED/DIRECTION         4/255
HIGHEST WIND SPEED/DIRECTION          32/280      DATE          09/02
HIGHEST GUST SPEED/DIRECTION          53/300      DATE          09/02


WEATHER CONDITIONS. NUMBER OF DAYS WITH
THUNDERSTORM               0    MIXED PRECIP                       0
HEAVY RAIN                 0    RAIN                               1
LIGHT RAIN                 8    FREEZING RAIN                      0
LT FREEZING RAIN           0    HAIL                               0
HEAVY SNOW                 0    SNOW                               0
LIGHT SNOW                 0    SLEET                              0
FOG                        3    FOG W/VIS <=1/4 MILE               0
HAZE                       0

-  INDICATES NEGATIVE NUMBERS.
R  INDICATES RECORD WAS SET OR TIED.
MM INDICATES DATA IS MISSING.
T  INDICATES TRACE AMOUNT.

$$
