000
CXUS51 KCLE 011753
CLMYNG


CLIMATE REPORT
NATIONAL WEATHER SERVICE CLEVELAND OH
151 PM EDT MON JUN 1 2015

...................................

...THE YOUNGSTOWN OH CLIMATE SUMMARY FOR THE MONTH OF MAY 2015...

CLIMATE NORMAL PERIOD 1981 TO 2010
CLIMATE RECORD PERIOD 1897 TO 2015

WEATHER         OBSERVED          NORMAL  DEPART  LAST YEAR`S
                 VALUE   DATE(S)  VALUE   FROM    VALUE
                                          NORMAL
.............................................................
TEMPERATURE (F)
RECORD
 HIGH              92   05/18/1962
 LOW               20   05/07/2010
HIGHEST            89   05/08
LOWEST             31   05/23
AVG. MAXIMUM     75.7              68.9     6.8     71.0
AVG. MINIMUM     52.2              46.7     5.5     48.8
MEAN             64.0              57.8     6.2     59.9
DAYS MAX >= 90      0               0.0     0.0        0
DAYS MAX <= 32      0               0.0     0.0        0
DAYS MIN <= 32      2               1.0     1.0        0
DAYS MIN <= 0       0               0.0     0.0        0

PRECIPITATION (INCHES)
RECORD
 MAXIMUM         9.87   1946
 MINIMUM         0.78
TOTALS           4.54              3.79    0.75     3.55
DAYS >= .01        16              13.6     2.4       11
DAYS >= .10         8               8.6    -0.6        5
DAYS >= .50         2               2.5    -0.5        2
DAYS >= 1.00        2               0.6     1.4        1
GREATEST
 24 HR. TOTAL    1.69   05/27 TO 05/28              1.62

SNOWFALL (INCHES)
RECORDS
 TOTAL            5.4   5
                        0
                        -26215
TOTALS            0.0                 T     0.0        T
SINCE 7/1        79.0              62.7    16.3     90.1
DAYS >= 1.0         0               0.0     0.0        0
GREATEST
 24 HR TOTAL      0.0   05/31 TO 05/31

DEGREE_DAYS
HEATING TOTAL     137               253    -116      205
 SINCE 7/1       6686              6280     406     6827
COOLING TOTAL     112                30      82       55
 SINCE 1/1        112                39      73       55
..............................................................

WIND (MPH)
AVERAGE WIND SPEED              7.5
HIGHEST WIND SPEED/DIRECTION    39/230    DATE  05/11
HIGHEST GUST SPEED/DIRECTION    52/230    DATE  05/11

SKY COVER
AVERAGE SKY COVER           0.70

AVERAGE RH (PERCENT)     68

WEATHER CONDITIONS. NUMBER OF DAYS WITH
THUNDERSTORM              0     MIXED PRECIP               0
HEAVY RAIN                4     RAIN                       3
LIGHT RAIN               18     FREEZING RAIN              0
LT FREEZING RAIN          0     HAIL                       0
HEAVY SNOW                0     SNOW                       0
LIGHT SNOW                0     SLEET                      0
FOG                      18     FOG W/VIS <= 1/4 MILE      1
HAZE                      3

-  INDICATES NEGATIVE NUMBERS.
R  INDICATES RECORD WAS SET OR TIED.
MM INDICATES DATA IS MISSING.
T  INDICATES TRACE AMOUNT.

$$
