000
CXUS55 KPUB 012232
CLSALS

CLIMATE REPORT
NATIONAL WEATHER SERVICE PUEBLO
408 PM MDT FRI SEP 1 2017

...................................

...THE ALAMOSA CO CLIMATE SUMMARY FOR THE SEASON, FROM
6/1/2017 TO 8/31/2017...

CLIMATE NORMAL PERIOD 1981 TO 2010
CLIMATE RECORD PERIOD 1932 TO 2017

WEATHER         OBSERVED          NORMAL  DEPART  LAST YEAR`S
                 VALUE   DATE(S)  VALUE   FROM    VALUE  DATE(S)
                                          NORMAL
................................................................
TEMPERATURE (F)
RECORD
 HIGH              96   07/05/1989
 LOW               23   06/03/1936

HIGHEST            90   06/21                         93  06/19
                        06/20
LOWEST             32   06/14                         34  08/28

AVG. MAXIMUM     81.5              80.1     1.4     82.1
AVG. MINIMUM     45.4              44.5     0.9     45.6
MEAN             63.5              62.3     1.2     63.8

DAYS MAX >= 90      2               1.6     0.4
DAYS MAX <= 32      0               0.0     0.0
DAYS MIN <= 32      1               1.8    -0.8
DAYS MIN <= 0       0               0.0     0.0

PRECIPITATION (INCHES)
RECORD
 MAXIMUM         6.04   2001
 MINIMUM         0.75   1980

TOTALS           4.44              2.73    1.71     2.98

DAILY AVG.       0.05              0.03    0.02
DAYS >= .01        27              23.2     3.8
DAYS >= .10        11               8.1     2.9
DAYS >= .50         1               0.9     0.1
DAYS >= 1.00        1               0.1     0.9

GREATEST
 24 HR. TOTAL    1.08   07/09 TO 07/09

SNOWFALL (INCHES)
RECORDS
 TOTAL            1.2   1950

TOTALS              T               0.0     0.0      0.0
SINCE 7/1           T               0.0     0.0      0.0

SNOWDEPTH AVG.      0
DAYS >= 1.0         0               0.0     0.0

GREATEST
 SNOW DEPTH         0   MM                             0
 24 HR TOTAL      0.0   MM                           0.0

DEGREE_DAYS
HEATING TOTAL     190               297    -107      200
 SINCE 7/1         99               129     -30      144
COOLING TOTAL      76                51      25      115
 SINCE 1/1         76                51      25      115
.................................................................

WIND (MPH)
AVERAGE WIND SPEED              6.8
HIGHEST WIND SPEED/DIRECTION    45/280    DATE  06/22
HIGHEST GUST SPEED/DIRECTION    58/280    DATE  06/30

SKY COVER
POSSIBLE SUNSHINE (PERCENT)   MM
AVERAGE SKY COVER           0.20
NUMBER OF DAYS FAIR           78
NUMBER OF DAYS PC             14
NUMBER OF DAYS CLOUDY          0

AVERAGE RH (PERCENT)     56

WEATHER CONDITIONS. NUMBER OF DAYS WITH
THUNDERSTORM             28     MIXED PRECIP               0
HEAVY RAIN                9     RAIN                      11
LIGHT RAIN               51     FREEZING RAIN              0
LT FREEZING RAIN          0     HAIL                       1
HEAVY SNOW                0     SNOW                       0
LIGHT SNOW                0     SLEET                      0
FOG                      17     FOG W/VIS <= 1/4 MILE      6
HAZE                      5

-  INDICATES NEGATIVE NUMBERS.
R  INDICATES RECORD WAS SET OR TIED.
MM INDICATES DATA IS MISSING.
T  INDICATES TRACE AMOUNT.

$$
!--NOT SENT--!
