929
CXUS51 KGYX 020927
CLSAUG

PWMCLMAUG 000
TTAA00 KGYX 020917


CLIMATE REPORT
NATIONAL WEATHER SERVICE GRAY ME
427 AM EST WED DEC 2 2015

...................................

...THE AUGUSTA CLIMATE SUMMARY FOR THE FALL SEASON, FROM
9/1/2015 TO 11/30/2015...

CLIMATE NORMAL PERIOD 1981 TO 2010
CLIMATE RECORD PERIOD 1948 TO 2015

WEATHER         OBSERVED          NORMAL  DEPART  LAST YEAR`S
                 VALUE   DATE(S)  VALUE   FROM    VALUE  DATE(S)
                                          NORMAL
................................................................
TEMPERATURE (F)
RECORD
 HIGH              96   09/09/2002
 LOW                4   11/27/1978
                        11/28/1951
HIGHEST            89   09/07        85       4       85  09/05
                                                          09/01
LOWEST             16   11/30        16       0       15  11/29
AVG. MAXIMUM     60.5              57.3     3.2     57.4
AVG. MINIMUM     41.3              40.2     1.1     41.0
MEAN             50.9              48.8     2.1     49.2
DAYS MAX >= 90      0               0.4    -0.4        0
DAYS MAX <= 32      1               2.4    -1.4        3
DAYS MIN <= 32     23              23.9    -0.9       21
DAYS MIN <= 0       0               0.0     0.0        0

PRECIPITATION (INCHES)
RECORD
 MAXIMUM        23.76   2005
 MINIMUM         6.48   1984
TOTALS          12.02             12.46   -0.44     7.87
DAILY AVG.       0.13              0.14   -0.01     0.09
DAYS >= .01        30              33.3    -3.3       33
DAYS >= .10        13              20.7    -7.7       18
DAYS >= .50         7               8.4    -1.4        5
DAYS >= 1.00        3               3.2    -0.2        2
GREATEST
 24 HR. TOTAL    5.70   09/29 TO 09/30

DEGREE_DAYS
HEATING TOTAL    1360              1507    -147     1470
 SINCE 7/1       1378              1548    -170     1489
COOLING TOTAL     100                31      69       57
 SINCE 1/1        457               388      69      371
.................................................................

WIND (MPH)
AVERAGE WIND SPEED              6.4
HIGHEST WIND SPEED/DIRECTION    30/340    DATE  09/30
HIGHEST GUST SPEED/DIRECTION    40/340    DATE  09/30

SKY COVER
AVERAGE SKY COVER           0.30

AVERAGE RH (PERCENT)     70

WEATHER CONDITIONS. NUMBER OF DAYS WITH
THUNDERSTORM              4     HEAVY RAIN                 6
RAIN                     14     LIGHT RAIN                30
FREEZING RAIN             0     LT FREEZING RAIN           0
HEAVY SNOW                0     SNOW                       0
LIGHT SNOW                3     FOG                       35
FOG W/VIS <= 1/4 MILE    13     HAZE                       3

-  INDICATES NEGATIVE NUMBERS.
R  INDICATES RECORD WAS SET OR TIED.
MM INDICATES DATA IS MISSING.
T  INDICATES TRACE AMOUNT.

$$
