000
CXUS51 KALY 011631 RRA
CLSDDH

ALBCLMDDH 000
TTAA00 KALY 011627


CLIMATE REPORT
NATIONAL WEATHER SERVICE ALBANY NY
1131 AM EST FRI DEC 1 2017

...................................

...THE BENNINGTON VT CLIMATE SUMMARY FOR THE SEASON, FROM
9/1/2017 TO 11/30/2017...

CLIMATE NORMAL PERIOD 1981 TO 2010
CLIMATE RECORD PERIOD 9999 TO 9999

WEATHER         OBSERVED          NORMAL  DEPART  LAST YEAR`S
                 VALUE   DATE(S)  VALUE   FROM    VALUE  DATE(S)
                                          NORMAL
................................................................
TEMPERATURE (F)
HIGHEST            90   09/25                         84  09/08
LOWEST             14   11/11                         19  11/28
                                                          11/23
AVG. MAXIMUM     63.8              58.8     5.0     61.4
AVG. MINIMUM     40.5              37.8     2.7     39.6
MEAN             52.2              48.3     3.9     50.5
DAYS MAX >= 90      1               0.2     0.8        0
DAYS MAX <= 32      1               2.0    -1.0        2
DAYS MIN <= 32     26              30.6    -4.6       32
DAYS MIN <= 0       0               0.0     0.0        0

PRECIPITATION (INCHES)
TOTALS           7.21             10.37   -3.16     9.23
DAILY AVG.       0.08              0.11   -0.03     0.10
DAYS >= .01        33                                 41
DAYS >= .10        15                                 21
DAYS >= .50         5                                  7
DAYS >= 1.00        1                                  0
GREATEST
 24 HR. TOTAL    1.06   10/29 TO 10/29

DEGREE_DAYS
HEATING TOTAL    1233              1541    -308
 SINCE 7/1       1300              1613    -313
COOLING TOTAL      88                25      63
 SINCE 1/1        395               313      82

FREEZE DATES
EARLIEST                        10/01
LATEST                          05/10
.................................................................

WIND (MPH)
AVERAGE WIND SPEED              4.7
HIGHEST WIND SPEED/DIRECTION    33/190    DATE  11/19
HIGHEST GUST SPEED/DIRECTION    48/130    DATE  10/30


WEATHER CONDITIONS. NUMBER OF DAYS WITH
THUNDERSTORM              3     MIXED PRECIP               0
HEAVY RAIN                9     RAIN                      14
LIGHT RAIN               40     FREEZING RAIN              0
LT FREEZING RAIN          0     HAIL                       0
HEAVY SNOW                0     SNOW                       1
LIGHT SNOW                4     SLEET                      0
FOG                      49     FOG W/VIS <= 1/4 MILE     18
HAZE                      5

-  INDICATES NEGATIVE NUMBERS.
R  INDICATES RECORD WAS SET OR TIED.
MM INDICATES DATA IS MISSING.
T  INDICATES TRACE AMOUNT.

$$
