000
CXUS55 KLKN 011117
CLSELY


CLIMATE REPORT
NATIONAL WEATHER SERVICE ELKO NV
249 AM PST FRI DEC 1 2017

...................................

...THE ELY AIRPORT NV CLIMATE SUMMARY FOR THE SEASON, FROM
9/1/2017 TO 11/30/2017...

CLIMATE NORMAL PERIOD 1981 TO 2010
CLIMATE RECORD PERIOD 1893 TO 2017

WEATHER         OBSERVED          NORMAL  DEPART  LAST YEAR`S
                 VALUE   DATE(S)  VALUE   FROM    VALUE
                                          NORMAL
.............................................................
TEMPERATURE (F)
RECORD
 HIGH              93   09/05/2017
                        09/12/1990
                        09/03/1950
 LOW              -20   11/25/2010
HIGHEST            93R  09/05        88       5       86
LOWEST              4   11/18                 5        3
AVG. MAXIMUM     65.3              62.3     3.0     65.7
AVG. MINIMUM     28.8              28.2     0.6     30.7
MEAN             47.0              45.2     1.8     48.2
DAYS MAX >= 90      4               0.2     3.8        0
DAYS MAX <= 32      0               2.4    -2.4        0
DAYS MIN <= 32     62              56.8     5.2       52
DAYS MIN <= 0       0               1.4    -1.4        0

PRECIPITATION (INCHES)
RECORD
 MAXIMUM         7.30   1982
 MINIMUM         0.35   1893
TOTALS           2.12              2.53   -0.41     1.31
DAILY AVG.       0.02              0.03   -0.01     0.01
DAYS >= .01        13              16.0    -3.0       14
DAYS >= .10         4               7.1    -3.1        6
DAYS >= .50         1               1.0     0.0        0
DAYS >= 1.00        0               0.1    -0.1        0

SNOWFALL (INCHES)
RECORDS
 TOTAL           26.0   1985
TOTALS            5.0               9.5    -4.5      5.9
DAYS >= 1.0         1               3.0    -2.0        3
GREATEST
 SNOW DEPTH         3   09/21                          3

DEGREE_DAYS
HEATING TOTAL    1638              1805    -167     1516
COOLING TOTAL      24                 6      18       12
..............................................................

WIND (MPH)
AVERAGE WIND SPEED              9.5
HIGHEST WIND SPEED/DIRECTION    36/160    DATE  09/06
HIGHEST GUST SPEED/DIRECTION    47/250    DATE  11/17

AVERAGE RH (PERCENT)     47

WEATHER CONDITIONS. NUMBER OF DAYS WITH
THUNDERSTORM              8     MIXED PRECIP               0
HEAVY RAIN                4     RAIN                       5
LIGHT RAIN               17     FREEZING RAIN              0
LT FREEZING RAIN          0     HAIL                       0
HEAVY SNOW                2     SNOW                       3
LIGHT SNOW                4     SLEET                      0
FOG                       9     FOG W/VIS <= 1/4 MILE      4
HAZE                      5

-  INDICATES NEGATIVE NUMBERS.
R  INDICATES RECORD WAS SET OR TIED.
MM INDICATES DATA IS MISSING.
T  INDICATES TRACE AMOUNT.

&&

=====================================================================

...NOVEMBER WAS THE 4TH WARMEST ON RECORD WITH AN AVERAGE TEMPEATURE
OF 40.7 DEGREES...

...SEPTEMBER WAS THE 2ND SNOWIEST ON RECORD WITH 5.O INCHES...

A RECORD MONTHLY AND SEASONAL MAXIMUM TEMP OF 93 DEGREES WAS TIED
ON SEPTEMBER 5TH.

$$

DS
