000
CXUS55 KLKN 110910 CCA
CLSELY

CLIMATE REPORT
NATIONAL WEATHER SERVICE ELKO NV
210 AM PDT SUN SEP 11 2016

...................................

...THE ELY AIRPORT NV CLIMATE SUMMARY FOR THE SEASON, FROM
6/1/2016 TO 8/31/2016...

CLIMATE NORMAL PERIOD 1981 TO 2010
CLIMATE RECORD PERIOD 1893 TO 2016

WEATHER         OBSERVED          NORMAL  DEPART  LAST YEAR`S
                 VALUE   DATE(S)  VALUE   FROM    VALUE
                                          NORMAL
.............................................................
TEMPERATURE (F)
RECORD
 HIGH             101   07/12/2002
                        07/18/1998
 LOW               18   06/14/1976
HIGHEST            98   07/28        96       2       97
                        07/27
LOWEST             31   07/11        28       3       37
AVG. MAXIMUM     87.2              84.0     3.2     86.1
AVG. MINIMUM     45.6              45.4     0.2     48.1
MEAN             66.4              64.7     1.7     67.1
DAYS MAX >= 90     35              19.7    15.3       30
DAYS MAX <= 32      0               0.0     0.0        0
DAYS MIN <= 32      1               2.9    -1.9        0
DAYS MIN <= 0       0               0.0     0.0        0

PRECIPITATION (INCHES)
RECORD
 MAXIMUM         4.88   1983
 MINIMUM         0.31   1974
TOTALS           2.06              2.21   -0.15     1.66
DAILY AVG.       0.02              0.02    0.00     0.02
DAYS >= .01        11              16.0    -5.0       18
DAYS >= .10         5               6.3    -1.3        6
DAYS >= .50         1               1.0     0.0        0
DAYS >= 1.00        1               0.2     0.8        0

SNOWFALL (INCHES)
RECORDS
 TOTAL            1.7   1955
TOTALS            0.0               0.1    -0.1      0.0
DAYS >= 1.0         0               0.0     0.0        0
GREATEST
 SNOW DEPTH         0   MM                             0

DEGREE_DAYS
HEATING TOTAL      98               239    -141       87
COOLING TOTAL     255               211      44      301
..............................................................

WIND (MPH)
AVERAGE WIND SPEED              9.5
HIGHEST WIND SPEED/DIRECTION    39/250    DATE  06/11
HIGHEST GUST SPEED/DIRECTION    53/170    DATE  06/15

AVERAGE RH (PERCENT)     35

WEATHER CONDITIONS. NUMBER OF DAYS WITH
THUNDERSTORM              0     MIXED PRECIP               0
HEAVY RAIN                1     RAIN                       4
LIGHT RAIN               17     FREEZING RAIN              0
LT FREEZING RAIN          0     HAIL                       0
HEAVY SNOW                0     SNOW                       0
LIGHT SNOW                0     SLEET                      0
FOG                       2     FOG W/VIS <= 1/4 MILE      0
HAZE                      2

-  INDICATES NEGATIVE NUMBERS.
R  INDICATES RECORD WAS SET OR TIED.
MM INDICATES DATA IS MISSING.
T  INDICATES TRACE AMOUNT.

&&

=====================================================================

...10TH WARMEST METEOROLOGICAL SUMMER ON RECORD IN ELY...
...43RD WETTEST METEOROLOGICAL SUMMER ON RECORD IN ELY...

THE AVERAGE TEMPERATURE IN ELY DURING METEOROLOGICAL SUMMER (JUN-AUG)
2016 WAS 66.4 DEGREES...WHICH WAS 1.7 DEGREES ABOVE THE 1981-2010
CLIMATOLOGICAL NORMAL OF 64.7 DEGREES. THIS MAKE SUMMER 2016 THE
10TH WARMEST ON RECORD. THE TOTAL PRECIPITATION WAS 2.06 INCHES...
WHICH WAS 0.15 INCHES BELOW OR 93 PERCENT OF THE 1981-2010
CLIMATOLOGICAL NORMAL OF 2.21 INCHES. THIS MAKES SUMMER 2016 THE 43RD
WETTEST ON RECORD.


$$
BA
