800
CXUS53 KFGF 011129
CLSFAR

CLIMATE REPORT
NATIONAL WEATHER SERVICE EASTERN NORTH DAKOTA/GRAND FORKS
529 AM CST WED MAR 1 2017

...................................

...THE FARGO HECTOR INTL AP ND CLIMATE SUMMARY FOR THE SEASON, FROM
12/1/2016 TO 2/28/2017...

CLIMATE NORMAL PERIOD 1981 TO 2010
CLIMATE RECORD PERIOD 1881 TO 2017

WEATHER         OBSERVED          NORMAL  DEPART  LAST YEAR`S
                 VALUE   DATE(S)  VALUE   FROM    VALUE  DATE(S)
                                          NORMAL
................................................................
TEMPERATURE (F)
RECORD
 HIGH              66   02/25/1958
 LOW              -48   01/08/1887
HIGHEST            56   02/19        20      36       55  02/27
LOWEST            -22   01/13         2     -24      -23  01/17
AVG. MAXIMUM     25.8              21.4     4.4     27.2
AVG. MINIMUM     10.9               3.8     7.1     12.7
MEAN             18.3              12.6     5.7     20.0
DAYS MAX >= 90      0               0.0     0.0        0
DAYS MAX <= 32     56              66.5   -10.5       57
DAYS MIN <= 32     84              89.0    -5.0       88
DAYS MIN <= 0      25              37.1   -12.1       18

PRECIPITATION (INCHES)
RECORD
 MAXIMUM         4.28   2010
 MINIMUM         0.27   1942
TOTALS           3.04              2.14    0.90     1.63
DAILY AVG.       0.03              0.02    0.01     0.02
DAYS >= .01        28              24.7     3.3       28
DAYS >= .10         8               6.5     1.5        4
DAYS >= .50         2               0.5     1.5        0
DAYS >= 1.00        0               0.0     0.0        0
GREATEST
 24 HR. TOTAL    0.73   MM                       02/29 TO 02/29
                                                          02/29 TO 02/29
                                                          02/29 TO 02/29
 STORM TOTAL       MM                                 MM
 (MM/DD(HH))            MM                    02/29(00) TO 02/29(00)
                                                 02/29(00) TO 02/29(00)9
                                                 02/29(00) TO 02/29(00)9

SNOWFALL (INCHES)
RECORDS
 TOTAL           57.0   1997
 24 HR TOTAL     16.3   01/22/1982 TO 01/22/1982
 SNOW DEPTH        MM   MM
TOTALS           25.6              29.4    -3.8     21.4
 LIQUID EQUIV    2.56              2.90   -0.34     1.63
SINCE 7/1        29.3              38.0    -8.7     24.3
 LIQUID 7/1      2.93              3.80   -0.87     1.92
SNOWDEPTH AVG.      3                 7      -4        3
DAYS >= TRACE      43              25.1    17.9       52
DAYS >= 1.0         5               8.4    -3.4        7
GREATEST
 SNOW DEPTH        10   01/14                          9  01/15
                        01/12
                        01/13
 24 HR TOTAL      9.2   MM                       02/29 TO 02/29
                                                          02/29 TO 02/29
                                                          02/29 TO 02/29
 STORM TOTAL       MM                                 MM
 (MM/DD(HH))            MM                    02/29(00) TO 02/29(00)
                                                 02/29(00) TO 02/29(00)9
                                                 02/29(00) TO 02/29(00)9

DEGREE_DAYS
HEATING TOTAL    4193              4716    -523     4082
 SINCE 7/1         MM              6678      MM       MM
COOLING TOTAL       0                 0       0        0
 SINCE 1/1          0                 0       0        0

FREEZE DATES
RECORD
 EARLIEST     MM
 LATEST       MM
EARLIEST                        MM
LATEST                          MM
..........................................................

WIND (MPH)
AVERAGE WIND SPEED              12.1
RESULTANT WIND SPEED/DIRECTION   4/274
HIGHEST WIND SPEED/DIRECTION    43/280    DATE  12/06
HIGHEST GUST SPEED/DIRECTION    53/280    DATE  12/06

SKY COVER
POSSIBLE SUNSHINE (PERCENT)   MM
AVERAGE SKY COVER           0.50
NUMBER OF DAYS FAIR           38
NUMBER OF DAYS PC             26
NUMBER OF DAYS CLOUDY         26

AVERAGE RH (PERCENT)     77

WEATHER CONDITIONS. NUMBER OF DAYS WITH
THUNDERSTORM              0     MIXED PRECIP               0
HEAVY RAIN                0     RAIN                       2
LIGHT RAIN                6     FREEZING RAIN              1
LT FREEZING RAIN          1     HAIL                       0
HEAVY SNOW                2     SNOW                       8
LIGHT SNOW               40     SLEET                      0
FOG                      39     FOG W/VIS <= 1/4 MILE      8
HAZE                     29

-  INDICATES NEGATIVE NUMBERS.
R  INDICATES RECORD WAS SET OR TIED.
MM INDICATES DATA IS MISSING.
T  INDICATES TRACE AMOUNT.

&&

REMARKS...

THE 2016-2017 WINTER SEASON WAS MUCH WETTER AND WARMER THAN THE LONG
TERM AVERAGE. THE AVERAGE TEMPERATURES FOR THE WINTER (DEC JAN FEB)
WAS 18.3 DEGREES OR 5.7 DEGREES ABOVE NORMAL...WHICH RANKS AS THE
9TH WARMEST WINTER SEASON ON RECORD.

PRECIPITATION FOR THE WINTER WAS 3.04 INCHES OR 0.90 INCHES ABOVE
NORMAL. THIS RANKS AS THE 14TH WETTEST WINTER ON RECORD.
SURPRISINGLY ONLY 25.6 INCHES OF SNOW FELL THIS WINTER SEASON AS
MULTIPLE FREEZING RAIN AND RAIN EVENTS OCCURRED WHICH ENDED UP
LIMITING SNOWFALL AMOUNTS. THE SEASON ENDED UP 3.8 INCHES BELOW THE
NORMAL 29.4 INCHES.

THE DATA IS PROVISIONAL AND SUBJECT TO CHANGE. THE FINAL AND
OFFICIAL RECORDS WILL BE AVAILABLE FROM THE NATIONAL CENTERS FOR
ENVIRONMENTAL INFORMATION (FORMERLY THE NATIONAL CLIMATIC DATA
CENTER).

$$
