000
CXUS53 KDDC 020104
CLSGCK


CLIMATE REPORT
NATIONAL WEATHER SERVICE DODGE CITY KS
652 PM CST TUE MAR 1 2016

...................................

...THE GARDEN CITY REGIONAL ARPT KS CLIMATE SUMMARY FOR THE SEASON, FROM
12/1/2015 TO 2/29/2016...

CLIMATE NORMAL PERIOD 1981 TO 2010
CLIMATE RECORD PERIOD 1948 TO 2016

WEATHER         OBSERVED          NORMAL  DEPART  LAST YEAR`S
                 VALUE   DATE(S)  VALUE   FROM    VALUE  DATE(S)
                                          NORMAL
................................................................
TEMPERATURE (F)
RECORD
 HIGH              89   02/18/2016
 LOW              -19   01/14/1979
HIGHEST            89R  02/18        MM      MM       79  02/07
                                                          01/27
LOWEST              6   02/04        MM      MM       -6  12/31
AVG. MAXIMUM     50.4              45.5     4.9     45.6
AVG. MINIMUM     22.8              19.2     3.6     20.2
MEAN             36.6              32.4     4.2     32.9
DAYS MAX >= 90      0               0.0     0.0        0
DAYS MAX <= 32      9              16.1    -7.1       19
DAYS MIN <= 32     84              85.0    -1.0       82
DAYS MIN <= 0       0               3.8    -3.8        2

PRECIPITATION (INCHES)
RECORD
 MAXIMUM         4.83   2007
 MINIMUM         0.12   2009
TOTALS           1.32              1.40   -0.08     0.82
DAILY AVG.       0.02              0.02    0.00     0.01
DAYS >= .01         5              10.3    -5.3       12
DAYS >= .10         3               4.1    -1.1        3
DAYS >= .50         1               0.5     0.5        0
DAYS >= 1.00        0               0.0     0.0        0
GREATEST
 24 HR. TOTAL    0.69   12/13 TO 12/13           01/30 TO 01/31

DEGREE_DAYS
HEATING TOTAL    2576              2935    -359     2869
 SINCE 7/1       3413              40576   -663     3908
COOLING TOTAL       1                 0       1        0
 SINCE 1/1          1                 0       1        0
..................................................

WIND (MPH)
AVERAGE WIND SPEED              12.2
RESULTANT WIND SPEED/DIRECTION   3/321
HIGHEST WIND SPEED/DIRECTION    54/030    DATE  12/13
HIGHEST GUST SPEED/DIRECTION    65/030    DATE  12/13

AVERAGE RH (PERCENT)     61

WEATHER CONDITIONS. NUMBER OF DAYS WITH
THUNDERSTORM              0     MIXED PRECIP               0
HEAVY RAIN                1     RAIN                       2
LIGHT RAIN                4     FREEZING RAIN              1
LT FREEZING RAIN          2     HAIL                       0
HEAVY SNOW                0     SNOW                       1
LIGHT SNOW                6     SLEET                      0
FOG                      26     FOG W/VIS <= 1/4 MILE      9
HAZE                      9

-  INDICATES NEGATIVE NUMBERS.
R  INDICATES RECORD WAS SET OR TIED.
MM INDICATES DATA IS MISSING.
T  INDICATES TRACE AMOUNT.

$$
