000
CXUS51 KALY 011228
CLSGFL

ALBCLMGFL 000
TTAA00 KALY 011221


CLIMATE REPORT
NATIONAL WEATHER SERVICE ALBANY NY
816 AM EDT WED JUN 1 2016

...................................

...THE GLENS FALLS NY CLIMATE SUMMARY FOR THE SEASON, FROM
3/1/2016 TO 5/31/2016...

CLIMATE NORMAL PERIOD 1981 TO 2010
CLIMATE RECORD PERIOD 1949 TO 2016

WEATHER         OBSERVED          NORMAL  DEPART  LAST YEAR`S
                 VALUE   DATE(S)  VALUE   FROM    VALUE  DATE(S)
                                          NORMAL
................................................................
TEMPERATURE (F)
HIGHEST            90   05/29                         MM  MM
                        05/28
LOWEST              7   04/05                         MM  MM
AVG. MAXIMUM     58.2              55.7     2.5       MM
AVG. MINIMUM     35.4              31.8     3.6       MM
MEAN             46.8              43.7     3.1       MM
DAYS MAX >= 90      2               0.2     1.8       MM
DAYS MAX <= 32      3               4.6    -1.6       MM
DAYS MIN <= 32     41              44.9    -3.9       MM
DAYS MIN <= 0       0               1.8    -1.8       MM

PRECIPITATION (INCHES)
RECORD
 MAXIMUM        17.77   1983
 MINIMUM         4.12   1964
TOTALS           6.83              9.55   -2.72       MM
DAILY AVG.       0.07              0.10   -0.03       MM
DAYS >= .01        31              34.6    -3.6       MM
DAYS >= .10        18              21.3    -3.3       MM
DAYS >= .50         3               6.4    -3.4       MM
DAYS >= 1.00        1               1.9    -0.9       MM
GREATEST
 24 HR. TOTAL    1.06   05/29 TO 05/30

DEGREE_DAYS
HEATING TOTAL    1703              1967    -264
 SINCE 7/1       5060              7586   -2526
COOLING TOTAL      56                13      43
 SINCE 1/1         56                12      44

FREEZE DATES
RECORD
 EARLIEST     08/29/1982
 LATEST       06/01/2009
EARLIEST                        09/29
LATEST                          05/13
.................................................................

WIND (MPH)
AVERAGE WIND SPEED              6.2
HIGHEST WIND SPEED/DIRECTION    31/200    DATE  04/07
HIGHEST GUST SPEED/DIRECTION    48/200    DATE  04/07


WEATHER CONDITIONS. NUMBER OF DAYS WITH
THUNDERSTORM              5     MIXED PRECIP               0
HEAVY RAIN                6     RAIN                      12
LIGHT RAIN               34     FREEZING RAIN              1
LT FREEZING RAIN          1     HAIL                       0
HEAVY SNOW                0     SNOW                       1
LIGHT SNOW                5     SLEET                      0
FOG                      36     FOG W/VIS <= 1/4 MILE      9
HAZE                      7

-  INDICATES NEGATIVE NUMBERS.
R  INDICATES RECORD WAS SET OR TIED.
MM INDICATES DATA IS MISSING.
T  INDICATES TRACE AMOUNT.

$$
