394
CXUS51 KGYX 032135
CLSGYX

PWMCLMGYX 000
TTAA00 KGYX 020945


CLIMATE REPORT
NATIONAL WEATHER SERVICE GRAY ME
435 PM EST FRI MAR 3 2017

...................................

...THE GRAY ME CLIMATE SUMMARY FOR THE WINTER SEASON, FROM
12/1/2016 TO 2/28/2017...

CLIMATE NORMAL PERIOD 1981 TO 2010
CLIMATE RECORD PERIOD 1995 TO 2017

WEATHER         OBSERVED          NORMAL  DEPART  LAST YEAR`S
                 VALUE   DATE(S)  VALUE   FROM    VALUE
                                          NORMAL
.............................................................
TEMPERATURE (F)
RECORD
 HIGH              69   12/07/1998
 LOW              -15   01/15/2004
HIGHEST            57   02/19        58      -1       58
LOWEST             -6   12/16        -7       1      -12
AVG. MAXIMUM     34.2              32.5     1.7     37.2
AVG. MINIMUM     19.4              16.1     3.3     21.5
MEAN             26.8              24.3     2.5     29.3
DAYS MAX >= 90      0               0.0     0.0        0
DAYS MAX <= 32     39              43.5    -4.5       29
DAYS MIN <= 32     81              84.9    -3.9       79
DAYS MIN <= 0       4               6.6    -2.6        5

PRECIPITATION (INCHES)
RECORD
 MAXIMUM        15.31   2008
TOTALS          11.50             10.90    0.60    12.82
DAILY AVG.       0.13              0.12    0.01     0.14
DAYS >= .01        38              32.2     5.8       35
DAYS >= .10        24              20.9     3.1       23
DAYS >= .50         6               7.3    -1.3        9
DAYS >= 1.00        3               2.9     0.1        2
GREATEST
 24 HR. TOTAL    1.64   12/29 TO 12/30              2.57

SNOWFALL (INCHES)
RECORDS
 TOTAL          111.3   2008
TOTALS           88.5              56.0    32.5     37.1
SNOWDEPTH AVG.     11
DAYS >= TRACE      38              23.5    14.5       28
DAYS >= 1.0        19              13.9     5.1       10
GREATEST
 SNOW DEPTH        34R  02/17                          9
                        02/16
 24 HR TOTAL     16.6   12/29 TO 12/30               8.8

DEGREE_DAYS
HEATING TOTAL    3415              3661    -246     3221
 SINCE 7/1       4694              5158    -464     4520
COOLING TOTAL       0                 0       0        0
 SINCE 1/1          0                 0       0        0
..............................................................



-  INDICATES NEGATIVE NUMBERS.
R  INDICATES RECORD WAS SET OR TIED.
MM INDICATES DATA IS MISSING.
T  INDICATES TRACE AMOUNT.

&&

METEOROLOGICAL WINTER BEGAN WARM AND WET WITH MORE THAN 1 INCH OF
RAINFALL ON DECEMBER 1. AN ACTIVE WEATHER PATTERN BEGAN TO BRING A
NEW STORM SYSTEM INTO THE REGION EVERY FEW DAYS, WITH EACH ONE
BRINGING SOME SNOW AND COLDER TEMPERATURES. BY THE MIDDLE OF
DECEMBER, A BRUTALLY COLD EARLY SEASON ARCTIC AIR MASS WAS IN PLACE.
DECEMBER 16 WAS THE COLDEST DECEMBER DAY ON RECORD IN THE SHORT 21-
YEAR HISTORY OF OBSERVATIONS AT THE NATIONAL WEATHER SERVICE IN
GRAY. THE LOW TEMPERATURE OF -6 DEGREES TIED THE COLDEST DECEMBER
TEMPERATURE ON RECORD, AND THE HIGH OF 4 DEGREES WAS THE COLDEST
DECEMBER HIGH TEMPERATURE ON RECORD. THE BRUTAL COLD EASED UP ON
DECEMBER 21 WITH SOME EVEN WARMER AIR MOVING IN AFTER CHRISTMAS. AN
INTENSIFYING STORM SYSTEM ON DECEMBER 29 BROUGHT MORE THAN 16 INCHES
OF SNOW ON THE 29TH AND 30TH, WITH MOST OF THAT FALLING IN JUST A
FEW HOURS. ANOTHER BRIEF COLD SNAP CAME IN EARLY JANUARY, BUT IT DID
NOT LAST LONG. THE TEMPERATURE WARMED ALL THE WAY TO 50 DEGREES ON
JANUARY 11 WITH GENERALLY WARM WEATHER LASTING THROUGH THE BEGINNING
OF FEBRUARY. THE WEATHER PATTERN SHIFTED AGAIN FOR THE SECOND WEEK
OF FEBRUARY. A COLD AND VERY SNOWY PATTERN SET UP, WITH SNOW
OBSERVED 8 OUT OF 10 DAYS FROM FEBRUARY 7 THROUGH 16. MORE THAN 6
INCHES OF SNOW WAS OBSERVED ON 5 OF THOSE DAYS WITH THE TOTAL FOR
THE PERIOD SURPASSING 43 INCHES. THE DEPTH OF SNOW ON THE GROUND
PEAKED AT 34 INCHES ON FEBRUARY 16 AND 17, THE GREATEST WINTER SNOW
DEPTH ON RECORD. JUST TWO DAYS LATER THE TEMPERATURE WARMED ALL THE
WAY TO 57 DEGREES ON THE 19TH, THE WARMEST FEBRUARY TEMPERATURE ON
RECORD. THIS SIGNALED A CHANGE BACK TO A WARMER WEATHER PATTERN
WHICH LASTED THROUGH THE END OF FEBRUARY. THERE WERE ANOTHER 3
STRAIGHT DAYS ABOVE 50 DEGREES FROM FEBRUARY 22 THROUGH 24.

THE AVERAGE TEMPERATURE FOR THE WINTER SEASON WAS 26.8 DEGREES WHICH
WAS 2.5 DEGREES ABOVE NORMAL THE WARMEST WINTER WAS IN 2001-02 WHEN
THE AVERAGE TEMPERATURE WAS 29.8 DEGREES. THE COLDEST WAS 19.8
DEGREES IN 2014-15.

A TOTAL OF 11.50 INCHES OF PRECIPITATION FELL WHICH WAS 0.60 INCHES
ABOVE NORMAL. THE HEAVIEST PRECIPITATION FELL ON DECEMBER 29 AND 30
WHEN 1.64 INCHES OF LIQUID EQUIVALENT PRECIPITATION WAS OBSERVED.
THE WETTEST WINTER ON RECORD WAS IN 2007-08 WHEN 15.31 INCHES WAS
MEASURED. THE DRIEST WAS ONLY 7.17 INCHES IN 2006-07.

THERE WAS 88.5 INCHES OF SNOWFALL THIS WINTER WHICH WAS 32.5 INCHES
ABOVE NORMAL AND THE SNOWIEST WINTER SINCE 2007-08. ABOUT HALF OF
THE WINTER SNOWFALL FELL DURING A PARTICULARLY SNOWY STRETCH IN MID
FEBRUARY. BUT THE HEAVIEST SNOWFALL WAS ON DECEMBER 29 AND 30 WHEN
16.6 INCHES OF SNOW FELL THAT EVENING INTO THE EARLY MORNING HOURS.
THE SNOWIEST WINTER WAS 2007-08 WHEN 111.3 INCHES WAS RECORDED. THE
LEAST SNOWY WAS 1997-98 WITH 26.5 INCHES.

$$

KIMBLE
