350
CXUS53 KEAX 020746
CLSIRK

CLIMATE REPORT
NATIONAL WEATHER SERVICE KANSAS CITY/PLEASANT HILL MO
143 AM CST FRI DEC 2 2016

...................................

...THE KIRKSVILLE CLIMATE SUMMARY FOR THE SEASON, FROM
9/1/2016 TO 11/30/2016...

CLIMATE NORMAL PERIOD 1981 TO 2010
CLIMATE RECORD PERIOD 9999 TO 9999

WEATHER         OBSERVED          NORMAL  DEPART  LAST YEAR`S
                 VALUE   DATE(S)  VALUE   FROM    VALUE  DATE(S)
                                          NORMAL
................................................................
TEMPERATURE (F)
HIGHEST            91   09/06        89       2       93  09/06
                                                          09/04
                                                          09/05
LOWEST             20   11/20        14       6       16  11/22
AVG. MAXIMUM     70.0              63.3     6.7     68.8
AVG. MINIMUM     48.9              42.1     6.8     46.3
MEAN             59.5              52.7     6.8     57.5
DAYS MAX >= 90      1               1.7    -0.7        6
DAYS MAX <= 32      0               1.9    -1.9        0
DAYS MIN <= 32      9              21.1   -12.1       15
DAYS MIN <= 0       0               0.0     0.0        0

PRECIPITATION (INCHES)
TOTALS           6.58             10.15   -3.57     8.53
DAILY AVG.       0.07              0.11   -0.04     0.09
DAYS >= .01        21              27.6    -6.6       25
DAYS >= .10        12              14.4    -2.4       14
DAYS >= .50         5               6.0    -1.0        6
DAYS >= 1.00        2               2.6    -0.6        4
GREATEST
 24 HR. TOTAL    1.36   MM

DEGREE_DAYS
HEATING TOTAL     716              1214    -498      869
COOLING TOTAL     235                95     140      225
.................................................................

WIND (MPH)
AVERAGE WIND SPEED              8.0
HIGHEST WIND SPEED/DIRECTION    30/210    DATE  10/17
HIGHEST GUST SPEED/DIRECTION    42/280    DATE  11/18

SKY COVER
POSSIBLE SUNSHINE (PERCENT)   MM
AVERAGE SKY COVER           0.30
NUMBER OF DAYS FAIR           56
NUMBER OF DAYS PC             24
NUMBER OF DAYS CLOUDY         11

AVERAGE RH (PERCENT)     72

WEATHER CONDITIONS. NUMBER OF DAYS WITH
THUNDERSTORM             13     MIXED PRECIP               0
HEAVY RAIN                7     RAIN                       8
LIGHT RAIN               20     FREEZING RAIN              0
LT FREEZING RAIN          0     HAIL                       0
HEAVY SNOW                0     SNOW                       0
LIGHT SNOW                1     SLEET                      0
FOG                      39     FOG W/VIS <= 1/4 MILE      3
HAZE                     10

-  INDICATES NEGATIVE NUMBERS.
R  INDICATES RECORD WAS SET OR TIED.
MM INDICATES DATA IS MISSING.
T  INDICATES TRACE AMOUNT.

$$
