000
CXUS51 KOKX 011246 RRB
CLSLGA

CLIMATE REPORT
NATIONAL WEATHER SERVICE NEW YORK NY
843 AM EDT TUE SEP 1 2015

...................................

...THE LAGUARDIA NY CLIMATE SUMMARY FOR THE SEASON, FROM
6/1/2015 TO 8/31/2015...

CLIMATE NORMAL PERIOD 1981 TO 2010
CLIMATE RECORD PERIOD 1945 TO 2015

WEATHER         OBSERVED          NORMAL  DEPART  LAST YEAR`S
                 VALUE   DATE(S)  VALUE   FROM    VALUE
                                          NORMAL
.............................................................
TEMPERATURE (F)
RECORD
 HIGH             107   07/03/1966
 LOW               46   06/11/1972
                        06/01/1945
HIGHEST            95   07/29        MM      MM
                        07/20
LOWEST             50   06/02        MM      MM
AVG. MAXIMUM     83.6              83.2     0.4
AVG. MINIMUM     69.6              67.4     2.2
MEAN             76.6              75.3     1.3
DAYS MAX >= 90     17              15.3     1.7
DAYS MAX <= 32      0               0.0     0.0
DAYS MIN <= 32      0               0.0     0.0
DAYS MIN <= 0       0               0.0     0.0

PRECIPITATION (INCHES)
RECORD
 MAXIMUM        24.11   2011
 MINIMUM         4.30   1966
TOTALS          10.22             12.56   -2.34    11.18
DAILY AVG.       0.11              0.14   -0.03
DAYS >= .01        24              29.1    -5.1
DAYS >= .10        17              19.2    -2.2
DAYS >= .50         8               8.4    -0.4
DAYS >= 1.00        3               3.4    -0.4
GREATEST
 24 HR. TOTAL    1.95   MM
 STORM TOTAL       MM
 (MM/DD(HH))            MM

SNOWFALL (INCHES)
RECORDS
 TOTAL              T   2011
                        2009
                        2008
 24 HR TOTAL       MM
TOTALS            0.0               0.0     0.0
 LIQUID EQUIV    0.00              0.00    0.00
SINCE 7/1         0.0               0.0     0.0
 LIQUID 7/1      0.00
DAYS >= TRACE       0               0.0     0.0
DAYS >= 1.0         0               0.0     0.0
GREATEST
 SNOW DEPTH         0   MM
 24 HR TOTAL      0.0   MM
 STORM TOTAL       MM
 (MM/DD(HH))            MM

DEGREE_DAYS
HEATING TOTAL      34                17      17
 SINCE 7/1          0                 1      -1
COOLING TOTAL    1124               966     158
 SINCE 1/1       1246              1033     213
..............................................................

WIND (MPH)
AVERAGE WIND SPEED              9.0
HIGHEST WIND SPEED/DIRECTION    35/230    DATE  06/23
HIGHEST GUST SPEED/DIRECTION    49/240    DATE  06/23

SKY COVER
POSSIBLE SUNSHINE (PERCENT)   MM
AVERAGE SKY COVER           0.60
NUMBER OF DAYS FAIR            9
NUMBER OF DAYS PC             55
NUMBER OF DAYS CLOUDY         28

AVERAGE RH (PERCENT)     58

WEATHER CONDITIONS. NUMBER OF DAYS WITH
THUNDERSTORM              0     MIXED PRECIP               0
HEAVY RAIN               12     RAIN                      14
LIGHT RAIN               36     FREEZING RAIN              0
LT FREEZING RAIN          0     HAIL                       0
HEAVY SNOW                0     SNOW                       0
LIGHT SNOW                0     SLEET                      0
FOG                      15     FOG W/VIS <= 1/4 MILE      4
HAZE                      8

-  INDICATES NEGATIVE NUMBERS.
R  INDICATES RECORD WAS SET OR TIED.
MM INDICATES DATA IS MISSING.
T  INDICATES TRACE AMOUNT.

$$
