000
CXUS54 KLZK 041826 CCA
CLSLIT

CLIMATE REPORT...CORRECTED
NATIONAL WEATHER SERVICE LITTLE ROCK AR
929 AM CDT MON SEP 4 2017

...................................

...THE LITTLE ROCK ADAMS FIELD CLIMATE SUMMARY FOR THE SEASON, FROM
6/1/2017 TO 8/31/2017...

CLIMATE NORMAL PERIOD 1981 TO 2010
CLIMATE RECORD PERIOD 1874 TO 2017

WEATHER         OBSERVED          NORMAL  DEPART  LAST YEAR`S
                 VALUE   DATE(S)  VALUE   FROM    VALUE  DATE(S)
                                          NORMAL
................................................................
TEMPERATURE (F)
RECORD
 HIGH             114   08/03/2011
 LOW               46   06/03/1969
HIGHEST            96   07/23        MM      MM      105  07/22
                        07/21
                        07/22
LOWEST             57   06/09        MM      MM       65  06/06
AVG. MAXIMUM     87.8              91.3    -3.5     92.9
AVG. MINIMUM     69.9              71.7    -1.8     75.2
MEAN             78.9              81.5    -2.6     84.1
DAYS MAX >= 90     33              57.2   -24.2       71
DAYS MAX <= 32      0               0.0     0.0        0
DAYS MIN <= 32      0               0.0     0.0        0
DAYS MIN <= 0       0               0.0     0.0        0

PRECIPITATION (INCHES)
TOTALS          11.47              9.51    1.96    16.76
DAILY AVG.       0.12              0.10    0.02     0.18
DAYS >= .01        33              23.3     9.7       32
DAYS >= .10        23              15.4     7.6       26
DAYS >= .50        12               6.7     5.3        9
DAYS >= 1.00        1               2.5    -1.5        3
GREATEST
 24 HR. TOTAL    1.13   07/23 TO 07/23

SNOWFALL (INCHES)
TOTALS            0.0               0.0     0.0      0.0
 LIQUID EQUIV    0.00              0.00    0.00     0.00
SINCE 7/1         0.0               0.0     0.0      0.0
 LIQUID 7/1      0.00              0.00    0.00     0.00
SNOWDEPTH AVG.      0                 0       0        0
DAYS >= TRACE       0               0.0     0.0        0
DAYS >= 1.0         0               0.0     0.0        0
GREATEST
 SNOW DEPTH         0   MM                             0  MM
 24 HR TOTAL      0.0

DEGREE_DAYS
HEATING TOTAL       0                 0       0        0
 SINCE 7/1          0                 0       0        0
COOLING TOTAL    1302              1520    -218     1779
 SINCE 1/1       1568              1801    -233     2053

FREEZE DATES
RECORD
 EARLIEST     10/20/1989
 LATEST       04/19/1983
EARLIEST                        11/13
LATEST                          03/19
......................................................

WIND (MPH)
AVERAGE WIND SPEED              6.2
HIGHEST WIND SPEED/DIRECTION    37/320    DATE  07/08
HIGHEST GUST SPEED/DIRECTION    47/310    DATE  06/30

SKY COVER
POSSIBLE SUNSHINE (PERCENT)   MM
AVERAGE SKY COVER           0.60
NUMBER OF DAYS FAIR           21
NUMBER OF DAYS PC             46
NUMBER OF DAYS CLOUDY         25


WEATHER CONDITIONS. NUMBER OF DAYS WITH
THUNDERSTORM              0     MIXED PRECIP               0
HEAVY RAIN               12     RAIN                      21
LIGHT RAIN               40     FREEZING RAIN              0
LT FREEZING RAIN          0     HAIL                       0
HEAVY SNOW                0     SNOW                       0
LIGHT SNOW                0     SLEET                      0
FOG                      41     FOG W/VIS <= 1/4 MILE      1
HAZE                      5

-  INDICATES NEGATIVE NUMBERS.
R  INDICATES RECORD WAS SET OR TIED.
MM INDICATES DATA IS MISSING.
T  INDICATES TRACE AMOUNT.

&&

...DATA FOR LITTLE ROCK ADAMS FIELD FOR THE SUMMER OF 2017...

.SUMMARY...
FOR THE FIRST SUMMER IN THREE YEARS, TEMPERATURES WERE BELOW
AVERAGE. THIS WAS THE COOLEST SUMMER IN 13 YEARS. RAINFALL WAS ABOVE
THE 30-YEAR AVERAGE, BUT THE 11.34 INCHES OF RAIN THAT FELL WAS THE
LEAST IN TWO YEARS.

.SEASONAL TEMPERATURES...
THE AVERAGE HIGH, LOW AND SEASONAL TEMPERATURES WERE THE COOLEST
SINCE 2004. THERE WERE 33 DAYS WITH TEMPERATURES AT OR ABOVE 90
DEGREES, WHICH WAS THE FEWEST IN A SUMMER SEASON SINCE 2004. FOR THE
FIRST TIME SINCE 2014, THERE WERE NO 100-DEGREE DAYS.

.SEASONAL RAINFALL...
EVEN THOUGH RAINFALL WAS ABOVE THE 30-YEAR AVERAGE, BUT IT WAS STILL
THE DRIEST SUMMER SINCE 2015. THERE WERE 33 DAYS WITH MEASURABLE
RAINFALL (RAINFALL AT OR ABOVE 0.01 INCHES). THIS WAS THE MOST DAYS
WITH MEASURABLE RAINFALL IN A SUMMER SEASON SINCE 1992.

$$

57
