000
CXUS54 KLZK 041610
CLSLIT


CLIMATE REPORT
NATIONAL WEATHER SERVICE LITTLE ROCK AR
1056 AM CDT TUE JUL 4 2017

...................................

...THE LITTLE ROCK ADAMS FIELD CLIMATE SUMMARY FOR THE SEASON, FROM
7/1/2016 TO 6/30/2017...

CLIMATE NORMAL PERIOD 1981 TO 2010
CLIMATE RECORD PERIOD 1874 TO 2017

WEATHER         OBSERVED          NORMAL  DEPART  LAST YEAR`S
                 VALUE   DATE(S)  VALUE   FROM    VALUE  DATE(S)
                                          NORMAL
................................................................

SNOWFALL (INCHES)
RECORDS
 TOTAL           26.8   07/01/1917-06/30/1918
 24 HR TOTAL     13.0   01/17/1893-01/18/1893
 SNOW DEPTH        15   01/21/1918
TOTALS            0.2               3.5    -3.3       MM
 LIQUID EQUIV    0.02                MM      MM       MM
SINCE 7/1         0.2               3.5    -3.3       MM
 LIQUID 7/1      0.02                MM      MM       MM
SNOWDEPTH AVG.      0                MM      MM       MM
DAYS >= TRACE       2               1.7     0.3       MM
DAYS >= 1.0         0               0.9    -0.9       MM
GREATEST
 SNOW DEPTH         T   01/06                         MM  MM
 24 HR TOTAL      0.2   01/06 TO 01/06                MM

-  INDICATES NEGATIVE NUMBERS.
R  INDICATES RECORD WAS SET OR TIED.
MM INDICATES DATA IS MISSING.
T  INDICATES TRACE AMOUNT.

&&

...Additional Data for Little Rock for the snowfall season of July
1, 2016 to June 30, 2017...

The snowfall of 0.2 inches was the least in a season since 2008-
2009.

$$

57
